{"id":661,"date":"2018-12-01T17:59:17","date_gmt":"2018-12-01T15:59:17","guid":{"rendered":"http:\/\/vapaa-ajattelijat.fi\/turku\/?page_id=661"},"modified":"2023-05-04T17:47:28","modified_gmt":"2023-05-04T14:47:28","slug":"adressit-myynnissa","status":"publish","type":"page","link":"https:\/\/vapaa-ajattelijat.fi\/turku\/juhlaan\/adressit-myynnissa\/","title":{"rendered":"Adressit myynniss\u00e4"},"content":{"rendered":"\t\t<div data-elementor-type=\"wp-page\" data-elementor-id=\"661\" class=\"elementor elementor-661\">\n\t\t\t\t\t\t<section class=\"elementor-section elementor-top-section elementor-element elementor-element-1622b0f9 elementor-section-boxed elementor-section-height-default elementor-section-height-default\" data-id=\"1622b0f9\" data-element_type=\"section\" data-e-type=\"section\">\n\t\t\t\t\t\t<div class=\"elementor-container elementor-column-gap-default\">\n\t\t\t\t\t<div class=\"elementor-column elementor-col-100 elementor-top-column elementor-element elementor-element-e83bf89\" data-id=\"e83bf89\" data-element_type=\"column\" data-e-type=\"column\">\n\t\t\t<div class=\"elementor-widget-wrap elementor-element-populated\">\n\t\t\t\t\t\t<div class=\"elementor-element elementor-element-5fd92cea elementor-widget elementor-widget-text-editor\" data-id=\"5fd92cea\" data-element_type=\"widget\" data-e-type=\"widget\" data-widget_type=\"text-editor.default\">\n\t\t\t\t<div class=\"elementor-widget-container\">\n\t\t\t\t\t\t\t\t\t<h2>\u00a0<\/h2><h2>Uskonnottomat suruadressit myynniss\u00e4<\/h2><p>Turun vapaa-ajattelijat myy Vapaa-ajattelijain liiton kustantamia adresseja. Suruadressi on kooltaan 30 x 21 cm ja siin\u00e4 on ajaton kynttil\u00e4- ja kukka-aihe graafisin somistein. Kannessa on Vapaa-ajattelijain liiton tunnus sek\u00e4 teksti \u201dOsanotto suruun\u201d. Sis\u00e4aukeamalla on valkeassa kent\u00e4ss\u00e4 teksti \u201dmuistoa kunnioittaen ja suruun osaa ottaen\u201d sek\u00e4 tilaa vainajan nimelle ja muistosanoille.<a href=\"https:\/\/vapaa-ajattelijat.fi\/turku\/wp-content\/uploads\/sites\/23\/2016\/04\/addressi-e1460234920470.jpg\"><img fetchpriority=\"high\" decoding=\"async\" class=\"size-medium wp-image-47 alignleft\" src=\"https:\/\/vapaa-ajattelijat.fi\/turku\/wp-content\/uploads\/sites\/23\/2016\/04\/addressi-e1460234920470-300x176.jpg\" alt=\"\" width=\"300\" height=\"176\" srcset=\"https:\/\/vapaa-ajattelijat.fi\/turku\/wp-content\/uploads\/sites\/23\/2016\/04\/addressi-e1460234920470-300x176.jpg 300w, https:\/\/vapaa-ajattelijat.fi\/turku\/wp-content\/uploads\/sites\/23\/2016\/04\/addressi-e1460234920470-768x449.jpg 768w, https:\/\/vapaa-ajattelijat.fi\/turku\/wp-content\/uploads\/sites\/23\/2016\/04\/addressi-e1460234920470.jpg 1000w\" sizes=\"(max-width: 300px) 100vw, 300px\" \/><\/a>TILAAMINEN:<br \/>puhelinnumerosta 044 0505721, mielell\u00e4\u00e4n tekstiviestill\u00e4: suruadressi, nimesi, osoitteesi<br \/>Maksa (mielell\u00e4\u00e4n samana p\u00e4iv\u00e4n\u00e4) 15 euroa yhdistyksemme tilille FI76 5542 4040 0263 75 ja kirjoittamalla viestikentt\u00e4\u00e4n nimesi ja osoitteesi. L\u00e4het\u00e4mme adressin maksun saatuamme.<\/p><p>\u00a0<\/p><h2 class=\"field-item even\">Nyt myynniss\u00e4 my\u00f6s onnitteluadressi<\/h2><div class=\"field-item even\"><p>Vapaa-ajattelijain onnitteluadressi on kooltaan ja muodoltaan samanlainen kuin suruadressi. Se on pahvia ja siin\u00e4 on nelj\u00e4 sivua. V\u00e4lilehti\u00e4 ei ole. Retrohenkiseen tapettimaiseen kuvioon on yhdistetty medaljonkialueet. Kannen medaljongissa on teksti Onnea! ja sis\u00e4aukeamalla Onnitellen, jossa on my\u00f6s tilaa omalle tekstille. V\u00e4rein\u00e4 on pehmeit\u00e4 harmaita s\u00e4vyj\u00e4 lukuunottamatta kannessa olevaa vapaa-ajattelijoiden liekkitunnusta, jossa on valkeat liekit oranssilla pohjalla. Adressin takakansi on tummanharmaa.<a href=\"https:\/\/vapaa-ajattelijat.fi\/turku\/wp-content\/uploads\/sites\/23\/2016\/04\/Picture-205.jpg\"><img decoding=\"async\" class=\"wp-image-201 size-medium alignleft\" src=\"https:\/\/vapaa-ajattelijat.fi\/turku\/wp-content\/uploads\/sites\/23\/2016\/04\/Picture-205-225x300.jpg\" alt=\"\" width=\"225\" height=\"300\" srcset=\"https:\/\/vapaa-ajattelijat.fi\/turku\/wp-content\/uploads\/sites\/23\/2016\/04\/Picture-205-225x300.jpg 225w, https:\/\/vapaa-ajattelijat.fi\/turku\/wp-content\/uploads\/sites\/23\/2016\/04\/Picture-205-768x1024.jpg 768w\" sizes=\"(max-width: 225px) 100vw, 225px\" \/><\/a><\/p><p>N\u00e4in tilaat onnitteluadressin: soita tai mieluummin l\u00e4het\u00e4 tekstiviesti puhelinnumeroon 044 0505721, ja kirjoita viestiksi onnitteluadressi, nimesi ja osoitteesi.<br \/>Maksa (mielell\u00e4\u00e4n samana p\u00e4iv\u00e4n\u00e4) 15 euroa yhdistyksemme tilille FI76 5542 4040 0263 75 ja kirjoittamalla viestikentt\u00e4\u00e4n nimesi ja osoitteesi. L\u00e4het\u00e4mme adressin maksun saatuamme.<\/p><\/div><div class=\"field-item even\"><p>Huomioi ett\u00e4 pankin ja postin toiminta vie useamman p\u00e4iv\u00e4n. Jos on kiire, ota yhteytt\u00e4 puhelimitse, pyrimme Turun alueella toimittamaan adressin nopeammin.<\/p><p>Molempia adresseja voi ostaa my\u00f6s tilaisuuksistamme. Hinta on t\u00e4ll\u00f6in ilman postikuluja 13 euroa.<\/p><\/div>\t\t\t\t\t\t\t\t<\/div>\n\t\t\t\t<\/div>\n\t\t\t\t\t<\/div>\n\t\t<\/div>\n\t\t\t\t\t<\/div>\n\t\t<\/section>\n\t\t\t\t<\/div>\n\t\t","protected":false},"excerpt":{"rendered":"<p>\u00a0 Uskonnottomat suruadressit myynniss\u00e4 Turun vapaa-ajattelijat myy Vapaa-ajattelijain liiton kustantamia adresseja. Suruadressi on kooltaan 30 x 21 cm ja siin\u00e4 on ajaton kynttil\u00e4- ja kukka-aihe graafisin somistein. Kannessa on Vapaa-ajattelijain &#8230; <a title=\"Adressit myynniss\u00e4\" class=\"read-more\" href=\"https:\/\/vapaa-ajattelijat.fi\/turku\/juhlaan\/adressit-myynnissa\/\" aria-label=\"Lue lis\u00e4\u00e4 aiheesta Adressit myynniss\u00e4\">Lue lis\u00e4\u00e4<\/a><\/p>\n","protected":false},"author":30,"featured_media":0,"parent":222,"menu_order":4,"comment_status":"closed","ping_status":"closed","template":"","meta":{"footnotes":"","_links_to":"","_links_to_target":""},"class_list":["post-661","page","type-page","status-publish"],"_links":{"self":[{"href":"https:\/\/vapaa-ajattelijat.fi\/turku\/wp-json\/wp\/v2\/pages\/661","targetHints":{"allow":["GET"]}}],"collection":[{"href":"https:\/\/vapaa-ajattelijat.fi\/turku\/wp-json\/wp\/v2\/pages"}],"about":[{"href":"https:\/\/vapaa-ajattelijat.fi\/turku\/wp-json\/wp\/v2\/types\/page"}],"author":[{"embeddable":true,"href":"https:\/\/vapaa-ajattelijat.fi\/turku\/wp-json\/wp\/v2\/users\/30"}],"replies":[{"embeddable":true,"href":"https:\/\/vapaa-ajattelijat.fi\/turku\/wp-json\/wp\/v2\/comments?post=661"}],"version-history":[{"count":11,"href":"https:\/\/vapaa-ajattelijat.fi\/turku\/wp-json\/wp\/v2\/pages\/661\/revisions"}],"predecessor-version":[{"id":2867,"href":"https:\/\/vapaa-ajattelijat.fi\/turku\/wp-json\/wp\/v2\/pages\/661\/revisions\/2867"}],"up":[{"embeddable":true,"href":"https:\/\/vapaa-ajattelijat.fi\/turku\/wp-json\/wp\/v2\/pages\/222"}],"wp:attachment":[{"href":"https:\/\/vapaa-ajattelijat.fi\/turku\/wp-json\/wp\/v2\/media?parent=661"}],"curies":[{"name":"wp","href":"https:\/\/api.w.org\/{rel}","templated":true}]}}