{"id":25,"date":"2016-04-09T23:05:25","date_gmt":"2016-04-09T20:05:25","guid":{"rendered":"http:\/\/vapaa-ajattelijat.fi\/turku\/?page_id=25"},"modified":"2026-03-14T12:53:05","modified_gmt":"2026-03-14T10:53:05","slug":"etusivu","status":"publish","type":"page","link":"https:\/\/vapaa-ajattelijat.fi\/turku\/","title":{"rendered":"Turun vapaa-ajattelijat ry"},"content":{"rendered":"<p>Turun vapaa-ajattelijat ry on valtakunnallisen uskonnottomien oikeusj\u00e4rjest\u00f6n, Vapaa-ajattelijain liiton, paikallisj\u00e4rjest\u00f6. Toimimme ajatuksen vapauden puolesta ja valvomme uskonnottomien ihmisten oikeuksia\u00a0yhteisty\u00f6ss\u00e4\u00a0Humanistiliiton ja muiden\u00a0sopivien tahojen kanssa. Vastustamme uskontojen k\u00e4ytt\u00e4mist\u00e4 vallan v\u00e4lineen\u00e4, uskontojen harjoittajien erioikeuksia ja perustuslaillista uskonnonvapautta loukkaavaa valtiokirkkoj\u00e4rjestelm\u00e4\u00e4.<\/p>\n<p>Vapaa-ajattelijain liitto:\u00a0<a style=\"font-family: var( --e-global-typography-text-font-family ), Sans-serif;font-weight: var( --e-global-typography-text-font-weight )\" href=\"http:\/\/vapaa-ajattelijat.fi\/\">http:\/\/vapaa-ajattelijat.fi\/<\/a><\/p>\n<p><a href=\"https:\/\/vapaa-ajattelijat.fi\/turku\/wp-content\/uploads\/sites\/23\/2024\/01\/WebsiteEnglish.pdf\" target=\"_blank\" rel=\"noopener\">Turku Freethinkers<\/a><a href=\"https:\/\/vapaa-ajattelijat.fi\/turku\/wp-content\/uploads\/sites\/23\/2024\/01\/WebsiteEnglish.pdf\" target=\"_blank\" rel=\"noopener\">\u00a0 <\/a><a href=\"https:\/\/vapaa-ajattelijat.fi\/turku\/wp-content\/uploads\/sites\/23\/2024\/01\/en-es1.pdf\" target=\"_blank\" rel=\"noopener\">Libres Pensadores de Turku <\/a>\u00a0<a href=\"https:\/\/vapaa-ajattelijat.fi\/turku\/wp-content\/uploads\/sites\/23\/2025\/01\/VerkkosivutVenaja_edited.pdf\" target=\"_blank\" rel=\"noopener\">\u0421\u0432\u043e\u0431\u043e\u0434\u043e\u043c\u044b\u0441\u043b\u044f\u0449\u0438\u0435 \u0422\u0443\u0440\u043a\u0443<\/a><\/p>\n<h2>Ajankohtaista:<\/h2>\n<h2>El\u00e4m\u00e4nkatsomustieto 40 vuotta\u00a0<b><br \/>\n<\/b><\/h2>\n<p><img decoding=\"async\" src=\"https:\/\/vapaa-ajattelijat.fi\/turku\/wp-content\/uploads\/sites\/23\/2025\/10\/ET40-some.png\" \/><\/p>\n<p>El\u00e4m\u00e4nkatsomustieto-oppiaine kehitettiin 40 vuotta sitten uskonnottomien oppilaiden katsomusaineeksi aiemman uskontojen historian ja siveysopin tilalle. Kouluissa aineesta k\u00e4ytetty lyhenne ET on sittemmin tullut tutuksi niin uskontokuntiin kuulumattomille kuin pienuskontoihin kuuluville oppilaille. El\u00e4m\u00e4nkatsomustietoa opetetaan peruskouluissa ja lukioissa.<\/p>\n<p>ET on kaikille sopiva oppiaine, joka \u201dtukee oppilaan el\u00e4m\u00e4nkatsomuksen ja identiteetin muodostumista ja hyv\u00e4n el\u00e4m\u00e4n tavoittelua\u201d (ops 2014) Silti ET:n esittely on ollut kouluissa niukkaa. Joskus k\u00e4y niin, etteiv\u00e4t ekaluokkalaisen vanhemmat edes tied\u00e4 ET:n valinnan mahdollisuudesta.<\/p>\n<p>Nyt on mahdollisuus saada tietoa ET:st\u00e4 helposti: El\u00e4m\u00e4nkatsomustiedon opettajat esittelev\u00e4t ET:n vaiheita ja kertovat oppiaineen erityispiirteist\u00e4 sek\u00e4 sis\u00e4ll\u00f6st\u00e4 oppikirjojen avulla eri vuosiluokilla. Tilaisuudessa on varattu aikaa my\u00f6s kysymyksille ja kommenteille.<\/p>\n<p>Yhdistys kannustaa ET:n opiskeluun my\u00f6nt\u00e4m\u00e4ll\u00e4 perusopetuksen ja lukion ET-oppilaille vuosittain 3-4 stipendi\u00e4. Stipendin saajan valitsee koulun ET-opettaja.<\/p>\n<p>Tervetuloa!<\/p>\n<p>Kannanotto<\/p>\n<h2>Turun vapaa-ajattelijoiden kannanotto katsomusaineiden yhteisopetukseen Turussa 15.8.2025<b><br \/>\n<\/b><\/h2>\n<p>Turun kaupungin katsomusaineiden yhteisopetus rikkoo voimassa olevaa lains\u00e4\u00e4d\u00e4nt\u00f6\u00e4 ja vaarantaa opetuksen yhdenvertaisuuden ja laadun.<\/p>\n<p><a href=\"https:\/\/vapaa-ajattelijat.fi\/turku\/wp-content\/uploads\/sites\/23\/2025\/08\/Katsomusainekokeilu-kannanotto-2025-1.pdf\">Kannanotto <\/a><\/p>\n<p><!-- [if gte mso 9]&gt;--><\/p>\n<p>Lukupiiri<\/p>\n<h2>Turun vapaa-ajattelijoiden lukupiirin ohjelma syksy 2025 ja kev\u00e4t 2026<\/h2>\n<p><!-- [if gte mso 9]&gt;--><\/p>\n<p><b>Kirja k\u00e4teen, silm\u00e4t liikkumaan ja ajatus vapaaksi.<br \/>\n<\/b><\/p>\n<p>Vapaa-ajattelijoiden oma lukupiiri keskustelee useasta mielenkiintoisesta teoksesta. Tapaamiset ovat et\u00e4n\u00e4 Zoomin v\u00e4lityksell\u00e4 tai kasvokkain kahvilassa tai baarissa. Vet\u00e4j\u00e4n\u00e4 toimii edelleen kehitysvastaava Eero Suorsa. Voit ilmoittautua jokaiselle kerralle erikseen s\u00e4hk\u00f6postiin <a style=\"color: #000080;text-decoration: underline\" href=\"mailto:suorsae@gmail.com\">suorsae@gmail.com<\/a><\/p>\n<p style=\"line-height: 100%;margin-bottom: 0in;background: transparent\">Tervetuloa!<\/p>\n<p><strong>To 18.9. <\/strong>klo 18 et\u00e4tapaaminen Flannery O&#8217;Connor: Palava keh\u00e4<\/p>\n<p><strong>Ma 27.10.<\/strong> klo 18 et\u00e4tapaaminen Timo Airaksinen: Millaista oli? Filosofin oppivuodet<\/p>\n<p><strong>Ma 24.11.<\/strong> klo 18 Viljo Suutari: Attasea<\/p>\n<p><strong>To 11.12.<\/strong> klo 18 Serafim Sepp\u00e4l\u00e4: Armenian kansanmurhan perint\u00f6<\/p>\n<p><strong>To 15.1.<\/strong> klo 18 et\u00e4tapaaminen Dostojevski: Pelurit<\/p>\n<p><strong>To 19.2.<\/strong> klo 18 Suvi West: Syntien Kummun naiset<\/p>\n<p><strong>To 26.3.<\/strong> klo 18 Markku Sadelehto (toim.) Outoja tarinoita 2<\/p>\n<p><strong>To 16.4.<\/strong> klo 18 M\u00e4kipelto, Pakkala &amp; Hakola: Jumalan synty<\/p>\n<p>ET-stipendit<\/p>\n<h2>Kev\u00e4\u00e4n 2025 el\u00e4m\u00e4nkatsomustiedon stipendit 31.5.2025<\/h2>\n<p>Turun vapaa-ajattelijat on vuodesta 2017 jakanut s\u00e4\u00e4nn\u00f6llisesti stipendej\u00e4 yl\u00e4koulun p\u00e4\u00e4tt\u00e4ville ja lukiosta valmistuville oppilaille Turussa ja Turun l\u00e4hikunnissa.<\/p>\n<p>Erinomaisesta menestyksest\u00e4 el\u00e4m\u00e4nkatsomustiedon opiskelussa 70 euron stipendin sai\u00a0Loimaan Hirvikosken yhten\u00e4iskoulun 9. luokan oppilas sek\u00e4 Salon Moision koulun 9. luokan oppilas.<\/p>\n<p>Lukiosta valmistuvan 100 euron stipendin on ansainnut Turun Normaalikoulun oppilas.<\/p>\n<p>L\u00e4mpim\u00e4t onnittelut!<\/p>\n<p><img fetchpriority=\"high\" decoding=\"async\" src=\"https:\/\/vapaa-ajattelijat.fi\/turku\/wp-content\/uploads\/sites\/23\/2023\/06\/IMG_2727-2.jpg\" alt=\"\" width=\"300\" height=\"290\" \/><br \/>\nVaalikone<\/p>\n<h2>Uskonnonvapaus.fi -sivuston vaalikoneesta varmuutta ehdokkaan valintaan<\/h2>\n<p><!-- [if gte mso 9]&gt;--><\/p>\n<p>Uskonnonvapaus.fi -sivuston vaalikoneeseen on vastannut 2000 kuntavaaliehdokasta. Vaalikonevastaukset ovat n\u00e4kyviss\u00e4 ainakin vuoden loppuun asti.<\/p>\n<p>K\u00e4y katsomassa mit\u00e4 he ovat vastanneet seuraaviin kysymyksiin:<\/p>\n<p><strong>1.<\/strong> Tuleeko kuntasi peruskoulusta vied\u00e4 lapset koulup\u00e4iv\u00e4n aikana vuosittain jumalanpalvelukseen, esimerkiksi lukukauden aluksi ja lopuksi?<\/p>\n<p><strong>2.<\/strong> Jos SETA ry vierailee peruskoulun oppitunnilla, tuleeko oppilaan saada vapautus uskonnollisista syist\u00e4?<\/p>\n<p><strong>3.<\/strong> Miten kouluruokailussa tulee huomioida uskonnolliset ruokavaliot?<\/p>\n<p><strong>4.<\/strong> Jos pienten koululaisten aamu- ja iltap\u00e4iv\u00e4toiminta ostetaan palveluna, miten huomioidaan toimijan tausta?<\/p>\n<p><strong>5.<\/strong> Tuleeko kuntasi omistamalla maalla olla vainajan tuhkan sirottelupaikka?<\/p>\n<p><strong>6.<\/strong> Tulisiko kunnan j\u00e4rjest\u00e4\u00e4 tunnustukseton tai monik\u00e4ytt\u00f6inen seremoniatila uskonnottomien ja ei-kristillisten uskontojen hautajaisille?<\/p>\n<p><strong>7.<\/strong> Tuleeko kunnassasi opettaa osittain yhdess\u00e4 eri uskontoja ja el\u00e4m\u00e4nkatsomustietoa?<\/p>\n<p><strong>8.<\/strong> Kunnan toimialaan liittym\u00e4tt\u00e4: Tulisiko el\u00e4m\u00e4nkatsomustiedon opiskelu sallia my\u00f6s evankelis-luterilaiseen kirkkoon kuuluville?<\/p>\n<p><a href=\"https:\/\/uskonnonvapaus.fi\/vaalit\/kunta25\/\">https:\/\/uskonnonvapaus.fi\/vaalit\/kunta25\/<\/a><\/p>\n<p>Kuntalaisaloite<\/p>\n<h2>Kuntalaisaloite uskonnollisen ja katsomuksellisen sitouttamattomuuden toteuttamisesta<b> <\/b><b><br \/>\n<\/b><\/h2>\n<p>Turun vapaa-ajattelijat on tehnyt Turun kaupungille kuntalaisaloitteen uskonnollisen ja katsomuksellisen sitouttamattomuuden toteuttamisesta perusopetuksessa ja varhaiskasvatuksessa Opetushallituksen ohjetta noudattaen. Opetushallituksen ohjeessa todetaan:\u00a0<em>\u201dOpetuksen j\u00e4rjest\u00e4j\u00e4 voi p\u00e4\u00e4ty\u00e4 my\u00f6s siihen, ettei koulun ty\u00f6suunnitelmassa m\u00e4\u00e4riteltyn\u00e4 ty\u00f6aikana j\u00e4rjestet\u00e4 uskonnollisia tilaisuuksia tai toimituksia.\u201d<\/em><\/p>\n<p>Perusteluina todetaan muun muassa, ett\u00e4 uskonnollisten tilaisuuksien ja toimitusten j\u00e4rjest\u00e4minen on ristiriidassa perusopetuksen opetussuunnitelman ja varhaiskasvatuksen perusteiden kanssa. N\u00e4iss\u00e4 asiakirjoissa todetaan, ett\u00e4 opetuksen ja kasvatuksen tulee olla uskonnollisesti ja katsomuksellisesti sitouttamatonta ja ett\u00e4 opetuksen tulee pohjautua tieteelliseen tietoon.<\/p>\n<p>Aloitteen toteuttamisen n\u00e4hd\u00e4\u00e4n tuovan muun muassa seuraavia etuja:<\/p>\n<ul>\n<li>Lasten jakaminen kahteen ryhm\u00e4\u00e4n koulup\u00e4iv\u00e4n aikana poistuu.<\/li>\n<li>Perheiden vakaumus ei paljastu vastoin heid\u00e4n tahtoaan.<\/li>\n<li>Yhdenvertainen kohtelu ei vaarannu tilaisuuksien j\u00e4rjest\u00e4misess\u00e4.<\/li>\n<li>Opettajien velvoite j\u00e4rjest\u00e4\u00e4 vaihtoehtoisia tilaisuuksia poistuu kuormittamasta opettajien jo valmiiksi t\u00e4ysi\u00e4 ty\u00f6p\u00e4ivi\u00e4.<\/li>\n<li>Uskonnollisista tilaisuuksista luopuminen mahdollistaa keskittymisen koulun perustoimintaan ja kaikille yhteisten tapahtumien j\u00e4rjest\u00e4miseen.<\/li>\n<\/ul>\n<p><a href=\"https:\/\/vapaa-ajattelijat.fi\/turku\/wp-content\/uploads\/sites\/23\/2025\/01\/Vastaus-kuntalaisaloitteeseen-Uskonnollisen-ja-katsomuksellisen-sitouttamattomuuden-toteuttaminen-perusopetuksessa.pdf\"><strong>Vastaus kuntalaisaloitteeseen Uskonnollisen ja katsomuksellisen sitouttamattomuuden toteuttaminen perusopetuksessa<\/strong><\/a><\/p>\n<p><a href=\"https:\/\/vapaa-ajattelijat.fi\/turku\/wp-content\/uploads\/sites\/23\/2025\/02\/kommentteja-kuntalaisaloitteen-vastaukseen.pdf\"><strong>Kommentteja kuntalaisaloitteen vastaukseen<\/strong><\/a><\/p>\n<p><!-- [if gte mso 9]&gt;--><\/p>\n<p>Hihhulista homoksi<\/p>\n<h2>Matti Helel\u00e4n kirja myynniss\u00e4<\/h2>\n<h2><a href=\"https:\/\/vapaa-ajattelijat.fi\/turku\/wp-content\/uploads\/sites\/23\/2025\/01\/Kirja.jpg\"><img decoding=\"async\" src=\"https:\/\/vapaa-ajattelijat.fi\/turku\/wp-content\/uploads\/sites\/23\/2025\/01\/Kirja-213x300.jpg\" alt=\"\" width=\"213\" height=\"300\" \/><\/a><\/h2>\n<p><a href=\"https:\/\/kirjakauppa.bod.fi\/golgatalta-gambriniin-matti-helelae-9789528044642\">https:\/\/kirjakauppa.bod.fi\/golgatalta-gambriniin-matti-helelae-9789528044642<\/a><\/p>\n<p><!-- [if gte mso 9]&gt;--><\/p>\n<p>Jori M\u00e4ntysalo<\/p>\n<h2>\u201dEi tartte olla uskovainen\u201d &#8211; mit\u00e4 negatiivinen uskonnonvapaus sinulle merkitsee?<\/h2>\n<p><!-- [if gte mso 9]&gt;--><\/p>\n<p>Vapaa-ajattelijain liiton puheenjohtaja Jori M\u00e4ntysalo saapuu alustamaan aiheesta torstaina 3.10. Cafe Artin isoon kabinettiin klo 17. Tule keskustelemaan aiheesta ja samalla tenttaamaan Joria liiton toiminnasta.<\/p>\n<p>Viihtyis\u00e4 Cafe Art sijaitsee Aurajoen rannassa osoitteessa L\u00e4ntinen Rantakatu 5. Paikka on tunnettu hyv\u00e4sta kahvistaan ja erinomaisista leivonnaisistaan.<\/p>\n<p>Tilaisuus on omakustanteinen ja avoin kaikille.<\/p>\n<p>Tervetuloa!<\/p>\n<p>Turun p\u00e4iv\u00e4<\/p>\n<h2>Turun p\u00e4iv\u00e4n\u00e4 2024 vanhalla suurtorilla<\/h2>\n<p><!-- [if gte mso 9]&gt;--><\/p>\n<p>Esittelemme toimintaamme Turun p\u00e4iv\u00e4n\u00e4 15.9. Vanhalla Suurtorilla klo 10-17. Telttamme sijaitsee melko l\u00e4hell\u00e4 esiintymislavaa Brinkkalan edustalla.Tervetuloa juttelemaan vaikkapa el\u00e4m\u00e4nkatsomustiedon opetuksesta, tarpeesta siirt\u00e4\u00e4 uskonnolliset tilaisuudet pois kouluajalta ja jakamaan kokemuksia uskonnottomien juhlatilaisuuksien ja muun tapakulttuurin toteutumisesta omassa el\u00e4m\u00e4ss\u00e4si.<\/p>\n<p>Turku Pride<\/p>\n<h2>Turku Pride 2024<\/h2>\n<p>Turun Vapaa-ajattelijat on mukana Turku Pridessa t\u00e4n\u00e4kin vuonna.<\/p>\n<p><a href=\"https:\/\/vapaa-ajattelijat.fi\/turku\/wp-content\/uploads\/sites\/23\/2024\/08\/Mainos_Pride.jpg\"><img decoding=\"async\" src=\"https:\/\/vapaa-ajattelijat.fi\/turku\/wp-content\/uploads\/sites\/23\/2024\/08\/Mainos_Pride-300x156.jpg\" alt=\"\" width=\"600\" height=\"313\" \/><\/a><\/p>\n<p>Lauantaina 31.8. olemme omalla blokilla mukana Pride-kulkueessa sek\u00e4 sen j\u00e4lkeen puistojuhlassa esittelyp\u00f6yt\u00e4\u00e4 pit\u00e4m\u00e4ss\u00e4.<\/p>\n<p style=\"line-height: 100%;margin-bottom: 0in;background: transparent\">Tervetuloa mukaan!<\/p>\n<p>Vaalipaneeli<\/p>\n<h3>Uskomaton vaalipaneeli<\/h3>\n<p>Turun Vapaa-ajattelijat ry j\u00e4rjesti vaalipaneelin Turun p\u00e4\u00e4kirjaston Studiossa lauantaina 4.3.2023. Keskustelemassa olivat eduskuntavaaliehdokkaat Nina Alho (SDP), Tomas Bj\u00f6rkroth (RKP), Tom Pesch (EOP), Ulriika Sundell (VIHR), Janika Takatalo (KOK) ja Johannes Yrttiaho (VAS). Paneelin vet\u00e4j\u00e4n\u00e4 toimi Katariina Lappi. Tapahtuman tallenteet l\u00f6ytyv\u00e4t Youtubesta.<\/p>\n<p>Tallenteen ensimm\u00e4isess\u00e4 osassa on aiheena valtion ja kirkon ero. Panelistit kertoivat kantansa seuraaviin kysymyksiin:\u00a0 Onko vihdoin tullut aika p\u00e4\u00e4tt\u00e4\u00e4 kirkon ja valtion liitto? Mist\u00e4 asiasta eron toteuttaminen voitaisiin aloittaa?\u00a0 Mit\u00e4 hy\u00f6ty\u00e4 esimerkiksi luterilaiselle kirkolle voisi olla valtion ja kirkon suhteen purkamisesta? Miten myisit eroajatuksen kirkolle?<\/p>\n<p><iframe title=\"Uskomaton vaalipaneeli Turussa 1\/3 \u2013 Valtion ja kirkon ero\" width=\"1200\" height=\"675\" src=\"https:\/\/www.youtube.com\/embed\/33i6E0mTH_4?start=1&#038;feature=oembed\" frameborder=\"0\" allow=\"accelerometer; autoplay; clipboard-write; encrypted-media; gyroscope; picture-in-picture; web-share\" referrerpolicy=\"strict-origin-when-cross-origin\" allowfullscreen><\/iframe><\/p>\n<p>Tallenteen toisessa osassa on aiheena koulu ja katsomusaineet. Panelistit kertoivat kantansa seuraaviin kysymyksiin: Pid\u00e4ttek\u00f6 katsomusaineita tarpeellisina oppilaan hyvinvoinnille? Pit\u00e4isik\u00f6 katsomusaineet korvata jollain uudella k\u00e4yt\u00e4nn\u00f6ll\u00e4 tai pit\u00e4isik\u00f6 ne lopettaa kokonaan? Mill\u00e4 tavoin edist\u00e4isitte et:n toteutumista kouluissa?<\/p>\n<p><iframe title=\"Uskomaton vaalipaneeli Turussa 2\/3 \u2013 Koulu ja katsomusaineet\" width=\"1200\" height=\"675\" src=\"https:\/\/www.youtube.com\/embed\/nOU2W2oMBPI?start=1&#038;feature=oembed\" frameborder=\"0\" allow=\"accelerometer; autoplay; clipboard-write; encrypted-media; gyroscope; picture-in-picture; web-share\" referrerpolicy=\"strict-origin-when-cross-origin\" allowfullscreen><\/iframe><\/p>\n<p>Tallenteen kolmannessa osassa on aiheena hautaustoimen j\u00e4rjest\u00e4minen. Panelistit kertoivat kantansa seuraaviin kysymyksiin:\u00a0 Pit\u00e4isik\u00f6 hautaustoimi siirt\u00e4\u00e4 p\u00e4\u00e4osin yhteiskunnan vastuulle? Tarvitsevatko kunnat tai uudet hyvinvointialueet omia tuhkahautausmaita kaikkien asukkaidensa k\u00e4ytt\u00f6\u00f6n?<\/p>\n<p><iframe title=\"Uskomaton vaalipaneeli Turussa 3\/3 \u2013 Hautaustoimen j\u00e4rjest\u00e4minen\" width=\"1200\" height=\"675\" src=\"https:\/\/www.youtube.com\/embed\/qWzgh-PXw9A?feature=oembed\" frameborder=\"0\" allow=\"accelerometer; autoplay; clipboard-write; encrypted-media; gyroscope; picture-in-picture; web-share\" referrerpolicy=\"strict-origin-when-cross-origin\" allowfullscreen><\/iframe><\/p>\n","protected":false},"excerpt":{"rendered":"<p>Turun vapaa-ajattelijat ry on valtakunnallisen uskonnottomien oikeusj\u00e4rjest\u00f6n, Vapaa-ajattelijain liiton, paikallisj\u00e4rjest\u00f6. Toimimme ajatuksen vapauden puolesta ja valvomme uskonnottomien ihmisten oikeuksia\u00a0yhteisty\u00f6ss\u00e4\u00a0Humanistiliiton ja muiden\u00a0sopivien tahojen kanssa. Vastustamme uskontojen k\u00e4ytt\u00e4mist\u00e4 vallan v\u00e4lineen\u00e4, uskontojen harjoittajien &#8230; <a title=\"Turun vapaa-ajattelijat ry\" class=\"read-more\" href=\"https:\/\/vapaa-ajattelijat.fi\/turku\/\" aria-label=\"Lue lis\u00e4\u00e4 aiheesta Turun vapaa-ajattelijat ry\">Lue lis\u00e4\u00e4<\/a><\/p>\n","protected":false},"author":19,"featured_media":0,"parent":0,"menu_order":0,"comment_status":"closed","ping_status":"closed","template":"","meta":{"footnotes":"","_links_to":"","_links_to_target":""},"class_list":["post-25","page","type-page","status-publish"],"_links":{"self":[{"href":"https:\/\/vapaa-ajattelijat.fi\/turku\/wp-json\/wp\/v2\/pages\/25","targetHints":{"allow":["GET"]}}],"collection":[{"href":"https:\/\/vapaa-ajattelijat.fi\/turku\/wp-json\/wp\/v2\/pages"}],"about":[{"href":"https:\/\/vapaa-ajattelijat.fi\/turku\/wp-json\/wp\/v2\/types\/page"}],"author":[{"embeddable":true,"href":"https:\/\/vapaa-ajattelijat.fi\/turku\/wp-json\/wp\/v2\/users\/19"}],"replies":[{"embeddable":true,"href":"https:\/\/vapaa-ajattelijat.fi\/turku\/wp-json\/wp\/v2\/comments?post=25"}],"version-history":[{"count":617,"href":"https:\/\/vapaa-ajattelijat.fi\/turku\/wp-json\/wp\/v2\/pages\/25\/revisions"}],"predecessor-version":[{"id":3363,"href":"https:\/\/vapaa-ajattelijat.fi\/turku\/wp-json\/wp\/v2\/pages\/25\/revisions\/3363"}],"wp:attachment":[{"href":"https:\/\/vapaa-ajattelijat.fi\/turku\/wp-json\/wp\/v2\/media?parent=25"}],"curies":[{"name":"wp","href":"https:\/\/api.w.org\/{rel}","templated":true}]}}