{"id":1972,"date":"2020-09-28T22:09:53","date_gmt":"2020-09-28T19:09:53","guid":{"rendered":"http:\/\/vapaa-ajattelijat.fi\/turku\/?page_id=1972"},"modified":"2023-01-07T18:16:19","modified_gmt":"2023-01-07T16:16:19","slug":"toimintasuunnitelma","status":"publish","type":"page","link":"https:\/\/vapaa-ajattelijat.fi\/turku\/tietoa-yhdistyksesta-kirjasto\/toimintasuunnitelma\/","title":{"rendered":"Toimintasuunnitelma vuodelle 2023"},"content":{"rendered":"<h3><span style=\"color: #3366ff\"><strong>Turun vapaa-ajattelijat, syyskokouksen p\u00e4\u00e4t\u00f6s 17.11.2022<\/strong><\/span><\/h3>\n<p>Turun Vapaa-ajattelijat pyrkii toimimaan Turun seudun uskonnottoman v\u00e4est\u00f6n t\u00e4rkeimp\u00e4n\u00e4 yhdyssiteen\u00e4. Toiminta-alueenamme on koko Varsinais-Suomi, lis\u00e4ksemme Raisiossa on oma vapaa-ajattelijayhdistys. J\u00e4senm\u00e4\u00e4r\u00e4 on viime vuosina ollut n. 100. J\u00e4senin\u00e4mme on vain joitakin promilleja Turun ja l\u00e4hialueiden uskonnottomista, joten kasvuun on potentiaalia ja tarvetta.<\/p>\n<p>Viemme vapaa-ajattelua Turun seudulla eteenp\u00e4in vuonna 2023 seuraavin keinoin:<\/p>\n<p><span style=\"color: #3366ff\">Uskonnottomien oikeuksien edist\u00e4minen<\/span><\/p>\n<p>Seuraamme uskonnottomien oikeuksien toteutumista toiminta-alueellamme, erityisesti kouluissa, p\u00e4iv\u00e4kodeissa ja hoitolaitoksissa. Etsimme kaikille sopivia vaihtoehtoja uskonnollisen toiminnan tilalle tai rinnalle ja huolehdimme uskonnottomien valinnanvapaudesta.<\/p>\n<p><span style=\"color: #3366ff\">ET-opetuksen edist\u00e4minen<\/span><\/p>\n<p>Pyrimme siihen, ett\u00e4 kouluopetus s\u00e4ilyy tiedepohjaisena ja paheksumme uskonnollista k\u00e4\u00e4nnytysty\u00f6t\u00e4 kouluissa. Uskonnottomien lasten ja nuorten huomioimisessa p\u00e4iv\u00e4hoidossa ja kouluissa on parannettavaa.<\/p>\n<p>Tuemme el\u00e4m\u00e4nkatsomustieto-oppiaineen (ET) asemaa kouluissa keskusteluin ja kannanotoin. My\u00f6nn\u00e4mme n. 4 stipendi\u00e4 menestyksekk\u00e4\u00e4st\u00e4 el\u00e4m\u00e4nkatsomustiedon opiskelusta peruskoulun ja lukion opiskelijoille.<\/p>\n<p>Tavoitteena on k\u00e4ynnist\u00e4\u00e4 l\u00e4heisempi yhteisty\u00f6 koulujen kanssa esim. vierailuilla et- ja uskontotunneilla ja p\u00e4iv\u00e4navauksissa ja kannustamalla kouluja kehitt\u00e4m\u00e4\u00e4n et-opetuksen puitteita. Olemme perustaneet ty\u00f6ryhm\u00e4n t\u00e4lle toiminnalle ja rakennamme sit\u00e4 yhteisty\u00f6ll\u00e4 et-opettajien kanssa ja k\u00e4ytt\u00e4m\u00e4ll\u00e4 liiton kokemuksia hyv\u00e4ksi. Teemme yhteisty\u00f6t\u00e4 m.m. et-lasten vanhempien ryhm\u00e4n kanssa, ja Kantelupukin asiantuntijoiden kanssa. Kannatamme ET-opetuksen sallimista my\u00f6s kirkkoon kuuluville.<\/p>\n<p><span style=\"color: #3366ff\">Turun seudun saattohoitoty\u00f6<\/span><\/p>\n<p>Turun seudun saattohoitoty\u00f6 on uudistamisvaiheessa.\u00a0 Seuraamme edelleen tilannetta ja kannustamme kaupunkeja uskonnottomien tarpeiden huomioimisessa. Turun Vapaa-ajattelijat pyrkiv\u00e4t kehitt\u00e4m\u00e4\u00e4n yhteisty\u00f6t\u00e4\u00e4n Lounais-Suomen Saattohoitos\u00e4\u00e4ti\u00f6n m.m. ylil\u00e4\u00e4k\u00e4ri Outi Hirvosen kautta.<\/p>\n<p><span style=\"color: #3366ff\">Siviiliseremoniat<\/span><\/p>\n<p>Tietopankkia uskonnottomista juhlista aloitettiin kokoamaan vuonna 2018 ja ensimm\u00e4inen osa \u201dUskonnottomat hautajaiset\u201d liitettiin 2019 aikana kotisivuillemme. Sivuja p\u00e4ivitet\u00e4\u00e4n tarvittaessa hyv\u00e4ss\u00e4 yhteisty\u00f6ss\u00e4 m.m. muutaman hautaustoimiston kanssa. Vuonna 2020 valmistui osa \u201dSiviilivihkimisest\u00e4\u201d. Seuraavaksi on tarkoitus jatkaa osioilla \u201dNimi\u00e4iset\u201d ja \u201dAikuistumisjuhlat\u201d.<\/p>\n<p>Tietopankissa on my\u00f6s ruotsinkieliset sivut. Tietopankkia kehitet\u00e4\u00e4n ottamalla paremmin huomioon my\u00f6s l\u00e4hikuntien asukkaiden palvelut.<\/p>\n<p>Turun ja Kaarinan seurakuntayhtym\u00e4 on hyl\u00e4nnyt suunnitelmansa uudistaa Turun krematoriota ja ehdottaa nyt uuden krematorion rakentamista.\u00a0 Turun vaparit seuraavat uutta tilannetta ja edist\u00e4v\u00e4t uskonnottomien uuden neutraalin \u00a0(kaikille avoimen) hautausmaan perustamista kuivalle maalle, l\u00e4hinn\u00e4 tuhkan sirottelua varten. Ratkaisu olisi luontoyst\u00e4v\u00e4llinen ja nykyisi\u00e4 laajoja hautausmaita huomattavasti edullisempi. Muistolaattojen k\u00e4ytt\u00f6mahdollisuus tulisi selvitt\u00e4\u00e4. Aloite edellytt\u00e4\u00e4 Turun vapareilta yhteistoimintaa Turun kaupungin ymp\u00e4rist\u00f6toimialan henkil\u00f6kunnan ja eri puolueiden edustajien kanssa. Kohtuullista olisi ett\u00e4 valtio osallistuu my\u00f6s uskonnottomien hautauskuluihin.<\/p>\n<p>Yhdistys pyrkii jatkamaan yhteisty\u00f6t\u00e4 Prometheus-leirien tuki ry:n Turun alueen toimijoiden kanssa. Kes\u00e4n leireihin tulee ilmoittautua tammikuussa<\/p>\n<p>Etsimme lis\u00e4\u00e4 juhlapuhujia ja muusikoita uskonnottomien juhlien tarpeisiin ja pyrimme tarjoamaan heille koulutusta<\/p>\n<p>Pyrimme kehitt\u00e4m\u00e4\u00e4n kontaktit uskonnottomiin maahanmuuttajiin<\/p>\n<p><span style=\"color: #3366ff\">Yleis\u00f6tilaisuudet<\/span><\/p>\n<p>Viime vuosina yhdistyksemme on j\u00e4rjest\u00e4nyt yhden tai kaksi kertaa vuodessa yleis\u00f6tilaisuuden, jossa keskusteluaiheita on alustettu luennoin tai paneelikeskustelun avulla. Tilaisuuksia on pidetty onnistuneina ja mielenkiintoisina. Jatkamme toimintaa vuonna 2022 laadukkaalla yleis\u00f6tilaisuudella asiantuntevin luennoitsijoin ja ajankohtaisin aihein.<\/p>\n<p>J\u00e4rjest\u00e4mme my\u00f6s pienimuotoisia keskustelutilaisuuksia esim. pubeissa tai kahviloissa.<\/p>\n<p>Eduskuntavaalien yhteyteen on tarkoitus j\u00e4rjest\u00e4\u00e4 poliittisten puolueiden edustajien paneelikeskustelu.<\/p>\n<p>Lukupiirin toiminta jatkuu.<\/p>\n<p>Muut tilaisuudet<\/p>\n<p>Pyrimme j\u00e4rjest\u00e4m\u00e4\u00e4n j\u00e4sentapaamisia sek\u00e4 kaikille avoimia, vapaamuotoisia tapahtumia, musiikkitilaisuuksia ym., my\u00f6s yhteisty\u00f6st\u00e4 kiinnostuneiden yhdistysten kanssa.<\/p>\n<p>Esittelemme toimintaamme muiden j\u00e4rjest\u00e4miss\u00e4 tapahtumissa, messuilla ja erilaisissa yleis\u00f6tilaisuuksissa. Haemme tarvittaessa rakentavaa yhteisty\u00f6t\u00e4 tasapuolisesti m.m. eri poliittisten puolueiden ja l\u00e4hikuntien kanssa. Yhteisty\u00f6n ydin on uskonnottomien oikeuksien ja tarpeiden edist\u00e4misess\u00e4.<\/p>\n<p>Pyrimme kehit\u00e4\u00e4n yhteisty\u00f6t\u00e4 l\u00e4hialueiden vapaa-ajattelijayhdistysten kanssa.<\/p>\n<p>Toteutamme s\u00e4\u00e4nt\u00f6jen mukaiset kev\u00e4t- ja syyskokoukset.<\/p>\n<p><span style=\"color: #3366ff\">Median\u00e4kyvyys<\/span><\/p>\n<p>Kotisivujen (websivujen) on tarkoitus toimia tietovarastona ja -kanavana sek\u00e4 j\u00e4senille ett\u00e4 muille uskonnottomille sek\u00e4 tiedottaa toiminnastamme muille kiinnostuneille. Kehit\u00e4mme websivujamme vastaamaan laajemmin Turun alueen uskonnottomien tarpeita ja otamme huomioon my\u00f6s uskonnottomat maahanmuuttajat. Tekninen kehitt\u00e4minen tapahtuu yhteisty\u00f6ss\u00e4 liiton kanssa.<\/p>\n<p>Yhdistyksell\u00e4mme on kev\u00e4\u00e4st\u00e4 2011 l\u00e4htien ollut kotisivustolla blogipalsta. Innostamme j\u00e4senist\u00f6\u00e4 tuomaan omia mielipiteit\u00e4\u00e4n esille blogin kautta. T\u00e4h\u00e4n asti blogi on j\u00e4\u00e4nyt melkein pelk\u00e4st\u00e4\u00e4n yhden aktiivin kirjoitteluksi, johon toiset lis\u00e4\u00e4v\u00e4t kommentteja.<\/p>\n<p>Pyrimme nopeaan tiedottamiseen s\u00e4hk\u00f6postin ja Facebook-sivujen kautta.<\/p>\n<p>Lis\u00e4\u00e4mme yhdistyksen kantaaottavuutta my\u00f6s perinteisen median puolella lehdist\u00f6tiedotteilla, yleis\u00f6nosastokirjoituksilla ja kolumneilla.<\/p>\n<p>Historiikki<\/p>\n<p>Vuonna 2014 aloitettu yhdistyksen historiikki el\u00e4\u00e4 arkistoty\u00f6n vaiheessa. Pyrimme edist\u00e4m\u00e4\u00e4n historiikkia esimerkiksi ty\u00f6llist\u00e4mistoiminnan avulla ja alamme julkaista artikkeleita netiss\u00e4. Historiikin painaminen kirjaksi ei ole viel\u00e4 ajankohtaista, mutta se on pitk\u00e4n aikav\u00e4lin tavoite.<\/p>\n<p><span style=\"color: #3366ff\">Toiminta-avustukset<\/span><\/p>\n<p>Haemme toiminta-avustuksia sopivilta organisaatioilta mm. yleis\u00f6tilaisuuksia varten.<\/p>\n","protected":false},"excerpt":{"rendered":"<p>Turun vapaa-ajattelijat, syyskokouksen p\u00e4\u00e4t\u00f6s 17.11.2022 Turun Vapaa-ajattelijat pyrkii toimimaan Turun seudun uskonnottoman v\u00e4est\u00f6n t\u00e4rkeimp\u00e4n\u00e4 yhdyssiteen\u00e4. Toiminta-alueenamme on koko Varsinais-Suomi, lis\u00e4ksemme Raisiossa on oma vapaa-ajattelijayhdistys. J\u00e4senm\u00e4\u00e4r\u00e4 on viime vuosina ollut n. &#8230; <a title=\"Toimintasuunnitelma vuodelle 2023\" class=\"read-more\" href=\"https:\/\/vapaa-ajattelijat.fi\/turku\/tietoa-yhdistyksesta-kirjasto\/toimintasuunnitelma\/\" aria-label=\"Lue lis\u00e4\u00e4 aiheesta Toimintasuunnitelma vuodelle 2023\">Lue lis\u00e4\u00e4<\/a><\/p>\n","protected":false},"author":30,"featured_media":0,"parent":32,"menu_order":11,"comment_status":"closed","ping_status":"closed","template":"","meta":{"footnotes":"","_links_to":"","_links_to_target":""},"class_list":["post-1972","page","type-page","status-publish"],"_links":{"self":[{"href":"https:\/\/vapaa-ajattelijat.fi\/turku\/wp-json\/wp\/v2\/pages\/1972","targetHints":{"allow":["GET"]}}],"collection":[{"href":"https:\/\/vapaa-ajattelijat.fi\/turku\/wp-json\/wp\/v2\/pages"}],"about":[{"href":"https:\/\/vapaa-ajattelijat.fi\/turku\/wp-json\/wp\/v2\/types\/page"}],"author":[{"embeddable":true,"href":"https:\/\/vapaa-ajattelijat.fi\/turku\/wp-json\/wp\/v2\/users\/30"}],"replies":[{"embeddable":true,"href":"https:\/\/vapaa-ajattelijat.fi\/turku\/wp-json\/wp\/v2\/comments?post=1972"}],"version-history":[{"count":9,"href":"https:\/\/vapaa-ajattelijat.fi\/turku\/wp-json\/wp\/v2\/pages\/1972\/revisions"}],"predecessor-version":[{"id":2546,"href":"https:\/\/vapaa-ajattelijat.fi\/turku\/wp-json\/wp\/v2\/pages\/1972\/revisions\/2546"}],"up":[{"embeddable":true,"href":"https:\/\/vapaa-ajattelijat.fi\/turku\/wp-json\/wp\/v2\/pages\/32"}],"wp:attachment":[{"href":"https:\/\/vapaa-ajattelijat.fi\/turku\/wp-json\/wp\/v2\/media?parent=1972"}],"curies":[{"name":"wp","href":"https:\/\/api.w.org\/{rel}","templated":true}]}}