{"id":1219,"date":"2019-01-24T13:39:19","date_gmt":"2019-01-24T11:39:19","guid":{"rendered":"http:\/\/vapaa-ajattelijat.fi\/turku\/?page_id=1219"},"modified":"2023-01-07T18:07:33","modified_gmt":"2023-01-07T16:07:33","slug":"yhdistyksen-saannot","status":"publish","type":"page","link":"https:\/\/vapaa-ajattelijat.fi\/turku\/tietoa-yhdistyksesta-kirjasto\/yhdistyksen-saannot\/","title":{"rendered":"Yhdistyksen s\u00e4\u00e4nn\u00f6t"},"content":{"rendered":"\n<p><strong>Yhdistyksen\ns\u00e4\u00e4nn\u00f6t (hyv\u00e4ksytty syyskokouksessa 2014)<\/strong><\/p>\n\n\n\n<p><strong>1 \u00a7 Yhdistyksen nimi ja kotipaikka <\/strong><\/p>\n\n\n\n<p>Yhdistyksen\nnimi on Turun Vapaa-ajattelijat ry. ja sen kotipaikka on Turku. <\/p>\n\n\n\n<p><strong>2 \u00a7 Tarkoitus ja toiminnan laatu <\/strong><\/p>\n\n\n\n<p>Yhdistyksen\ntarkoituksena on edist\u00e4\u00e4 ihmisten yhdenvertaista kohtelua lains\u00e4\u00e4d\u00e4nn\u00f6ss\u00e4 ja\nyhteiskunnassa riippumatta heid\u00e4n maailmankatsomuksestaan niin, ett\u00e4 heid\u00e4n\nuskonnon- ja omantunnonvapautensa toteutuu. Yhdistys ajaa tunnustuksetonta\njulkista valtaa ja sekulaaria eli maallista yhteiskuntaa. Yhdistys haluaa\nedist\u00e4\u00e4 ihmisten yksil\u00f6n ja ajatuksen vapautta, suvaitsevaisuutta sek\u00e4 vastuuta\nmuista ihmisist\u00e4, luonnosta ja ymp\u00e4rist\u00f6st\u00e4. Yhdistys tavoittelee uskontoihin\nsitoutumattoman etiikan muotoutumista ja omaksumista maailmanlaajuisesti.\nYhdistyksen aatteellisena tavoitteena on my\u00f6s kriittisyyden lis\u00e4\u00e4minen\nuskontoja kohtaan. <\/p>\n\n\n\n<p>Tarkoituksensa\ntoteuttamiseksi yhdistys <\/p>\n\n\n\n<p>&#8211; toimii\nalueensa uskonnottomien ihmisten yhdyssiteen\u00e4; <\/p>\n\n\n\n<p>&#8211; neuvoo,\nopastaa ja tukee j\u00e4seni\u00e4\u00e4n ja muita henkil\u00f6it\u00e4 tilanteissa, joissa heit\u00e4 ei ole\nkohdeltu yhdenvertaisesti tai joissa heid\u00e4n omantunnonvapauttaan on loukattu; <\/p>\n\n\n\n<p>&#8211; j\u00e4rjest\u00e4\u00e4\nkokouksia, juhlia, puhe- ja esitelm\u00e4tilaisuuksia; <\/p>\n\n\n\n<p>&#8211; harjoittaa\nyhdistyksen tarkoitusta tukevaa julkaisutoimintaa; <\/p>\n\n\n\n<p>&#8211; neuvoo\nuskontokuntiin kuulumattomia henkil\u00f6it\u00e4 avioliiton solmimisessa,\nnimenantotilaisuuksien j\u00e4rjest\u00e4misess\u00e4, hautausmenojen suorittamisessa,\nhautapaikkojen hankkimisessa sek\u00e4 muissa yhteiskunnan maallistumiseen\nliittyviss\u00e4 kulttuurisissa kysymyksiss\u00e4. <\/p>\n\n\n\n<p>Toimintansa\ntukemiseksi yhdistys voi omistaa ja hallita kiinte\u00e4t\u00e4 sek\u00e4 irtainta omaisuutta.\nYhdistys voi omistaa hautausmaan saatuaan siihen asianmukaisen luvan. Yhdistys\nvoi vastaanottaa lahjoituksia ja testamentteja sek\u00e4 toimeenpanna arpajaisia ja\nmyyj\u00e4isi\u00e4, joihin se tarvittaessa hankkii asianmukaiset luvat. Yhdistys on\nVapaa-ajattelijain Liitto ry:n j\u00e4sen. Yhdistys voi kuulua muihinkin\ntarkoitustaan edist\u00e4viin ja toimintaansa tukeviin yhdistyksiin. P\u00e4\u00e4t\u00f6ksen yhdistyksiin\nliittymisest\u00e4 tai niist\u00e4 eroamisesta tekee yhdistyksen kokous. <\/p>\n\n\n\n<p><strong>3 \u00a7 J\u00e4senet <\/strong><\/p>\n\n\n\n<p>J\u00e4senet\nhyv\u00e4ksyy hakemuksesta yhdistyksen hallitus. J\u00e4seneksi voidaan hyv\u00e4ksy\u00e4\nviisitoista (15) vuotta t\u00e4ytt\u00e4nyt yksityinen henkil\u00f6, joka hyv\u00e4ksyy yhdistyksen\ntarkoituksen. <\/p>\n\n\n\n<p><strong>4 \u00a7 J\u00e4senen eroaminen ja erottaminen\n<\/strong><\/p>\n\n\n\n<p>J\u00e4senell\u00e4 on\noikeus erota yhdistyksest\u00e4 ilmoittamalla siit\u00e4 kirjallisesti hallitukselle tai\nsen puheenjohtajalle taikka ilmoittamalla erosta yhdistyksen kokouksessa\nmerkitt\u00e4v\u00e4ksi p\u00f6yt\u00e4kirjaan. J\u00e4sen voidaan erottaa yhdistyksest\u00e4 <\/p>\n\n\n\n<p>a) jos h\u00e4n\non j\u00e4tt\u00e4nyt er\u00e4\u00e4ntyneen j\u00e4senmaksunsa maksamatta; <\/p>\n\n\n\n<p>b) jos h\u00e4n\nei t\u00e4yt\u00e4 s\u00e4\u00e4nn\u00f6iss\u00e4 mainittuja j\u00e4senyyden ehtoja tai toimii yhdistyksen\ntarkoitusta vastaan; tai <\/p>\n\n\n\n<p>c) jos h\u00e4n\naiheuttaa yhdistyksen toiminnalle tai maineelle merkitt\u00e4v\u00e4\u00e4 vahinkoa\nk\u00e4ytt\u00e4ytym\u00e4ll\u00e4 asiattomasti tai toimimalla omavaltaisesti yhdistyksen nimiss\u00e4\ntai edustajana. Kohdassa a) mainitussa tapauksessa erottamisoikeus on\nhallituksella. Kohdissa b) ja c) mainituissa tapauksissa p\u00e4\u00e4t\u00f6ksen j\u00e4senen\nerottamisesta tekee yhdistyksen kokous hallituksen ehdotuksesta. Eronneella tai\nerotetulla j\u00e4senell\u00e4 ei ole oikeutta saada suorittamiaan maksuja takaisin. <\/p>\n\n\n\n<p><strong>5 \u00a7 Liittymis- ja j\u00e4senmaksu <\/strong><\/p>\n\n\n\n<p>J\u00e4senilt\u00e4\nperitt\u00e4v\u00e4n liittymismaksun ja vuotuisen j\u00e4senmaksun suuruudesta p\u00e4\u00e4tt\u00e4\u00e4 yhdistyksen\nsyyskokous. Hallitus on oikeutettu vapauttamaan j\u00e4senen j\u00e4senmaksunsa\nsuorittamisesta tai alentamaan j\u00e4senmaksua kunakin maksukautena erikseen\ntekem\u00e4ll\u00e4\u00e4n p\u00e4\u00e4t\u00f6ksell\u00e4 seuraavilla sosiaalisilla perusteilla: ty\u00f6tt\u00f6myys,\nsairaus, ty\u00f6kyvytt\u00f6myys, opiskelu tai muu vastaavasta syyst\u00e4 johtuva\nv\u00e4liaikainen ansiotason lasku. <\/p>\n\n\n\n<p><strong>6 \u00a7 Hallitus <\/strong><\/p>\n\n\n\n<p>Kokoonpano,\ntoimikausi, toimihenkil\u00f6t <\/p>\n\n\n\n<p>Yhdistyksen\nasioita hoitaa hallitus, johon kuuluu puheenjohtaja ja v\u00e4hint\u00e4\u00e4n kaksi (2) tai\nenint\u00e4\u00e4n kahdeksan (8) varsinaista j\u00e4sent\u00e4 sek\u00e4 varaj\u00e4seni\u00e4 enint\u00e4\u00e4n puolet\nvarsinaisten j\u00e4senten lukum\u00e4\u00e4r\u00e4st\u00e4. Valittaessa useampi kuin yksi varaj\u00e4sen\nheille m\u00e4\u00e4ritell\u00e4\u00e4n sijaluku, jonka mukaisessa j\u00e4rjestyksess\u00e4 he toimivat\nhallituksen kokouksessa estyneiden varsinaisten j\u00e4senten tilalla. Hallituksen\ntoimikausi on yksi vuosi, ja se alkaa valinnan tekev\u00e4st\u00e4 yhdistyksen\nkokouksesta. Hallitus valitsee keskuudestaan varapuheenjohtajan sek\u00e4 ottaa\nkeskuudestaan tai ulkopuoleltaan sihteerin, taloudenhoitajan ja muut\ntarvittavat toimihenkil\u00f6t. Kokoontuminen, p\u00e4\u00e4t\u00f6svaltaisuus, p\u00e4\u00e4t\u00f6ksenteko\nHallitus kokoontuu puheenjohtajan tai h\u00e4nen estyneen\u00e4 ollessaan\nvarapuheenjohtajan kutsusta, kun he katsovat siihen olevan aihetta tai kun\nv\u00e4hint\u00e4\u00e4n puolet hallituksen j\u00e4senist\u00e4 sit\u00e4 vaatii. Hallitus on\np\u00e4\u00e4t\u00f6svaltainen, kun v\u00e4hint\u00e4\u00e4n puolet sen j\u00e4senist\u00e4, puheenjohtaja tai\nvarapuheenjohtaja mukaan luettuna, on l\u00e4sn\u00e4. P\u00e4\u00e4t\u00f6kset tehd\u00e4\u00e4n yksinkertaisella\n\u00e4\u00e4nten enemmist\u00f6ll\u00e4. \u00c4\u00e4nten menness\u00e4 tasan ratkaisee puheenjohtajan \u00e4\u00e4ni,\nvaaleissa arpa. <\/p>\n\n\n\n<p>Teht\u00e4v\u00e4t <\/p>\n\n\n\n<p>Hallituksen\nteht\u00e4v\u00e4n\u00e4 on <\/p>\n\n\n\n<p>a)\nvalmistella yhdistyksen kokoukselle esitett\u00e4v\u00e4t s\u00e4\u00e4nt\u00f6m\u00e4\u00e4r\u00e4iset ja mahdolliset\nmuut asiat sek\u00e4 kutsua yhdistyksen kokoukset koolle ja esitell\u00e4 asiat\nkokoukselle; <\/p>\n\n\n\n<p>b) pit\u00e4\u00e4\nj\u00e4senluetteloa ja tehd\u00e4 liitolle j\u00e4senselvitys vuosittain viimeist\u00e4\u00e4n liittomaksun\nmaksamisen yhteydess\u00e4; <\/p>\n\n\n\n<p>c) valvoa\nyhdistyksen toimihenkil\u00f6iden ja mahdollisesti hallitukselle kuuluvien teht\u00e4vien\ntoteuttamista varten asettamiensa toimikuntien toimintaa; <\/p>\n\n\n\n<p>d) huolehtia\nyhdistyksen talouden- ja omaisuudenhoidosta sek\u00e4 toimintakertomuksista ja\n-suunnitelmista; <\/p>\n\n\n\n<p>e)\ntoimeenpanna yhdistyksen kokouksen p\u00e4\u00e4t\u00f6kset sek\u00e4 hoitaa muutkin toiminnan ja\ns\u00e4\u00e4nt\u00f6jen edellytt\u00e4m\u00e4t asiat. <\/p>\n\n\n\n<p><strong>7 \u00a7 Yhdistyksen nimen kirjoittaminen\n<\/strong><\/p>\n\n\n\n<p>Yhdistyksen\nnimen kirjoittavat puheenjohtaja tai varapuheenjohtaja, jompikumpi heist\u00e4\nyhdess\u00e4 sihteerin tai taloudenhoitajan kanssa. <\/p>\n\n\n\n<p><strong>8 \u00a7 Tilikausi ja toiminnantarkastus\ntai tilintarkastus <\/strong><\/p>\n\n\n\n<p>Yhdistyksen\ntilikausi on kalenterivuosi. Tilinp\u00e4\u00e4t\u00f6s tarvittavine asiakirjoineen ja\nhallituksen laatima toimintakertomus on annettava toiminnantarkastajille tai\ntilintarkastajille viimeist\u00e4\u00e4n kuukausi ennen kev\u00e4tkokousta.\nToiminnantarkastajien tai tilintarkastajien tulee antaa kirjallinen lausuntonsa\nviimeist\u00e4\u00e4n kaksi viikkoa ennen kev\u00e4tkokousta hallitukselle. <\/p>\n\n\n\n<p><strong>9 \u00a7 Yhdistyksen kokoukset <\/strong><\/p>\n\n\n\n<p>Yhdistys\npit\u00e4\u00e4 vuosittain kaksi varsinaista kokousta. Yhdistyksen kev\u00e4tkokous pidet\u00e4\u00e4n\nmaalis\u2013toukokuussa ja syyskokous syys\u2013marraskuussa hallituksen m\u00e4\u00e4r\u00e4\u00e4m\u00e4n\u00e4\np\u00e4iv\u00e4n\u00e4. Ylim\u00e4\u00e4r\u00e4inen kokous pidet\u00e4\u00e4n, kun yhdistyksen kokous niin p\u00e4\u00e4tt\u00e4\u00e4 tai\nkun hallitus katsoo siihen olevan aihetta tai kun v\u00e4hint\u00e4\u00e4n yksi kymmenesosa\n(1\/10) yhdistyksen \u00e4\u00e4nioikeutetuista j\u00e4senist\u00e4 sit\u00e4 hallitukselta erityisesti\nilmoitettua asiaa varten kirjallisesti vaatii. Kokous on pidett\u00e4v\u00e4\nkolmenkymmenen (30) vuorokauden kuluessa siit\u00e4, kun vaatimus sen pit\u00e4misest\u00e4 on\nesitetty hallitukselle. Yhdistyksen kokouksissa on jokaisella j\u00e4senell\u00e4 yksi\n\u00e4\u00e4ni. Yhdistyksen kokouksissa ei voi k\u00e4ytt\u00e4\u00e4 \u00e4\u00e4nestysvaltakirjaa. Yhdistyksen kokouksen\np\u00e4\u00e4t\u00f6kseksi tulee, ellei s\u00e4\u00e4nn\u00f6iss\u00e4 ole toisin m\u00e4\u00e4r\u00e4tty, se mielipide, jota on\nkannattanut yli puolet annetuista \u00e4\u00e4nist\u00e4. \u00c4\u00e4nten menness\u00e4 tasan ratkaisee\nkokouksen puheenjohtajan \u00e4\u00e4ni, vaaleissa kuitenkin arpa. <\/p>\n\n\n\n<p><strong>10 \u00a7 Yhdistyksen kokousten koollekutsuminen\n<\/strong><\/p>\n\n\n\n<p>Hallituksen\non kutsuttava yhdistyksen kokoukset koolle v\u00e4hint\u00e4\u00e4n seitsem\u00e4n vuorokautta\nennen kokousta j\u00e4senille postitetuilla kirjeill\u00e4 tai s\u00e4hk\u00f6postina niille\nj\u00e4senille, jotka ovat antaneet siihen luvan ja ilmoittaneet\ns\u00e4hk\u00f6postiosoitteensa hallitukselle. Kokouskutsussa on mainittava\nk\u00e4sitelt\u00e4v\u00e4ksi tulevat asiat. <\/p>\n\n\n\n<p><strong>11 \u00a7 Varsinaiset kokoukset <\/strong><\/p>\n\n\n\n<p>Yhdistyksen\nkev\u00e4tkokouksessa k\u00e4sitell\u00e4\u00e4n ainakin seuraavat asiat: <\/p>\n\n\n\n<p>1. Esitet\u00e4\u00e4n\ntilinp\u00e4\u00e4t\u00f6s ja toimintakertomus sek\u00e4 toiminnan- tai tilintarkastajien\nlausunnot. <\/p>\n\n\n\n<p>2. P\u00e4\u00e4tet\u00e4\u00e4n\ntilinp\u00e4\u00e4t\u00f6ksen vahvistamisesta ja vastuuvapauden my\u00f6nt\u00e4misest\u00e4 hallitukselle ja\nmuille vastuuvelvollisille. <\/p>\n\n\n\n<p>3. Liittokokousvuonna valitaan yhdistyksen edustajat liittokokoukseen.<\/p>\n\n\n\n<p><\/p>\n\n\n\n<p><\/p>\n\n\n\n<p>Yhdistyksen syyskokouksessa k\u00e4sitell\u00e4\u00e4n ainakin seuraavat asiat:<\/p>\n\n\n\n<p>1.\nVahvistetaan toimintasuunnitelma sek\u00e4 tulo- ja menoarvio seuraavalle vuodelle. <\/p>\n\n\n\n<p>2. P\u00e4\u00e4tet\u00e4\u00e4n\nliittymis- ja j\u00e4senmaksujen suuruus seuraavalle vuodelle. <\/p>\n\n\n\n<p>3. P\u00e4\u00e4tet\u00e4\u00e4n\nluottamus- ja toimihenkil\u00f6iden palkkioista. <\/p>\n\n\n\n<p>4. P\u00e4\u00e4tet\u00e4\u00e4n\nhallituksen j\u00e4senten lukum\u00e4\u00e4r\u00e4. <\/p>\n\n\n\n<p>5. Valitaan\nyhdistyksen hallituksen puheenjohtaja, varsinaiset j\u00e4senet ja varaj\u00e4senet. <\/p>\n\n\n\n<p>6. Valitaan\nyksi tai kaksi toiminnantarkastajaa tai tilintarkastajaa, ja heille\nvarahenkil\u00f6t. <\/p>\n\n\n\n<p><strong>12 \u00a7 S\u00e4\u00e4nt\u00f6jen muuttaminen <\/strong><\/p>\n\n\n\n<p>N\u00e4ihin\ns\u00e4\u00e4nt\u00f6ihin voidaan tehd\u00e4 muutoksia ja lis\u00e4yksi\u00e4 yhdistyksen kokouksessa, jos\nv\u00e4hint\u00e4\u00e4n kaksi kolmasosaa (2\/3) kokouksessa annetuista \u00e4\u00e4nist\u00e4 kannattaa\ns\u00e4\u00e4nt\u00f6jen muuttamista. S\u00e4\u00e4nt\u00f6jen muuttamisesta on ilmoitettava kokouskutsussa. <\/p>\n\n\n\n<p><strong>13 \u00a7 Yhdistyksen purkaminen <\/strong><\/p>\n\n\n\n<p>P\u00e4\u00e4t\u00f6s\nyhdistyksen purkamisesta on teht\u00e4v\u00e4 yhdistyksen kokouksessa v\u00e4hint\u00e4\u00e4n kolmen\nnelj\u00e4sosan (3\/4) enemmist\u00f6ll\u00e4 annetuista \u00e4\u00e4nist\u00e4. Kokouskutsussa on mainittava\nyhdistyksen purkamisesta. Yhdistyksen purkautuessa k\u00e4ytet\u00e4\u00e4n yhdistyksen varat\nyhdistyksen tarkoituksen edist\u00e4miseen purkamisesta p\u00e4\u00e4tt\u00e4v\u00e4n kokouksen\nm\u00e4\u00e4r\u00e4\u00e4m\u00e4ll\u00e4 tavalla. Yhdistyksen tullessa lakkautetuksi k\u00e4ytet\u00e4\u00e4n sen varat\nsamaan tarkoitukseen. <\/p>\n\n\n\n<p><strong>14 \u00a7 Saavutetut j\u00e4senoikeudet s\u00e4ilyv\u00e4t.<\/strong><\/p>\n","protected":false},"excerpt":{"rendered":"<p>Yhdistyksen s\u00e4\u00e4nn\u00f6t (hyv\u00e4ksytty syyskokouksessa 2014) 1 \u00a7 Yhdistyksen nimi ja kotipaikka Yhdistyksen nimi on Turun Vapaa-ajattelijat ry. ja sen kotipaikka on Turku. 2 \u00a7 Tarkoitus ja toiminnan laatu Yhdistyksen tarkoituksena &#8230; <a title=\"Yhdistyksen s\u00e4\u00e4nn\u00f6t\" class=\"read-more\" href=\"https:\/\/vapaa-ajattelijat.fi\/turku\/tietoa-yhdistyksesta-kirjasto\/yhdistyksen-saannot\/\" aria-label=\"Lue lis\u00e4\u00e4 aiheesta Yhdistyksen s\u00e4\u00e4nn\u00f6t\">Lue lis\u00e4\u00e4<\/a><\/p>\n","protected":false},"author":30,"featured_media":0,"parent":32,"menu_order":10,"comment_status":"closed","ping_status":"closed","template":"","meta":{"footnotes":"","_links_to":"","_links_to_target":""},"class_list":["post-1219","page","type-page","status-publish"],"_links":{"self":[{"href":"https:\/\/vapaa-ajattelijat.fi\/turku\/wp-json\/wp\/v2\/pages\/1219","targetHints":{"allow":["GET"]}}],"collection":[{"href":"https:\/\/vapaa-ajattelijat.fi\/turku\/wp-json\/wp\/v2\/pages"}],"about":[{"href":"https:\/\/vapaa-ajattelijat.fi\/turku\/wp-json\/wp\/v2\/types\/page"}],"author":[{"embeddable":true,"href":"https:\/\/vapaa-ajattelijat.fi\/turku\/wp-json\/wp\/v2\/users\/30"}],"replies":[{"embeddable":true,"href":"https:\/\/vapaa-ajattelijat.fi\/turku\/wp-json\/wp\/v2\/comments?post=1219"}],"version-history":[{"count":7,"href":"https:\/\/vapaa-ajattelijat.fi\/turku\/wp-json\/wp\/v2\/pages\/1219\/revisions"}],"predecessor-version":[{"id":2376,"href":"https:\/\/vapaa-ajattelijat.fi\/turku\/wp-json\/wp\/v2\/pages\/1219\/revisions\/2376"}],"up":[{"embeddable":true,"href":"https:\/\/vapaa-ajattelijat.fi\/turku\/wp-json\/wp\/v2\/pages\/32"}],"wp:attachment":[{"href":"https:\/\/vapaa-ajattelijat.fi\/turku\/wp-json\/wp\/v2\/media?parent=1219"}],"curies":[{"name":"wp","href":"https:\/\/api.w.org\/{rel}","templated":true}]}}