{"id":1129,"date":"2019-01-22T18:23:24","date_gmt":"2019-01-22T16:23:24","guid":{"rendered":"http:\/\/vapaa-ajattelijat.fi\/turku\/?page_id=1129"},"modified":"2023-01-09T11:00:10","modified_gmt":"2023-01-09T09:00:10","slug":"svenska","status":"publish","type":"page","link":"https:\/\/vapaa-ajattelijat.fi\/turku\/svenska\/","title":{"rendered":"\u00c5bo Frit\u00e4nkare"},"content":{"rendered":"\r\n<h3 class=\"wp-block-heading\"><span style=\"color: #0000ff\">Frit\u00e4nkarna i \u00c5bo<\/span><\/h3>\r\n\r\n\r\n\r\n<p>\u00e4r en lokalf\u00f6rening tillh\u00f6rande Frit\u00e4nkarnas f\u00f6rbund, en nationell r\u00e4ttsorganisation f\u00f6r icke-religi\u00f6sa. Vi verkar f\u00f6r \u00e5siktsfrihet och bevakar icke-religi\u00f6sa m\u00e4nniskors r\u00e4ttigheter i samarbete med bl.a. \u00c5bo Humanistf\u00f6rening och andra l\u00e4mpliga partners. Vi mots\u00e4tter oss utnyttjandet av religioner som maktmedel, religi\u00f6sa privilegier och systemet med en statskyrka som strider mot den grundlagsenliga religionsfriheten. Du hittar mera information om oss nedan i verksamhetsplanen och i f\u00f6reningens stadgar (som tyv\u00e4rr endast finns p\u00e5 finska).<\/p>\r\n\r\n\r\n\r\n<p><a href=\"https:\/\/vapaa-ajattelijat.fi\/turku\/tietoa-yhdistyksesta-kirjasto\/toimintasuunnitelma\/\">Toimintasuunnitelma<\/a><\/p>\r\n\r\n\r\n\r\n<p><a href=\"https:\/\/vapaa-ajattelijat.fi\/turku\/tietoa-yhdistyksesta\/yhdistyksen-saannot\/\">Yhdistyksen s\u00e4\u00e4nn\u00f6t<\/a><\/p>\r\n\r\n\r\n\r\n<h4 class=\"wp-block-heading\">Styrelsen (vald p\u00e5 \u00e5rsm\u00f6tet 17.11.2022)<\/h4>\r\n<p><strong>Ordinarie medlemmar:<\/strong><\/p>\r\n\r\n\r\n\r\n<ul class=\"wp-block-list\">\r\n<li><em>Ritva Ahonen<\/em>, ordf\u00f6rande,\u00a0 <a href=\"mailto:puheenjohtaja.turku@vapaa-ajattelijat.fi\">puheenjohtaja.turku@vapaa-ajattelijat.fi<\/a><\/li>\r\n<li><em>Stig-G\u00f6ran Lindqvist<\/em>, viceordf\u00f6rande<\/li>\r\n<li><em>Turkka Lintula<\/em>, sekreterare<\/li>\r\n<li><em>Pentti Jylkk\u00e4<\/em>, ekonomiansvarig<\/li>\r\n<li>Anu Salminen, underh\u00e5llet av medlemsregistret och e-postlistorna. <a href=\"mailto:jasenasiat.turku@vapaa-ajattelijat.fi\">jasenasiat.turku@vapaa-ajattelijat.fi<\/a><\/li>\r\n<li><em>Eero K.V. Suorsa<\/em>, utvecklingsansvarig<\/li>\r\n<li><em>Michele Alppi<\/em>, utvecklingen av v\u00e5rden i livets slutskede, och icke-religi\u00f6sas m\u00e4nniskors r\u00e4ttigheter i \u00c5bo-regionen<\/li>\r\n<\/ul>\r\n\r\n\r\n\r\n<p><strong>Suppleanter i ordningsf\u00f6ljd:<\/strong><\/p>\r\n<ol>\r\n<li><em>Mikko Hangelmaa<\/em><\/li>\r\n<li><em>Mikko M\u00e4kitalo<\/em><\/li>\r\n<li><em>Ritva Sipil\u00e4inen<\/em><\/li>\r\n<\/ol>\r\n\r\n\r\n\r\n\r\n\r\n\r\n\r\n\r\n\r\n<p><!--EndFragment--><\/p>\r\n\r\n\r\n\r\n<p><!--EndFragment--><\/p>","protected":false},"excerpt":{"rendered":"<p>Frit\u00e4nkarna i \u00c5bo \u00e4r en lokalf\u00f6rening tillh\u00f6rande Frit\u00e4nkarnas f\u00f6rbund, en nationell r\u00e4ttsorganisation f\u00f6r icke-religi\u00f6sa. Vi verkar f\u00f6r \u00e5siktsfrihet och bevakar icke-religi\u00f6sa m\u00e4nniskors r\u00e4ttigheter i samarbete med bl.a. \u00c5bo Humanistf\u00f6rening och &#8230; <a title=\"\u00c5bo Frit\u00e4nkare\" class=\"read-more\" href=\"https:\/\/vapaa-ajattelijat.fi\/turku\/svenska\/\" aria-label=\"Lue lis\u00e4\u00e4 aiheesta \u00c5bo Frit\u00e4nkare\">Lue lis\u00e4\u00e4<\/a><\/p>\n","protected":false},"author":30,"featured_media":0,"parent":0,"menu_order":1,"comment_status":"closed","ping_status":"closed","template":"","meta":{"footnotes":"","_links_to":"","_links_to_target":""},"class_list":["post-1129","page","type-page","status-publish"],"_links":{"self":[{"href":"https:\/\/vapaa-ajattelijat.fi\/turku\/wp-json\/wp\/v2\/pages\/1129","targetHints":{"allow":["GET"]}}],"collection":[{"href":"https:\/\/vapaa-ajattelijat.fi\/turku\/wp-json\/wp\/v2\/pages"}],"about":[{"href":"https:\/\/vapaa-ajattelijat.fi\/turku\/wp-json\/wp\/v2\/types\/page"}],"author":[{"embeddable":true,"href":"https:\/\/vapaa-ajattelijat.fi\/turku\/wp-json\/wp\/v2\/users\/30"}],"replies":[{"embeddable":true,"href":"https:\/\/vapaa-ajattelijat.fi\/turku\/wp-json\/wp\/v2\/comments?post=1129"}],"version-history":[{"count":27,"href":"https:\/\/vapaa-ajattelijat.fi\/turku\/wp-json\/wp\/v2\/pages\/1129\/revisions"}],"predecessor-version":[{"id":2551,"href":"https:\/\/vapaa-ajattelijat.fi\/turku\/wp-json\/wp\/v2\/pages\/1129\/revisions\/2551"}],"wp:attachment":[{"href":"https:\/\/vapaa-ajattelijat.fi\/turku\/wp-json\/wp\/v2\/media?parent=1129"}],"curies":[{"name":"wp","href":"https:\/\/api.w.org\/{rel}","templated":true}]}}