{"id":1329,"date":"2025-04-25T10:07:48","date_gmt":"2025-04-25T07:07:48","guid":{"rendered":"https:\/\/vapaa-ajattelijat.fi\/tampere\/?post_type=product&#038;p=1329"},"modified":"2025-04-28T15:00:08","modified_gmt":"2025-04-28T12:00:08","slug":"kastamaton-ja-vapaa-t-paita-parraton-malli","status":"publish","type":"product","link":"https:\/\/vapaa-ajattelijat.fi\/tampere\/tuote\/kastamaton-ja-vapaa-t-paita-parraton-malli\/","title":{"rendered":"Kastamaton ja vapaa &#8211; tuotteet, parraton malli."},"content":{"rendered":"","protected":false},"excerpt":{"rendered":"<p>T-paita, jolla osoitat humoristisella tavalla olevasi vapaa-ajattelija. Her\u00e4tt\u00e4\u00e4 varmasti keskustelua!<\/p>\n<p><em>T\u00e4m\u00e4 tuote on ostettavissa SpreadShirt-sivustolla, josta l\u00f6yd\u00e4t my\u00f6s muita Tampereen vaparien tuotteita monissa eri v\u00e4reiss\u00e4 ja malleissa. <a href=\"https:\/\/tampereen-vapaa-ajattelijat.myspreadshop.fi\/all\">Katso koko valikoima<\/a>!<\/em><\/p>\n","protected":false},"featured_media":1330,"comment_status":"closed","ping_status":"closed","template":"","meta":[],"product_brand":[],"product_cat":[41,42],"product_tag":[],"class_list":{"0":"post-1329","1":"product","2":"type-product","3":"status-publish","4":"has-post-thumbnail","6":"product_cat-spreadshirt","7":"product_cat-t-paidat","9":"first","10":"instock","11":"shipping-taxable","12":"product-type-external"},"yoast_head":"<!-- This site is optimized with the Yoast SEO plugin v27.4 - https:\/\/yoast.com\/product\/yoast-seo-wordpress\/ -->\n<title>Kastamaton ja vapaa - tuotteet, parraton malli. - Tampereen vapaa-ajattelijat<\/title>\n<meta name=\"robots\" content=\"index, follow, max-snippet:-1, max-image-preview:large, max-video-preview:-1\" \/>\n<link rel=\"canonical\" href=\"https:\/\/vapaa-ajattelijat.fi\/tampere\/tuote\/kastamaton-ja-vapaa-t-paita-parraton-malli\/\" \/>\n<meta property=\"og:locale\" content=\"fi_FI\" \/>\n<meta property=\"og:type\" content=\"article\" \/>\n<meta property=\"og:title\" content=\"Kastamaton ja vapaa - tuotteet, parraton malli. - Tampereen vapaa-ajattelijat\" \/>\n<meta property=\"og:description\" content=\"T-paita, jolla osoitat humoristisella tavalla olevasi vapaa-ajattelija. Her\u00e4tt\u00e4\u00e4 varmasti keskustelua!  T\u00e4m\u00e4 tuote on ostettavissa SpreadShirt-sivustolla, josta l\u00f6yd\u00e4t my\u00f6s muita Tampereen vaparien tuotteita monissa eri v\u00e4reiss\u00e4 ja malleissa. Katso koko valikoima!\" \/>\n<meta property=\"og:url\" content=\"https:\/\/vapaa-ajattelijat.fi\/tampere\/tuote\/kastamaton-ja-vapaa-t-paita-parraton-malli\/\" \/>\n<meta property=\"og:site_name\" content=\"Tampereen vapaa-ajattelijat\" \/>\n<meta property=\"article:modified_time\" content=\"2025-04-28T12:00:08+00:00\" \/>\n<meta property=\"og:image\" content=\"https:\/\/vapaa-ajattelijat.fi\/tampere\/wp-content\/uploads\/sites\/16\/2025\/04\/kastamaton-ja-vapaa-akkeli-miesten-t-paita1.jpg\" \/>\n\t<meta property=\"og:image:width\" content=\"800\" \/>\n\t<meta property=\"og:image:height\" content=\"800\" \/>\n\t<meta property=\"og:image:type\" content=\"image\/jpeg\" \/>\n<meta name=\"twitter:card\" content=\"summary_large_image\" \/>\n<meta name=\"twitter:label1\" content=\"Arvioitu lukuaika\" \/>\n\t<meta name=\"twitter:data1\" content=\"1 minuutti\" \/>\n<script type=\"application\/ld+json\" class=\"yoast-schema-graph\">{\"@context\":\"https:\\\/\\\/schema.org\",\"@graph\":[{\"@type\":\"WebPage\",\"@id\":\"https:\\\/\\\/vapaa-ajattelijat.fi\\\/tampere\\\/tuote\\\/kastamaton-ja-vapaa-t-paita-parraton-malli\\\/\",\"url\":\"https:\\\/\\\/vapaa-ajattelijat.fi\\\/tampere\\\/tuote\\\/kastamaton-ja-vapaa-t-paita-parraton-malli\\\/\",\"name\":\"Kastamaton ja vapaa - tuotteet, parraton malli. - Tampereen vapaa-ajattelijat\",\"isPartOf\":{\"@id\":\"https:\\\/\\\/vapaa-ajattelijat.fi\\\/tampere\\\/#website\"},\"primaryImageOfPage\":{\"@id\":\"https:\\\/\\\/vapaa-ajattelijat.fi\\\/tampere\\\/tuote\\\/kastamaton-ja-vapaa-t-paita-parraton-malli\\\/#primaryimage\"},\"image\":{\"@id\":\"https:\\\/\\\/vapaa-ajattelijat.fi\\\/tampere\\\/tuote\\\/kastamaton-ja-vapaa-t-paita-parraton-malli\\\/#primaryimage\"},\"thumbnailUrl\":\"https:\\\/\\\/vapaa-ajattelijat.fi\\\/tampere\\\/wp-content\\\/uploads\\\/sites\\\/16\\\/2025\\\/04\\\/kastamaton-ja-vapaa-akkeli-miesten-t-paita1.jpg\",\"datePublished\":\"2025-04-25T07:07:48+00:00\",\"dateModified\":\"2025-04-28T12:00:08+00:00\",\"breadcrumb\":{\"@id\":\"https:\\\/\\\/vapaa-ajattelijat.fi\\\/tampere\\\/tuote\\\/kastamaton-ja-vapaa-t-paita-parraton-malli\\\/#breadcrumb\"},\"inLanguage\":\"fi\",\"potentialAction\":[{\"@type\":\"ReadAction\",\"target\":[\"https:\\\/\\\/vapaa-ajattelijat.fi\\\/tampere\\\/tuote\\\/kastamaton-ja-vapaa-t-paita-parraton-malli\\\/\"]}]},{\"@type\":\"ImageObject\",\"inLanguage\":\"fi\",\"@id\":\"https:\\\/\\\/vapaa-ajattelijat.fi\\\/tampere\\\/tuote\\\/kastamaton-ja-vapaa-t-paita-parraton-malli\\\/#primaryimage\",\"url\":\"https:\\\/\\\/vapaa-ajattelijat.fi\\\/tampere\\\/wp-content\\\/uploads\\\/sites\\\/16\\\/2025\\\/04\\\/kastamaton-ja-vapaa-akkeli-miesten-t-paita1.jpg\",\"contentUrl\":\"https:\\\/\\\/vapaa-ajattelijat.fi\\\/tampere\\\/wp-content\\\/uploads\\\/sites\\\/16\\\/2025\\\/04\\\/kastamaton-ja-vapaa-akkeli-miesten-t-paita1.jpg\",\"width\":800,\"height\":800},{\"@type\":\"BreadcrumbList\",\"@id\":\"https:\\\/\\\/vapaa-ajattelijat.fi\\\/tampere\\\/tuote\\\/kastamaton-ja-vapaa-t-paita-parraton-malli\\\/#breadcrumb\",\"itemListElement\":[{\"@type\":\"ListItem\",\"position\":1,\"name\":\"Etusivu\",\"item\":\"https:\\\/\\\/vapaa-ajattelijat.fi\\\/tampere\\\/\"},{\"@type\":\"ListItem\",\"position\":2,\"name\":\"Tuotteet\",\"item\":\"https:\\\/\\\/vapaa-ajattelijat.fi\\\/tampere\\\/kauppa\\\/\"},{\"@type\":\"ListItem\",\"position\":3,\"name\":\"Kastamaton ja vapaa &#8211; tuotteet, parraton malli.\"}]},{\"@type\":\"WebSite\",\"@id\":\"https:\\\/\\\/vapaa-ajattelijat.fi\\\/tampere\\\/#website\",\"url\":\"https:\\\/\\\/vapaa-ajattelijat.fi\\\/tampere\\\/\",\"name\":\"Tampereen vapaa-ajattelijat\",\"description\":\"\",\"publisher\":{\"@id\":\"https:\\\/\\\/vapaa-ajattelijat.fi\\\/tampere\\\/#organization\"},\"potentialAction\":[{\"@type\":\"SearchAction\",\"target\":{\"@type\":\"EntryPoint\",\"urlTemplate\":\"https:\\\/\\\/vapaa-ajattelijat.fi\\\/tampere\\\/?s={search_term_string}\"},\"query-input\":{\"@type\":\"PropertyValueSpecification\",\"valueRequired\":true,\"valueName\":\"search_term_string\"}}],\"inLanguage\":\"fi\"},{\"@type\":\"Organization\",\"@id\":\"https:\\\/\\\/vapaa-ajattelijat.fi\\\/tampere\\\/#organization\",\"name\":\"Tampereen vapaa-ajattelijat\",\"url\":\"https:\\\/\\\/vapaa-ajattelijat.fi\\\/tampere\\\/\",\"logo\":{\"@type\":\"ImageObject\",\"inLanguage\":\"fi\",\"@id\":\"https:\\\/\\\/vapaa-ajattelijat.fi\\\/tampere\\\/#\\\/schema\\\/logo\\\/image\\\/\",\"url\":\"https:\\\/\\\/vapaa-ajattelijat.fi\\\/tampere\\\/wp-content\\\/uploads\\\/sites\\\/16\\\/2020\\\/10\\\/tava_logo2.jpg\",\"contentUrl\":\"https:\\\/\\\/vapaa-ajattelijat.fi\\\/tampere\\\/wp-content\\\/uploads\\\/sites\\\/16\\\/2020\\\/10\\\/tava_logo2.jpg\",\"width\":965,\"height\":180,\"caption\":\"Tampereen vapaa-ajattelijat\"},\"image\":{\"@id\":\"https:\\\/\\\/vapaa-ajattelijat.fi\\\/tampere\\\/#\\\/schema\\\/logo\\\/image\\\/\"}}]}<\/script>\n<!-- \/ Yoast SEO plugin. -->","yoast_head_json":{"title":"Kastamaton ja vapaa - tuotteet, parraton malli. - Tampereen vapaa-ajattelijat","robots":{"index":"index","follow":"follow","max-snippet":"max-snippet:-1","max-image-preview":"max-image-preview:large","max-video-preview":"max-video-preview:-1"},"canonical":"https:\/\/vapaa-ajattelijat.fi\/tampere\/tuote\/kastamaton-ja-vapaa-t-paita-parraton-malli\/","og_locale":"fi_FI","og_type":"article","og_title":"Kastamaton ja vapaa - tuotteet, parraton malli. - Tampereen vapaa-ajattelijat","og_description":"T-paita, jolla osoitat humoristisella tavalla olevasi vapaa-ajattelija. Her\u00e4tt\u00e4\u00e4 varmasti keskustelua!  T\u00e4m\u00e4 tuote on ostettavissa SpreadShirt-sivustolla, josta l\u00f6yd\u00e4t my\u00f6s muita Tampereen vaparien tuotteita monissa eri v\u00e4reiss\u00e4 ja malleissa. Katso koko valikoima!","og_url":"https:\/\/vapaa-ajattelijat.fi\/tampere\/tuote\/kastamaton-ja-vapaa-t-paita-parraton-malli\/","og_site_name":"Tampereen vapaa-ajattelijat","article_modified_time":"2025-04-28T12:00:08+00:00","og_image":[{"width":800,"height":800,"url":"https:\/\/vapaa-ajattelijat.fi\/tampere\/wp-content\/uploads\/sites\/16\/2025\/04\/kastamaton-ja-vapaa-akkeli-miesten-t-paita1.jpg","type":"image\/jpeg"}],"twitter_card":"summary_large_image","twitter_misc":{"Arvioitu lukuaika":"1 minuutti"},"schema":{"@context":"https:\/\/schema.org","@graph":[{"@type":"WebPage","@id":"https:\/\/vapaa-ajattelijat.fi\/tampere\/tuote\/kastamaton-ja-vapaa-t-paita-parraton-malli\/","url":"https:\/\/vapaa-ajattelijat.fi\/tampere\/tuote\/kastamaton-ja-vapaa-t-paita-parraton-malli\/","name":"Kastamaton ja vapaa - tuotteet, parraton malli. - Tampereen vapaa-ajattelijat","isPartOf":{"@id":"https:\/\/vapaa-ajattelijat.fi\/tampere\/#website"},"primaryImageOfPage":{"@id":"https:\/\/vapaa-ajattelijat.fi\/tampere\/tuote\/kastamaton-ja-vapaa-t-paita-parraton-malli\/#primaryimage"},"image":{"@id":"https:\/\/vapaa-ajattelijat.fi\/tampere\/tuote\/kastamaton-ja-vapaa-t-paita-parraton-malli\/#primaryimage"},"thumbnailUrl":"https:\/\/vapaa-ajattelijat.fi\/tampere\/wp-content\/uploads\/sites\/16\/2025\/04\/kastamaton-ja-vapaa-akkeli-miesten-t-paita1.jpg","datePublished":"2025-04-25T07:07:48+00:00","dateModified":"2025-04-28T12:00:08+00:00","breadcrumb":{"@id":"https:\/\/vapaa-ajattelijat.fi\/tampere\/tuote\/kastamaton-ja-vapaa-t-paita-parraton-malli\/#breadcrumb"},"inLanguage":"fi","potentialAction":[{"@type":"ReadAction","target":["https:\/\/vapaa-ajattelijat.fi\/tampere\/tuote\/kastamaton-ja-vapaa-t-paita-parraton-malli\/"]}]},{"@type":"ImageObject","inLanguage":"fi","@id":"https:\/\/vapaa-ajattelijat.fi\/tampere\/tuote\/kastamaton-ja-vapaa-t-paita-parraton-malli\/#primaryimage","url":"https:\/\/vapaa-ajattelijat.fi\/tampere\/wp-content\/uploads\/sites\/16\/2025\/04\/kastamaton-ja-vapaa-akkeli-miesten-t-paita1.jpg","contentUrl":"https:\/\/vapaa-ajattelijat.fi\/tampere\/wp-content\/uploads\/sites\/16\/2025\/04\/kastamaton-ja-vapaa-akkeli-miesten-t-paita1.jpg","width":800,"height":800},{"@type":"BreadcrumbList","@id":"https:\/\/vapaa-ajattelijat.fi\/tampere\/tuote\/kastamaton-ja-vapaa-t-paita-parraton-malli\/#breadcrumb","itemListElement":[{"@type":"ListItem","position":1,"name":"Etusivu","item":"https:\/\/vapaa-ajattelijat.fi\/tampere\/"},{"@type":"ListItem","position":2,"name":"Tuotteet","item":"https:\/\/vapaa-ajattelijat.fi\/tampere\/kauppa\/"},{"@type":"ListItem","position":3,"name":"Kastamaton ja vapaa &#8211; tuotteet, parraton malli."}]},{"@type":"WebSite","@id":"https:\/\/vapaa-ajattelijat.fi\/tampere\/#website","url":"https:\/\/vapaa-ajattelijat.fi\/tampere\/","name":"Tampereen vapaa-ajattelijat","description":"","publisher":{"@id":"https:\/\/vapaa-ajattelijat.fi\/tampere\/#organization"},"potentialAction":[{"@type":"SearchAction","target":{"@type":"EntryPoint","urlTemplate":"https:\/\/vapaa-ajattelijat.fi\/tampere\/?s={search_term_string}"},"query-input":{"@type":"PropertyValueSpecification","valueRequired":true,"valueName":"search_term_string"}}],"inLanguage":"fi"},{"@type":"Organization","@id":"https:\/\/vapaa-ajattelijat.fi\/tampere\/#organization","name":"Tampereen vapaa-ajattelijat","url":"https:\/\/vapaa-ajattelijat.fi\/tampere\/","logo":{"@type":"ImageObject","inLanguage":"fi","@id":"https:\/\/vapaa-ajattelijat.fi\/tampere\/#\/schema\/logo\/image\/","url":"https:\/\/vapaa-ajattelijat.fi\/tampere\/wp-content\/uploads\/sites\/16\/2020\/10\/tava_logo2.jpg","contentUrl":"https:\/\/vapaa-ajattelijat.fi\/tampere\/wp-content\/uploads\/sites\/16\/2020\/10\/tava_logo2.jpg","width":965,"height":180,"caption":"Tampereen vapaa-ajattelijat"},"image":{"@id":"https:\/\/vapaa-ajattelijat.fi\/tampere\/#\/schema\/logo\/image\/"}}]}},"_links":{"self":[{"href":"https:\/\/vapaa-ajattelijat.fi\/tampere\/wp-json\/wp\/v2\/product\/1329","targetHints":{"allow":["GET"]}}],"collection":[{"href":"https:\/\/vapaa-ajattelijat.fi\/tampere\/wp-json\/wp\/v2\/product"}],"about":[{"href":"https:\/\/vapaa-ajattelijat.fi\/tampere\/wp-json\/wp\/v2\/types\/product"}],"replies":[{"embeddable":true,"href":"https:\/\/vapaa-ajattelijat.fi\/tampere\/wp-json\/wp\/v2\/comments?post=1329"}],"wp:featuredmedia":[{"embeddable":true,"href":"https:\/\/vapaa-ajattelijat.fi\/tampere\/wp-json\/wp\/v2\/media\/1330"}],"wp:attachment":[{"href":"https:\/\/vapaa-ajattelijat.fi\/tampere\/wp-json\/wp\/v2\/media?parent=1329"}],"wp:term":[{"taxonomy":"product_brand","embeddable":true,"href":"https:\/\/vapaa-ajattelijat.fi\/tampere\/wp-json\/wp\/v2\/product_brand?post=1329"},{"taxonomy":"product_cat","embeddable":true,"href":"https:\/\/vapaa-ajattelijat.fi\/tampere\/wp-json\/wp\/v2\/product_cat?post=1329"},{"taxonomy":"product_tag","embeddable":true,"href":"https:\/\/vapaa-ajattelijat.fi\/tampere\/wp-json\/wp\/v2\/product_tag?post=1329"}],"curies":[{"name":"wp","href":"https:\/\/api.w.org\/{rel}","templated":true}]}}