{"id":924,"date":"2023-05-03T20:30:30","date_gmt":"2023-05-03T17:30:30","guid":{"rendered":"https:\/\/vapaa-ajattelijat.fi\/tampere\/?page_id=924"},"modified":"2023-05-03T20:38:24","modified_gmt":"2023-05-03T17:38:24","slug":"kulukorvaus","status":"publish","type":"page","link":"https:\/\/vapaa-ajattelijat.fi\/tampere\/kulukorvaus\/","title":{"rendered":"Kulukorvaus"},"content":{"rendered":"\n<div class=\"wpcf7 no-js\" id=\"wpcf7-f923-o1\" lang=\"fi\" dir=\"ltr\" data-wpcf7-id=\"923\">\n<div class=\"screen-reader-response\"><p role=\"status\" aria-live=\"polite\" aria-atomic=\"true\"><\/p> <ul><\/ul><\/div>\n<form action=\"\/tampere\/wp-json\/wp\/v2\/pages\/924#wpcf7-f923-o1\" method=\"post\" class=\"wpcf7-form init\" aria-label=\"Yhteydenottolomake\" enctype=\"multipart\/form-data\" novalidate=\"novalidate\" data-status=\"init\">\n<fieldset class=\"hidden-fields-container\"><input type=\"hidden\" name=\"_wpcf7\" value=\"923\" \/><input type=\"hidden\" name=\"_wpcf7_version\" value=\"6.1.5\" \/><input type=\"hidden\" name=\"_wpcf7_locale\" value=\"fi\" \/><input type=\"hidden\" name=\"_wpcf7_unit_tag\" value=\"wpcf7-f923-o1\" \/><input type=\"hidden\" name=\"_wpcf7_container_post\" value=\"0\" \/><input type=\"hidden\" name=\"_wpcf7_posted_data_hash\" value=\"\" \/>\n<\/fieldset>\n<div id=\"kulukorvauslomake\">\n<span class=\"wpcf7-form-control-wrap\" data-name=\"Hakemuksen_tyyppi\"><select class=\"wpcf7-form-control wpcf7-select wpcf7-validates-as-required\" id=\"tyyppi-select\" aria-required=\"true\" aria-invalid=\"false\" name=\"Hakemuksen_tyyppi\"><option value=\"Valitse hakemuksen tyyppi...\">Valitse hakemuksen tyyppi...<\/option><option value=\"Kilometrikorvaus\">Kilometrikorvaus<\/option><option value=\"Kulukorvaus kuittia vastaan\">Kulukorvaus kuittia vastaan<\/option><\/select><\/span><br>\n<div id=\"lomaketiedot\" style=\"display:none;\">\n <span class=\"wpcf7-form-control-wrap\" data-name=\"nimi\"><input size=\"40\" maxlength=\"400\" class=\"wpcf7-form-control wpcf7-text wpcf7-validates-as-required validate\" aria-required=\"true\" aria-invalid=\"false\" placeholder=\"Korvauksen saajan nimi\" value=\"\" type=\"text\" name=\"nimi\" \/><\/span>\n <span class=\"wpcf7-form-control-wrap\" data-name=\"email\"><input size=\"40\" maxlength=\"400\" class=\"wpcf7-form-control wpcf7-email wpcf7-validates-as-required wpcf7-text wpcf7-validates-as-email\" aria-required=\"true\" aria-invalid=\"false\" placeholder=\"S\u00e4hk\u00f6posti\" value=\"\" type=\"email\" name=\"email\" \/><\/span>\n <span class=\"wpcf7-form-control-wrap\" data-name=\"tilinro\"><input size=\"40\" maxlength=\"400\" class=\"wpcf7-form-control wpcf7-text wpcf7-validates-as-required\" aria-required=\"true\" aria-invalid=\"false\" placeholder=\"Korvauksen saajan tilinumero\" value=\"\" type=\"text\" name=\"tilinro\" \/><\/span>\n <span class=\"wpcf7-form-control-wrap\" data-name=\"viite\"><input size=\"40\" maxlength=\"400\" class=\"wpcf7-form-control wpcf7-text\" aria-invalid=\"false\" placeholder=\"Mahdollinen viitenumero\" value=\"\" type=\"text\" name=\"viite\" \/><\/span>\n <span class=\"wpcf7-form-control-wrap\" data-name=\"tarkoitus\"><input size=\"40\" maxlength=\"400\" class=\"wpcf7-form-control wpcf7-text wpcf7-validates-as-required\" aria-required=\"true\" aria-invalid=\"false\" placeholder=\"Matkan\/kulujen tarkoitus\" value=\"\" type=\"text\" name=\"tarkoitus\" \/><\/span>\n<div id=\"km-korvaus\">\n  <span class=\"wpcf7-form-control-wrap\" data-name=\"hetu\"><input size=\"40\" maxlength=\"400\" class=\"wpcf7-form-control wpcf7-text requ\" aria-invalid=\"false\" placeholder=\"Henkil\u00f6tunnus\" value=\"\" type=\"text\" name=\"hetu\" \/><\/span>\n  <small style=\"display:block;\">Hetu vaaditaan tulorekisteri\u00e4 varten<\/small>\n  <span class=\"wpcf7-form-control-wrap\" data-name=\"reitti\"><input size=\"40\" maxlength=\"400\" class=\"wpcf7-form-control wpcf7-text requ\" aria-invalid=\"false\" placeholder=\"Matkareitti\" value=\"\" type=\"text\" name=\"reitti\" \/><\/span><br><br>\n  <h3>Kilometrikorvaus<\/h3>\n  <span class=\"kulukorvaus-narrow\"><span class=\"wpcf7-form-control-wrap\" data-name=\"km\"><input size=\"40\" maxlength=\"400\" class=\"wpcf7-form-control wpcf7-text requ kulukorvaus-narrow\" id=\"km\" aria-invalid=\"false\" placeholder=\"Kilometri\u00e4 yhteens\u00e4\" value=\"\" type=\"text\" name=\"km\" \/><\/span> km<\/span><br>\n  <span class=\"kulukorvaus-narrow\"><span class=\"wpcf7-form-control-wrap\" data-name=\"kilometrikorvaus\"><input size=\"40\" maxlength=\"400\" class=\"wpcf7-form-control wpcf7-text requ kulukorvaus-narrow\" id=\"kme\" aria-invalid=\"false\" placeholder=\"km-korvaus\" value=\"\" type=\"text\" name=\"kilometrikorvaus\" \/><\/span> \u20ac<\/span><br>\n  <a href=\"https:\/\/www.vero.fi\/henkiloasiakkaat\/auto\/kilometrikorvaus_ja_paivaraha\/\">Tarkista km-korvauksen m\u00e4\u00e4r\u00e4 Verottajan sivuilta<\/a><br>\n  <small>Voit valita my\u00f6s pienemm\u00e4n summan<\/small><br><br>\n <\/div>\n <h3 id=\"kulut-muut-title\">Muut kulut<\/h3>\n <span class=\"kulukorvaus-narrow\"><span class=\"wpcf7-form-control-wrap\" data-name=\"muutkulut\"><input size=\"40\" maxlength=\"400\" class=\"wpcf7-form-control wpcf7-text kulukorvaus-narrow\" id=\"muut\" aria-invalid=\"false\" placeholder=\"Muut kulut yhteens\u00e4\" value=\"\" type=\"text\" name=\"muutkulut\" \/><\/span> \u20ac<\/span><br>\n <span class=\"wpcf7-form-control-wrap\" data-name=\"info\"><textarea cols=\"40\" rows=\"10\" maxlength=\"2000\" class=\"wpcf7-form-control wpcf7-textarea\" id=\"infotext\" aria-invalid=\"false\" placeholder=\"Muiden kulujen selite tai muu lis\u00e4tieto\" name=\"info\"><\/textarea><\/span><br><br>\n <h5 id=\"kulut-yht-title\">Kulut yhteens\u00e4<\/h5>\n <span class=\"wpcf7-form-control-wrap\" data-name=\"yht\"><input size=\"40\" maxlength=\"400\" class=\"wpcf7-form-control wpcf7-text\" id=\"kulut-yht\" aria-invalid=\"false\" value=\"\" type=\"text\" name=\"yht\" \/><\/span>\n<hr>\n <h3>Tiedostoliite<\/h3>\n <span class=\"wpcf7-form-control-wrap\" data-name=\"liite\"><input size=\"40\" class=\"wpcf7-form-control wpcf7-file\" accept=\"image\/*,application\/pdf\" aria-invalid=\"false\" type=\"file\" name=\"liite\" \/><\/span><br><br>\n <input class=\"wpcf7-form-control wpcf7-submit has-spinner\" type=\"submit\" value=\"L\u00e4het\u00e4 hakemus\" \/>\n\n<\/div>\n<\/div>\n<script>\nif(document.readyState !== \"loading\") {\n    runStuffNow();\n}else {\n    document.addEventListener(\"DOMContentLoaded\", function () {\n        runStuffNow();\n    });\n}\nfunction runStuffNow(){\n $=jQuery;\n $(\"#tyyppi-select\").on('change', function(){\n  $(\"#lomaketiedot\").show();\n  if( $(this).val() == \"Kulukorvaus kuittia vastaan\" ){\n    $(\"#km-korvaus, #kulut-yht-title, #kulut-muut-title\").hide();\n    $(\"#km-korvaus input\").prop('required', false);\n    $(\"#tyyppi-select\").parent().hide();\n    $(\"#kulut-yht\").parent().hide();\n    $(\"#muut\").prop('placeholder', 'Kulut yhteens\u00e4');\n    $(\"#infotext\").prop('placeholder', 'Kulujen selite tai muu lis\u00e4tieto');\n  }else{\n    $(\".requ\").property('required', true);\n  }\n });\n $(\"input\").on('change', function(){\n   let km = parseFloat($(\"#km\").val().replace(',','.'));\n   let kme = parseFloat($(\"#kme\").val().replace(',','.'));\n   let muut = parseFloat($(\"#muut\").val().replace(',','.'));\n   muut = isNaN(muut)? 0 : muut;\n   kme = isNaN(kme)? 0 : kme;\n   km = isNaN(km)? 0 : km;\n   console.log(km, kme, muut);\n   const yht = (km*kme)+muut;\n   $(\"#kulut-yht\").val(yht.toFixed(2));\n });\n}\n<\/script><div class=\"wpcf7-response-output\" aria-hidden=\"true\"><\/div>\n<\/form>\n<\/div>\n\n","protected":false},"excerpt":{"rendered":"","protected":false},"author":26,"featured_media":0,"parent":0,"menu_order":0,"comment_status":"closed","ping_status":"closed","template":"","meta":{"footnotes":""},"class_list":["post-924","page","type-page","status-publish"],"yoast_head":"<!-- This site is optimized with the Yoast SEO plugin v27.4 - https:\/\/yoast.com\/product\/yoast-seo-wordpress\/ -->\n<title>Kulukorvaus - Tampereen vapaa-ajattelijat<\/title>\n<meta name=\"robots\" content=\"index, follow, max-snippet:-1, max-image-preview:large, max-video-preview:-1\" \/>\n<link rel=\"canonical\" href=\"https:\/\/vapaa-ajattelijat.fi\/tampere\/kulukorvaus\/\" \/>\n<meta property=\"og:locale\" content=\"fi_FI\" \/>\n<meta property=\"og:type\" content=\"article\" \/>\n<meta property=\"og:title\" content=\"Kulukorvaus - Tampereen vapaa-ajattelijat\" \/>\n<meta property=\"og:url\" content=\"https:\/\/vapaa-ajattelijat.fi\/tampere\/kulukorvaus\/\" \/>\n<meta property=\"og:site_name\" content=\"Tampereen vapaa-ajattelijat\" \/>\n<meta property=\"article:modified_time\" content=\"2023-05-03T17:38:24+00:00\" \/>\n<meta property=\"og:image\" content=\"https:\/\/vapaa-ajattelijat.fi\/tampere\/wp-content\/uploads\/sites\/16\/2020\/10\/tampereen-vaparit.png\" \/>\n\t<meta property=\"og:image:width\" content=\"600\" \/>\n\t<meta property=\"og:image:height\" content=\"600\" \/>\n\t<meta property=\"og:image:type\" content=\"image\/png\" \/>\n<meta name=\"twitter:card\" content=\"summary_large_image\" \/>\n<meta name=\"twitter:label1\" content=\"Arvioitu lukuaika\" \/>\n\t<meta name=\"twitter:data1\" content=\"1 minuutti\" \/>\n<script type=\"application\/ld+json\" class=\"yoast-schema-graph\">{\"@context\":\"https:\\\/\\\/schema.org\",\"@graph\":[{\"@type\":\"WebPage\",\"@id\":\"https:\\\/\\\/vapaa-ajattelijat.fi\\\/tampere\\\/kulukorvaus\\\/\",\"url\":\"https:\\\/\\\/vapaa-ajattelijat.fi\\\/tampere\\\/kulukorvaus\\\/\",\"name\":\"Kulukorvaus - Tampereen vapaa-ajattelijat\",\"isPartOf\":{\"@id\":\"https:\\\/\\\/vapaa-ajattelijat.fi\\\/tampere\\\/#website\"},\"datePublished\":\"2023-05-03T17:30:30+00:00\",\"dateModified\":\"2023-05-03T17:38:24+00:00\",\"breadcrumb\":{\"@id\":\"https:\\\/\\\/vapaa-ajattelijat.fi\\\/tampere\\\/kulukorvaus\\\/#breadcrumb\"},\"inLanguage\":\"fi\",\"potentialAction\":[{\"@type\":\"ReadAction\",\"target\":[\"https:\\\/\\\/vapaa-ajattelijat.fi\\\/tampere\\\/kulukorvaus\\\/\"]}]},{\"@type\":\"BreadcrumbList\",\"@id\":\"https:\\\/\\\/vapaa-ajattelijat.fi\\\/tampere\\\/kulukorvaus\\\/#breadcrumb\",\"itemListElement\":[{\"@type\":\"ListItem\",\"position\":1,\"name\":\"Etusivu\",\"item\":\"https:\\\/\\\/vapaa-ajattelijat.fi\\\/tampere\\\/\"},{\"@type\":\"ListItem\",\"position\":2,\"name\":\"Kulukorvaus\"}]},{\"@type\":\"WebSite\",\"@id\":\"https:\\\/\\\/vapaa-ajattelijat.fi\\\/tampere\\\/#website\",\"url\":\"https:\\\/\\\/vapaa-ajattelijat.fi\\\/tampere\\\/\",\"name\":\"Tampereen vapaa-ajattelijat\",\"description\":\"\",\"publisher\":{\"@id\":\"https:\\\/\\\/vapaa-ajattelijat.fi\\\/tampere\\\/#organization\"},\"potentialAction\":[{\"@type\":\"SearchAction\",\"target\":{\"@type\":\"EntryPoint\",\"urlTemplate\":\"https:\\\/\\\/vapaa-ajattelijat.fi\\\/tampere\\\/?s={search_term_string}\"},\"query-input\":{\"@type\":\"PropertyValueSpecification\",\"valueRequired\":true,\"valueName\":\"search_term_string\"}}],\"inLanguage\":\"fi\"},{\"@type\":\"Organization\",\"@id\":\"https:\\\/\\\/vapaa-ajattelijat.fi\\\/tampere\\\/#organization\",\"name\":\"Tampereen vapaa-ajattelijat\",\"url\":\"https:\\\/\\\/vapaa-ajattelijat.fi\\\/tampere\\\/\",\"logo\":{\"@type\":\"ImageObject\",\"inLanguage\":\"fi\",\"@id\":\"https:\\\/\\\/vapaa-ajattelijat.fi\\\/tampere\\\/#\\\/schema\\\/logo\\\/image\\\/\",\"url\":\"https:\\\/\\\/vapaa-ajattelijat.fi\\\/tampere\\\/wp-content\\\/uploads\\\/sites\\\/16\\\/2020\\\/10\\\/tava_logo2.jpg\",\"contentUrl\":\"https:\\\/\\\/vapaa-ajattelijat.fi\\\/tampere\\\/wp-content\\\/uploads\\\/sites\\\/16\\\/2020\\\/10\\\/tava_logo2.jpg\",\"width\":965,\"height\":180,\"caption\":\"Tampereen vapaa-ajattelijat\"},\"image\":{\"@id\":\"https:\\\/\\\/vapaa-ajattelijat.fi\\\/tampere\\\/#\\\/schema\\\/logo\\\/image\\\/\"}}]}<\/script>\n<!-- \/ Yoast SEO plugin. -->","yoast_head_json":{"title":"Kulukorvaus - Tampereen vapaa-ajattelijat","robots":{"index":"index","follow":"follow","max-snippet":"max-snippet:-1","max-image-preview":"max-image-preview:large","max-video-preview":"max-video-preview:-1"},"canonical":"https:\/\/vapaa-ajattelijat.fi\/tampere\/kulukorvaus\/","og_locale":"fi_FI","og_type":"article","og_title":"Kulukorvaus - Tampereen vapaa-ajattelijat","og_url":"https:\/\/vapaa-ajattelijat.fi\/tampere\/kulukorvaus\/","og_site_name":"Tampereen vapaa-ajattelijat","article_modified_time":"2023-05-03T17:38:24+00:00","og_image":[{"width":600,"height":600,"url":"https:\/\/vapaa-ajattelijat.fi\/tampere\/wp-content\/uploads\/sites\/16\/2020\/10\/tampereen-vaparit.png","type":"image\/png"}],"twitter_card":"summary_large_image","twitter_misc":{"Arvioitu lukuaika":"1 minuutti"},"schema":{"@context":"https:\/\/schema.org","@graph":[{"@type":"WebPage","@id":"https:\/\/vapaa-ajattelijat.fi\/tampere\/kulukorvaus\/","url":"https:\/\/vapaa-ajattelijat.fi\/tampere\/kulukorvaus\/","name":"Kulukorvaus - Tampereen vapaa-ajattelijat","isPartOf":{"@id":"https:\/\/vapaa-ajattelijat.fi\/tampere\/#website"},"datePublished":"2023-05-03T17:30:30+00:00","dateModified":"2023-05-03T17:38:24+00:00","breadcrumb":{"@id":"https:\/\/vapaa-ajattelijat.fi\/tampere\/kulukorvaus\/#breadcrumb"},"inLanguage":"fi","potentialAction":[{"@type":"ReadAction","target":["https:\/\/vapaa-ajattelijat.fi\/tampere\/kulukorvaus\/"]}]},{"@type":"BreadcrumbList","@id":"https:\/\/vapaa-ajattelijat.fi\/tampere\/kulukorvaus\/#breadcrumb","itemListElement":[{"@type":"ListItem","position":1,"name":"Etusivu","item":"https:\/\/vapaa-ajattelijat.fi\/tampere\/"},{"@type":"ListItem","position":2,"name":"Kulukorvaus"}]},{"@type":"WebSite","@id":"https:\/\/vapaa-ajattelijat.fi\/tampere\/#website","url":"https:\/\/vapaa-ajattelijat.fi\/tampere\/","name":"Tampereen vapaa-ajattelijat","description":"","publisher":{"@id":"https:\/\/vapaa-ajattelijat.fi\/tampere\/#organization"},"potentialAction":[{"@type":"SearchAction","target":{"@type":"EntryPoint","urlTemplate":"https:\/\/vapaa-ajattelijat.fi\/tampere\/?s={search_term_string}"},"query-input":{"@type":"PropertyValueSpecification","valueRequired":true,"valueName":"search_term_string"}}],"inLanguage":"fi"},{"@type":"Organization","@id":"https:\/\/vapaa-ajattelijat.fi\/tampere\/#organization","name":"Tampereen vapaa-ajattelijat","url":"https:\/\/vapaa-ajattelijat.fi\/tampere\/","logo":{"@type":"ImageObject","inLanguage":"fi","@id":"https:\/\/vapaa-ajattelijat.fi\/tampere\/#\/schema\/logo\/image\/","url":"https:\/\/vapaa-ajattelijat.fi\/tampere\/wp-content\/uploads\/sites\/16\/2020\/10\/tava_logo2.jpg","contentUrl":"https:\/\/vapaa-ajattelijat.fi\/tampere\/wp-content\/uploads\/sites\/16\/2020\/10\/tava_logo2.jpg","width":965,"height":180,"caption":"Tampereen vapaa-ajattelijat"},"image":{"@id":"https:\/\/vapaa-ajattelijat.fi\/tampere\/#\/schema\/logo\/image\/"}}]}},"_links":{"self":[{"href":"https:\/\/vapaa-ajattelijat.fi\/tampere\/wp-json\/wp\/v2\/pages\/924","targetHints":{"allow":["GET"]}}],"collection":[{"href":"https:\/\/vapaa-ajattelijat.fi\/tampere\/wp-json\/wp\/v2\/pages"}],"about":[{"href":"https:\/\/vapaa-ajattelijat.fi\/tampere\/wp-json\/wp\/v2\/types\/page"}],"author":[{"embeddable":true,"href":"https:\/\/vapaa-ajattelijat.fi\/tampere\/wp-json\/wp\/v2\/users\/26"}],"replies":[{"embeddable":true,"href":"https:\/\/vapaa-ajattelijat.fi\/tampere\/wp-json\/wp\/v2\/comments?post=924"}],"version-history":[{"count":2,"href":"https:\/\/vapaa-ajattelijat.fi\/tampere\/wp-json\/wp\/v2\/pages\/924\/revisions"}],"predecessor-version":[{"id":926,"href":"https:\/\/vapaa-ajattelijat.fi\/tampere\/wp-json\/wp\/v2\/pages\/924\/revisions\/926"}],"wp:attachment":[{"href":"https:\/\/vapaa-ajattelijat.fi\/tampere\/wp-json\/wp\/v2\/media?parent=924"}],"curies":[{"name":"wp","href":"https:\/\/api.w.org\/{rel}","templated":true}]}}