{"id":45,"date":"2020-10-08T10:15:28","date_gmt":"2020-10-08T10:15:28","guid":{"rendered":"http:\/\/vapaa-ajattelijat.fi\/tampere\/?page_id=45"},"modified":"2024-04-22T12:41:56","modified_gmt":"2024-04-22T09:41:56","slug":"yhteys","status":"publish","type":"page","link":"https:\/\/vapaa-ajattelijat.fi\/tampere\/yhteys\/","title":{"rendered":"Yhteystiedot"},"content":{"rendered":"\t\t<div data-elementor-type=\"wp-page\" data-elementor-id=\"45\" class=\"elementor elementor-45\">\n\t\t\t\t\t\t<section class=\"elementor-section elementor-top-section elementor-element elementor-element-91abdef elementor-section-boxed elementor-section-height-default elementor-section-height-default\" data-id=\"91abdef\" data-element_type=\"section\" data-e-type=\"section\">\n\t\t\t\t\t\t<div class=\"elementor-container elementor-column-gap-default\">\n\t\t\t\t\t<div class=\"elementor-column elementor-col-100 elementor-top-column elementor-element elementor-element-90b7923\" data-id=\"90b7923\" data-element_type=\"column\" data-e-type=\"column\">\n\t\t\t<div class=\"elementor-widget-wrap elementor-element-populated\">\n\t\t\t\t\t\t<div class=\"elementor-element elementor-element-4027052 elementor-widget elementor-widget-text-editor\" data-id=\"4027052\" data-element_type=\"widget\" data-e-type=\"widget\" data-widget_type=\"text-editor.default\">\n\t\t\t\t<div class=\"elementor-widget-container\">\n\t\t\t\t\t\t\t\t\t<p>Yleiset kyselyt mieluiten s\u00e4hk\u00f6postilla: <a href=\"mailto:tampere@vapaa-ajattelijat.fi\">tampere@vapaa-ajattelijat.fi<\/a>.<\/p><ul><li><b>Seremoniapalvelut (nimi\u00e4iset, h\u00e4\u00e4t, hautajaiset):<\/b><br \/>Laura M\u00e4ntysalo: 040\u00a0730\u00a07483.<\/li><li><b>Muut asiat yhdistykselle: <\/b><br \/><span dir=\"ltr\" role=\"presentation\">050 482 1270<\/span> \/ Riku B\u00e4hr (puheenjohtaja).<\/li><\/ul><p>Vapaaklubi on avoinna sopimuksen mukaan, p\u00e4\u00e4s\u00e4\u00e4nt\u00f6isesti klubi-iltoina ja tapahtumien aikana. Ne l\u00f6ytyv\u00e4t <a href=\"\/tapahtumat\">tapahtumakalenteristamme<\/a>.<\/p>\t\t\t\t\t\t\t\t<\/div>\n\t\t\t\t<\/div>\n\t\t\t\t<div class=\"elementor-element elementor-element-e11794f elementor-widget elementor-widget-heading\" data-id=\"e11794f\" data-element_type=\"widget\" data-e-type=\"widget\" data-widget_type=\"heading.default\">\n\t\t\t\t<div class=\"elementor-widget-container\">\n\t\t\t\t\t<h2 class=\"elementor-heading-title elementor-size-default\">Osoite<\/h2>\t\t\t\t<\/div>\n\t\t\t\t<\/div>\n\t\t\t\t<div class=\"elementor-element elementor-element-43e0c44 elementor-widget elementor-widget-text-editor\" data-id=\"43e0c44\" data-element_type=\"widget\" data-e-type=\"widget\" data-widget_type=\"text-editor.default\">\n\t\t\t\t<div class=\"elementor-widget-container\">\n\t\t\t\t\t\t\t\t\t<p>Tampereen vapaa-ajattelijat ry<br \/>Yliopistonkatu 58 B (6. kerros)<br \/>33100 Tampere<\/p><p>Pankkitili on IBAN FI62 5731 8210 0004 18 (BIC OKOYFIHH). Maksettaessa j\u00e4senmaksu pankkisiirtona on ilmoitettava henkil\u00f6kohtainen viitenumero.<\/p><p>Y-tunnus on 1469796-1.<\/p><p>Voit olla yhteydess\u00e4 my\u00f6s suoraan\u00a0<a href=\"http:\/\/vapaa-ajattelijat.fi\/tampere\/ihmisia\/\">hallituksen j\u00e4seniin<\/a>.<\/p>\t\t\t\t\t\t\t\t<\/div>\n\t\t\t\t<\/div>\n\t\t\t\t<div class=\"elementor-element elementor-element-6c8b648 elementor-widget elementor-widget-heading\" data-id=\"6c8b648\" data-element_type=\"widget\" data-e-type=\"widget\" data-widget_type=\"heading.default\">\n\t\t\t\t<div class=\"elementor-widget-container\">\n\t\t\t\t\t<h2 class=\"elementor-heading-title elementor-size-default\">Saapumisohje<\/h2>\t\t\t\t<\/div>\n\t\t\t\t<\/div>\n\t\t\t\t<div class=\"elementor-element elementor-element-f06a880 elementor-widget elementor-widget-text-editor\" data-id=\"f06a880\" data-element_type=\"widget\" data-e-type=\"widget\" data-widget_type=\"text-editor.default\">\n\t\t\t\t<div class=\"elementor-widget-container\">\n\t\t\t\t\t\t\t\t\t<p>Yliopistonkatu 58 B, 6. kerros. Viimeinen porttikongi ennen Kalevantiet\u00e4, etel\u00e4\u00e4n p\u00e4in ment\u00e4ess\u00e4. B-rappuun on k\u00e4ynti porttikongista, ala-oven ollessa suljettuna oven oikealla puolella on ovisummeri, jossa lukee Vapaa-ajattelijat.<\/p><p>Hissill\u00e4 p\u00e4\u00e4se kuudenteen kerrokseen. Jos tarvitset esteet\u00f6nt\u00e4 p\u00e4\u00e4sy\u00e4, ota yhteytt\u00e4 etuk\u00e4teen. Se onnistuu talon toiselta puolelta, mutta jonkun meist\u00e4 pit\u00e4\u00e4 tulla avaamaan ovi.<\/p>\t\t\t\t\t\t\t\t<\/div>\n\t\t\t\t<\/div>\n\t\t\t\t<div class=\"elementor-element elementor-element-653f9ee elementor-widget elementor-widget-html\" data-id=\"653f9ee\" data-element_type=\"widget\" data-e-type=\"widget\" data-widget_type=\"html.default\">\n\t\t\t\t<div class=\"elementor-widget-container\">\n\t\t\t\t\t<iframe src=\"https:\/\/www.google.com\/maps\/embed?pb=!1m18!1m12!1m3!1d1904.0509049940488!2d23.77645491266105!3d61.49552023568362!2m3!1f0!2f0!3f0!3m2!1i1024!2i768!4f13.1!3m3!1m2!1s0x468edf53f7cedf07%3A0x1413313f53cc7b30!2sTampereen%20vapaa-ajattelijat%20ry!5e0!3m2!1sfi!2sfi!4v1713778084247!5m2!1sfi!2sfi\" width=\"600\" height=\"450\" style=\"border:0;\" allowfullscreen=\"\" loading=\"lazy\" referrerpolicy=\"no-referrer-when-downgrade\"><\/iframe>\t\t\t\t<\/div>\n\t\t\t\t<\/div>\n\t\t\t\t\t<\/div>\n\t\t<\/div>\n\t\t\t\t\t<\/div>\n\t\t<\/section>\n\t\t\t\t<\/div>\n\t\t","protected":false},"excerpt":{"rendered":"<p>Yleiset kyselyt mieluiten s\u00e4hk\u00f6postilla: tampere@vapaa-ajattelijat.fi. Seremoniapalvelut (nimi\u00e4iset, h\u00e4\u00e4t, hautajaiset):Laura M\u00e4ntysalo: 040\u00a0730\u00a07483. Muut asiat yhdistykselle: 050 482 1270 \/ Riku B\u00e4hr (puheenjohtaja). Vapaaklubi on avoinna sopimuksen mukaan, p\u00e4\u00e4s\u00e4\u00e4nt\u00f6isesti klubi-iltoina ja tapahtumien &#8230; <a title=\"Yhteystiedot\" class=\"read-more\" href=\"https:\/\/vapaa-ajattelijat.fi\/tampere\/yhteys\/\" aria-label=\"Lue lis\u00e4\u00e4 aiheesta Yhteystiedot\">Lue lis\u00e4\u00e4<\/a><\/p>\n","protected":false},"author":13,"featured_media":0,"parent":0,"menu_order":0,"comment_status":"closed","ping_status":"closed","template":"","meta":{"footnotes":""},"class_list":["post-45","page","type-page","status-publish"],"yoast_head":"<!-- This site is optimized with the Yoast SEO plugin v27.4 - https:\/\/yoast.com\/product\/yoast-seo-wordpress\/ -->\n<title>Yhteystiedot - Tampereen vapaa-ajattelijat<\/title>\n<meta name=\"robots\" content=\"index, follow, max-snippet:-1, max-image-preview:large, max-video-preview:-1\" \/>\n<link rel=\"canonical\" href=\"https:\/\/vapaa-ajattelijat.fi\/tampere\/yhteys\/\" \/>\n<meta property=\"og:locale\" content=\"fi_FI\" \/>\n<meta property=\"og:type\" content=\"article\" \/>\n<meta property=\"og:title\" content=\"Yhteystiedot - Tampereen vapaa-ajattelijat\" \/>\n<meta property=\"og:description\" content=\"Yleiset kyselyt mieluiten s\u00e4hk\u00f6postilla: tampere@vapaa-ajattelijat.fi. Seremoniapalvelut (nimi\u00e4iset, h\u00e4\u00e4t, hautajaiset):Laura M\u00e4ntysalo: 040\u00a0730\u00a07483. Muut asiat yhdistykselle: 050 482 1270 \/ Riku B\u00e4hr (puheenjohtaja). Vapaaklubi on avoinna sopimuksen mukaan, p\u00e4\u00e4s\u00e4\u00e4nt\u00f6isesti klubi-iltoina ja tapahtumien ... Lue lis\u00e4\u00e4\" \/>\n<meta property=\"og:url\" content=\"https:\/\/vapaa-ajattelijat.fi\/tampere\/yhteys\/\" \/>\n<meta property=\"og:site_name\" content=\"Tampereen vapaa-ajattelijat\" \/>\n<meta property=\"article:modified_time\" content=\"2024-04-22T09:41:56+00:00\" \/>\n<meta property=\"og:image\" content=\"https:\/\/vapaa-ajattelijat.fi\/tampere\/wp-content\/uploads\/sites\/16\/2020\/10\/tampereen-vaparit.png\" \/>\n\t<meta property=\"og:image:width\" content=\"600\" \/>\n\t<meta property=\"og:image:height\" content=\"600\" \/>\n\t<meta property=\"og:image:type\" content=\"image\/png\" \/>\n<meta name=\"twitter:card\" content=\"summary_large_image\" \/>\n<meta name=\"twitter:label1\" content=\"Arvioitu lukuaika\" \/>\n\t<meta name=\"twitter:data1\" content=\"1 minuutti\" \/>\n<script type=\"application\/ld+json\" class=\"yoast-schema-graph\">{\"@context\":\"https:\\\/\\\/schema.org\",\"@graph\":[{\"@type\":\"WebPage\",\"@id\":\"https:\\\/\\\/vapaa-ajattelijat.fi\\\/tampere\\\/yhteys\\\/\",\"url\":\"https:\\\/\\\/vapaa-ajattelijat.fi\\\/tampere\\\/yhteys\\\/\",\"name\":\"Yhteystiedot - Tampereen vapaa-ajattelijat\",\"isPartOf\":{\"@id\":\"https:\\\/\\\/vapaa-ajattelijat.fi\\\/tampere\\\/#website\"},\"datePublished\":\"2020-10-08T10:15:28+00:00\",\"dateModified\":\"2024-04-22T09:41:56+00:00\",\"breadcrumb\":{\"@id\":\"https:\\\/\\\/vapaa-ajattelijat.fi\\\/tampere\\\/yhteys\\\/#breadcrumb\"},\"inLanguage\":\"fi\",\"potentialAction\":[{\"@type\":\"ReadAction\",\"target\":[\"https:\\\/\\\/vapaa-ajattelijat.fi\\\/tampere\\\/yhteys\\\/\"]}]},{\"@type\":\"BreadcrumbList\",\"@id\":\"https:\\\/\\\/vapaa-ajattelijat.fi\\\/tampere\\\/yhteys\\\/#breadcrumb\",\"itemListElement\":[{\"@type\":\"ListItem\",\"position\":1,\"name\":\"Etusivu\",\"item\":\"https:\\\/\\\/vapaa-ajattelijat.fi\\\/tampere\\\/\"},{\"@type\":\"ListItem\",\"position\":2,\"name\":\"Yhteystiedot\"}]},{\"@type\":\"WebSite\",\"@id\":\"https:\\\/\\\/vapaa-ajattelijat.fi\\\/tampere\\\/#website\",\"url\":\"https:\\\/\\\/vapaa-ajattelijat.fi\\\/tampere\\\/\",\"name\":\"Tampereen vapaa-ajattelijat\",\"description\":\"\",\"publisher\":{\"@id\":\"https:\\\/\\\/vapaa-ajattelijat.fi\\\/tampere\\\/#organization\"},\"potentialAction\":[{\"@type\":\"SearchAction\",\"target\":{\"@type\":\"EntryPoint\",\"urlTemplate\":\"https:\\\/\\\/vapaa-ajattelijat.fi\\\/tampere\\\/?s={search_term_string}\"},\"query-input\":{\"@type\":\"PropertyValueSpecification\",\"valueRequired\":true,\"valueName\":\"search_term_string\"}}],\"inLanguage\":\"fi\"},{\"@type\":\"Organization\",\"@id\":\"https:\\\/\\\/vapaa-ajattelijat.fi\\\/tampere\\\/#organization\",\"name\":\"Tampereen vapaa-ajattelijat\",\"url\":\"https:\\\/\\\/vapaa-ajattelijat.fi\\\/tampere\\\/\",\"logo\":{\"@type\":\"ImageObject\",\"inLanguage\":\"fi\",\"@id\":\"https:\\\/\\\/vapaa-ajattelijat.fi\\\/tampere\\\/#\\\/schema\\\/logo\\\/image\\\/\",\"url\":\"https:\\\/\\\/vapaa-ajattelijat.fi\\\/tampere\\\/wp-content\\\/uploads\\\/sites\\\/16\\\/2020\\\/10\\\/tava_logo2.jpg\",\"contentUrl\":\"https:\\\/\\\/vapaa-ajattelijat.fi\\\/tampere\\\/wp-content\\\/uploads\\\/sites\\\/16\\\/2020\\\/10\\\/tava_logo2.jpg\",\"width\":965,\"height\":180,\"caption\":\"Tampereen vapaa-ajattelijat\"},\"image\":{\"@id\":\"https:\\\/\\\/vapaa-ajattelijat.fi\\\/tampere\\\/#\\\/schema\\\/logo\\\/image\\\/\"}}]}<\/script>\n<!-- \/ Yoast SEO plugin. -->","yoast_head_json":{"title":"Yhteystiedot - Tampereen vapaa-ajattelijat","robots":{"index":"index","follow":"follow","max-snippet":"max-snippet:-1","max-image-preview":"max-image-preview:large","max-video-preview":"max-video-preview:-1"},"canonical":"https:\/\/vapaa-ajattelijat.fi\/tampere\/yhteys\/","og_locale":"fi_FI","og_type":"article","og_title":"Yhteystiedot - Tampereen vapaa-ajattelijat","og_description":"Yleiset kyselyt mieluiten s\u00e4hk\u00f6postilla: tampere@vapaa-ajattelijat.fi. Seremoniapalvelut (nimi\u00e4iset, h\u00e4\u00e4t, hautajaiset):Laura M\u00e4ntysalo: 040\u00a0730\u00a07483. Muut asiat yhdistykselle: 050 482 1270 \/ Riku B\u00e4hr (puheenjohtaja). Vapaaklubi on avoinna sopimuksen mukaan, p\u00e4\u00e4s\u00e4\u00e4nt\u00f6isesti klubi-iltoina ja tapahtumien ... Lue lis\u00e4\u00e4","og_url":"https:\/\/vapaa-ajattelijat.fi\/tampere\/yhteys\/","og_site_name":"Tampereen vapaa-ajattelijat","article_modified_time":"2024-04-22T09:41:56+00:00","og_image":[{"width":600,"height":600,"url":"https:\/\/vapaa-ajattelijat.fi\/tampere\/wp-content\/uploads\/sites\/16\/2020\/10\/tampereen-vaparit.png","type":"image\/png"}],"twitter_card":"summary_large_image","twitter_misc":{"Arvioitu lukuaika":"1 minuutti"},"schema":{"@context":"https:\/\/schema.org","@graph":[{"@type":"WebPage","@id":"https:\/\/vapaa-ajattelijat.fi\/tampere\/yhteys\/","url":"https:\/\/vapaa-ajattelijat.fi\/tampere\/yhteys\/","name":"Yhteystiedot - Tampereen vapaa-ajattelijat","isPartOf":{"@id":"https:\/\/vapaa-ajattelijat.fi\/tampere\/#website"},"datePublished":"2020-10-08T10:15:28+00:00","dateModified":"2024-04-22T09:41:56+00:00","breadcrumb":{"@id":"https:\/\/vapaa-ajattelijat.fi\/tampere\/yhteys\/#breadcrumb"},"inLanguage":"fi","potentialAction":[{"@type":"ReadAction","target":["https:\/\/vapaa-ajattelijat.fi\/tampere\/yhteys\/"]}]},{"@type":"BreadcrumbList","@id":"https:\/\/vapaa-ajattelijat.fi\/tampere\/yhteys\/#breadcrumb","itemListElement":[{"@type":"ListItem","position":1,"name":"Etusivu","item":"https:\/\/vapaa-ajattelijat.fi\/tampere\/"},{"@type":"ListItem","position":2,"name":"Yhteystiedot"}]},{"@type":"WebSite","@id":"https:\/\/vapaa-ajattelijat.fi\/tampere\/#website","url":"https:\/\/vapaa-ajattelijat.fi\/tampere\/","name":"Tampereen vapaa-ajattelijat","description":"","publisher":{"@id":"https:\/\/vapaa-ajattelijat.fi\/tampere\/#organization"},"potentialAction":[{"@type":"SearchAction","target":{"@type":"EntryPoint","urlTemplate":"https:\/\/vapaa-ajattelijat.fi\/tampere\/?s={search_term_string}"},"query-input":{"@type":"PropertyValueSpecification","valueRequired":true,"valueName":"search_term_string"}}],"inLanguage":"fi"},{"@type":"Organization","@id":"https:\/\/vapaa-ajattelijat.fi\/tampere\/#organization","name":"Tampereen vapaa-ajattelijat","url":"https:\/\/vapaa-ajattelijat.fi\/tampere\/","logo":{"@type":"ImageObject","inLanguage":"fi","@id":"https:\/\/vapaa-ajattelijat.fi\/tampere\/#\/schema\/logo\/image\/","url":"https:\/\/vapaa-ajattelijat.fi\/tampere\/wp-content\/uploads\/sites\/16\/2020\/10\/tava_logo2.jpg","contentUrl":"https:\/\/vapaa-ajattelijat.fi\/tampere\/wp-content\/uploads\/sites\/16\/2020\/10\/tava_logo2.jpg","width":965,"height":180,"caption":"Tampereen vapaa-ajattelijat"},"image":{"@id":"https:\/\/vapaa-ajattelijat.fi\/tampere\/#\/schema\/logo\/image\/"}}]}},"_links":{"self":[{"href":"https:\/\/vapaa-ajattelijat.fi\/tampere\/wp-json\/wp\/v2\/pages\/45","targetHints":{"allow":["GET"]}}],"collection":[{"href":"https:\/\/vapaa-ajattelijat.fi\/tampere\/wp-json\/wp\/v2\/pages"}],"about":[{"href":"https:\/\/vapaa-ajattelijat.fi\/tampere\/wp-json\/wp\/v2\/types\/page"}],"author":[{"embeddable":true,"href":"https:\/\/vapaa-ajattelijat.fi\/tampere\/wp-json\/wp\/v2\/users\/13"}],"replies":[{"embeddable":true,"href":"https:\/\/vapaa-ajattelijat.fi\/tampere\/wp-json\/wp\/v2\/comments?post=45"}],"version-history":[{"count":36,"href":"https:\/\/vapaa-ajattelijat.fi\/tampere\/wp-json\/wp\/v2\/pages\/45\/revisions"}],"predecessor-version":[{"id":1113,"href":"https:\/\/vapaa-ajattelijat.fi\/tampere\/wp-json\/wp\/v2\/pages\/45\/revisions\/1113"}],"wp:attachment":[{"href":"https:\/\/vapaa-ajattelijat.fi\/tampere\/wp-json\/wp\/v2\/media?parent=45"}],"curies":[{"name":"wp","href":"https:\/\/api.w.org\/{rel}","templated":true}]}}