{"id":375,"date":"2020-11-02T06:33:02","date_gmt":"2020-11-02T04:33:02","guid":{"rendered":"https:\/\/vapaa-ajattelijat.fi\/tampere\/?page_id=375"},"modified":"2021-12-05T12:35:48","modified_gmt":"2021-12-05T10:35:48","slug":"1980-1989","status":"publish","type":"page","link":"https:\/\/vapaa-ajattelijat.fi\/tampere\/historia\/1980-1989\/","title":{"rendered":"1980-1989: Omaan toimistoon"},"content":{"rendered":"<p>Vuosikymmenen t\u00e4rkein muutos oli oman toimiston saaminen. Muutoin jatkettiin erityisesti kirkostaeroamislenn\u00e4kkej\u00e4 jakamalla, jonkin verran my\u00f6s pidettiin yleis\u00f6tilaisuuksia.<\/p>\n<h2>Omaan toimistoon<\/h2>\n<p>Useimmilla va-yhdistyksill\u00e4 ei ole omaa toimitilaa. Tampereellakin tilanne oli t\u00e4m\u00e4 1980-luvun alkaessa, ja johtokunta kokousti vaihtelevissa tiloissa.<\/p>\n<p>Asia muuttui kun 1981 Fanny Lampinen lahjoitti yhdistykselle 100 000 markkaa (yli 40 000 euroa vuoden 2020 rahassa). T\u00e4ll\u00e4 summalla piti ostaa toimisto, mutta siihen ei raha aivan riitt\u00e4nyt. Yhdistys vuokrasi toimiston aivan ydinkeskustasta Kuninkaankadulta. Vuokrasopimus alkoi 1.6.1982, ja avajaisissa syksymm\u00e4ll\u00e4 k\u00e4vi 50-60 vierasta. Toimisto oli alkuunsa auki reilut kymmenen tuntia viikossa.<\/p>\n<p>Lahjoituksia tuli lis\u00e4\u00e4, ja niin oman toimiston hankinta mahdolliseksi. Kev\u00e4\u00e4ll\u00e4 1986 sellainen ostettiin Pienteollisuustalosta, vastap\u00e4\u00e4t\u00e4 yliopiston keskuskampusta ja paikkaa johon sittemmin rakennettiin Tampere-talo. Siin\u00e4 yhdistys onkin l\u00e4hestulkoon pysynyt: nykyinen isompi toimisto l\u00f6ytyi 15 vuotta my\u00f6hemmin samasta rakennuksesta.<\/p>\n<h2>Kirkostaeroamislenn\u00e4kit<\/h2>\n<p>Yhdistys jatkoi joka syksy &#8221;marraskuun lenn\u00e4kkien&#8221; jakamista &#8212; silloisen lain mukaan kirkosta eroamiseen liittyi niinsanottu katumuskuukausi, eli v\u00e4ltt\u00e4\u00e4kseen tulevan vuoden kirkollisveron piti erota edellisen vuoden marraskuun loppuun menness\u00e4. Lenn\u00e4kkej\u00e4 tehtiin 5000-8000 kappaletta vuodessa ja ne jaettiin omien j\u00e4senten voimin.<\/p>\n<p>Esimerkiksi vuoden 1984 lenn\u00e4kiss\u00e4 oli otsikkona &#8221;Tuhannen markan kysymys&#8221; ja kuva setelist\u00e4. K\u00e4\u00e4nt\u00f6puolella oli &#8221;Kirvesmies Taito Nopsan haastettlu&#8221;, jossa kerrottiin miten eroaminen tapahtuu, miten hoituvat h\u00e4\u00e4t ja hautajaiset ilman kirkkoa ja niin edelleen. Kerrottiin my\u00f6s mihin kirkollisveroja k\u00e4ytet\u00e4\u00e4n. Teksti olisi suurelta osin sellaisenaan my\u00f6s nykyp\u00e4iv\u00e4\u00e4n sopivaa.<\/p>\n<h2>Muuta toimintaa<\/h2>\n<p>Yhdistys aloitti oman tiedotuslehden, Pakanasanomien, julkaisun 1981. Lehte\u00e4 tehtiin numero vuodessa, joskus kaksi ja v\u00e4lill\u00e4 ei yht\u00e4\u00e4n, kunnes 1988-89 se n\u00e4ytti j\u00e4\u00e4v\u00e4n kokonaan pois.<\/p>\n<p>Opintokerho toimi monina vuosina s\u00e4\u00e4nn\u00f6llisesti, koululaisryhm\u00e4 k\u00e4vi tutustumassa toimistoon ja toimintaan, oli kurssi juhlapuhujille&#8230; Toiminta jatkui tasaisena, mutta yleis\u00f6tilaisuuksia oli melko v\u00e4h\u00e4n. Liittokokous j\u00e4rjestettiin Tampereella 1984.<\/p>\n<p><a href=\"https:\/\/vapaa-ajattelijat.fi\/tampere\/historia\/1990-1999\/\">&gt;&gt; Vuodet 1990-1999<\/a><\/p>\n","protected":false},"excerpt":{"rendered":"<p>Vuosikymmenen t\u00e4rkein muutos oli oman toimiston saaminen. Muutoin jatkettiin erityisesti kirkostaeroamislenn\u00e4kkej\u00e4 jakamalla, jonkin verran my\u00f6s pidettiin yleis\u00f6tilaisuuksia. Omaan toimistoon Useimmilla va-yhdistyksill\u00e4 ei ole omaa toimitilaa. Tampereellakin tilanne oli t\u00e4m\u00e4 1980-luvun &#8230; <a title=\"1980-1989: Omaan toimistoon\" class=\"read-more\" href=\"https:\/\/vapaa-ajattelijat.fi\/tampere\/historia\/1980-1989\/\" aria-label=\"Lue lis\u00e4\u00e4 aiheesta 1980-1989: Omaan toimistoon\">Lue lis\u00e4\u00e4<\/a><\/p>\n","protected":false},"author":13,"featured_media":0,"parent":100,"menu_order":0,"comment_status":"closed","ping_status":"closed","template":"","meta":{"footnotes":""},"class_list":["post-375","page","type-page","status-publish"],"yoast_head":"<!-- This site is optimized with the Yoast SEO plugin v27.4 - https:\/\/yoast.com\/product\/yoast-seo-wordpress\/ -->\n<title>1980-1989: Omaan toimistoon - Tampereen vapaa-ajattelijat<\/title>\n<meta name=\"robots\" content=\"index, follow, max-snippet:-1, max-image-preview:large, max-video-preview:-1\" \/>\n<link rel=\"canonical\" href=\"https:\/\/vapaa-ajattelijat.fi\/tampere\/historia\/1980-1989\/\" \/>\n<meta property=\"og:locale\" content=\"fi_FI\" \/>\n<meta property=\"og:type\" content=\"article\" \/>\n<meta property=\"og:title\" content=\"1980-1989: Omaan toimistoon - Tampereen vapaa-ajattelijat\" \/>\n<meta property=\"og:description\" content=\"Vuosikymmenen t\u00e4rkein muutos oli oman toimiston saaminen. Muutoin jatkettiin erityisesti kirkostaeroamislenn\u00e4kkej\u00e4 jakamalla, jonkin verran my\u00f6s pidettiin yleis\u00f6tilaisuuksia. Omaan toimistoon Useimmilla va-yhdistyksill\u00e4 ei ole omaa toimitilaa. Tampereellakin tilanne oli t\u00e4m\u00e4 1980-luvun ... Lue lis\u00e4\u00e4\" \/>\n<meta property=\"og:url\" content=\"https:\/\/vapaa-ajattelijat.fi\/tampere\/historia\/1980-1989\/\" \/>\n<meta property=\"og:site_name\" content=\"Tampereen vapaa-ajattelijat\" \/>\n<meta property=\"article:modified_time\" content=\"2021-12-05T10:35:48+00:00\" \/>\n<meta property=\"og:image\" content=\"https:\/\/vapaa-ajattelijat.fi\/tampere\/wp-content\/uploads\/sites\/16\/2020\/10\/tampereen-vaparit.png\" \/>\n\t<meta property=\"og:image:width\" content=\"600\" \/>\n\t<meta property=\"og:image:height\" content=\"600\" \/>\n\t<meta property=\"og:image:type\" content=\"image\/png\" \/>\n<meta name=\"twitter:card\" content=\"summary_large_image\" \/>\n<meta name=\"twitter:label1\" content=\"Arvioitu lukuaika\" \/>\n\t<meta name=\"twitter:data1\" content=\"1 minuutti\" \/>\n<script type=\"application\/ld+json\" class=\"yoast-schema-graph\">{\"@context\":\"https:\\\/\\\/schema.org\",\"@graph\":[{\"@type\":\"WebPage\",\"@id\":\"https:\\\/\\\/vapaa-ajattelijat.fi\\\/tampere\\\/historia\\\/1980-1989\\\/\",\"url\":\"https:\\\/\\\/vapaa-ajattelijat.fi\\\/tampere\\\/historia\\\/1980-1989\\\/\",\"name\":\"1980-1989: Omaan toimistoon - Tampereen vapaa-ajattelijat\",\"isPartOf\":{\"@id\":\"https:\\\/\\\/vapaa-ajattelijat.fi\\\/tampere\\\/#website\"},\"datePublished\":\"2020-11-02T04:33:02+00:00\",\"dateModified\":\"2021-12-05T10:35:48+00:00\",\"breadcrumb\":{\"@id\":\"https:\\\/\\\/vapaa-ajattelijat.fi\\\/tampere\\\/historia\\\/1980-1989\\\/#breadcrumb\"},\"inLanguage\":\"fi\",\"potentialAction\":[{\"@type\":\"ReadAction\",\"target\":[\"https:\\\/\\\/vapaa-ajattelijat.fi\\\/tampere\\\/historia\\\/1980-1989\\\/\"]}]},{\"@type\":\"BreadcrumbList\",\"@id\":\"https:\\\/\\\/vapaa-ajattelijat.fi\\\/tampere\\\/historia\\\/1980-1989\\\/#breadcrumb\",\"itemListElement\":[{\"@type\":\"ListItem\",\"position\":1,\"name\":\"Etusivu\",\"item\":\"https:\\\/\\\/vapaa-ajattelijat.fi\\\/tampere\\\/\"},{\"@type\":\"ListItem\",\"position\":2,\"name\":\"Yli 80 vuotta historiaa\",\"item\":\"https:\\\/\\\/vapaa-ajattelijat.fi\\\/tampere\\\/historia\\\/\"},{\"@type\":\"ListItem\",\"position\":3,\"name\":\"1980-1989: Omaan toimistoon\"}]},{\"@type\":\"WebSite\",\"@id\":\"https:\\\/\\\/vapaa-ajattelijat.fi\\\/tampere\\\/#website\",\"url\":\"https:\\\/\\\/vapaa-ajattelijat.fi\\\/tampere\\\/\",\"name\":\"Tampereen vapaa-ajattelijat\",\"description\":\"\",\"publisher\":{\"@id\":\"https:\\\/\\\/vapaa-ajattelijat.fi\\\/tampere\\\/#organization\"},\"potentialAction\":[{\"@type\":\"SearchAction\",\"target\":{\"@type\":\"EntryPoint\",\"urlTemplate\":\"https:\\\/\\\/vapaa-ajattelijat.fi\\\/tampere\\\/?s={search_term_string}\"},\"query-input\":{\"@type\":\"PropertyValueSpecification\",\"valueRequired\":true,\"valueName\":\"search_term_string\"}}],\"inLanguage\":\"fi\"},{\"@type\":\"Organization\",\"@id\":\"https:\\\/\\\/vapaa-ajattelijat.fi\\\/tampere\\\/#organization\",\"name\":\"Tampereen vapaa-ajattelijat\",\"url\":\"https:\\\/\\\/vapaa-ajattelijat.fi\\\/tampere\\\/\",\"logo\":{\"@type\":\"ImageObject\",\"inLanguage\":\"fi\",\"@id\":\"https:\\\/\\\/vapaa-ajattelijat.fi\\\/tampere\\\/#\\\/schema\\\/logo\\\/image\\\/\",\"url\":\"https:\\\/\\\/vapaa-ajattelijat.fi\\\/tampere\\\/wp-content\\\/uploads\\\/sites\\\/16\\\/2020\\\/10\\\/tava_logo2.jpg\",\"contentUrl\":\"https:\\\/\\\/vapaa-ajattelijat.fi\\\/tampere\\\/wp-content\\\/uploads\\\/sites\\\/16\\\/2020\\\/10\\\/tava_logo2.jpg\",\"width\":965,\"height\":180,\"caption\":\"Tampereen vapaa-ajattelijat\"},\"image\":{\"@id\":\"https:\\\/\\\/vapaa-ajattelijat.fi\\\/tampere\\\/#\\\/schema\\\/logo\\\/image\\\/\"}}]}<\/script>\n<!-- \/ Yoast SEO plugin. -->","yoast_head_json":{"title":"1980-1989: Omaan toimistoon - Tampereen vapaa-ajattelijat","robots":{"index":"index","follow":"follow","max-snippet":"max-snippet:-1","max-image-preview":"max-image-preview:large","max-video-preview":"max-video-preview:-1"},"canonical":"https:\/\/vapaa-ajattelijat.fi\/tampere\/historia\/1980-1989\/","og_locale":"fi_FI","og_type":"article","og_title":"1980-1989: Omaan toimistoon - Tampereen vapaa-ajattelijat","og_description":"Vuosikymmenen t\u00e4rkein muutos oli oman toimiston saaminen. Muutoin jatkettiin erityisesti kirkostaeroamislenn\u00e4kkej\u00e4 jakamalla, jonkin verran my\u00f6s pidettiin yleis\u00f6tilaisuuksia. Omaan toimistoon Useimmilla va-yhdistyksill\u00e4 ei ole omaa toimitilaa. Tampereellakin tilanne oli t\u00e4m\u00e4 1980-luvun ... Lue lis\u00e4\u00e4","og_url":"https:\/\/vapaa-ajattelijat.fi\/tampere\/historia\/1980-1989\/","og_site_name":"Tampereen vapaa-ajattelijat","article_modified_time":"2021-12-05T10:35:48+00:00","og_image":[{"width":600,"height":600,"url":"https:\/\/vapaa-ajattelijat.fi\/tampere\/wp-content\/uploads\/sites\/16\/2020\/10\/tampereen-vaparit.png","type":"image\/png"}],"twitter_card":"summary_large_image","twitter_misc":{"Arvioitu lukuaika":"1 minuutti"},"schema":{"@context":"https:\/\/schema.org","@graph":[{"@type":"WebPage","@id":"https:\/\/vapaa-ajattelijat.fi\/tampere\/historia\/1980-1989\/","url":"https:\/\/vapaa-ajattelijat.fi\/tampere\/historia\/1980-1989\/","name":"1980-1989: Omaan toimistoon - Tampereen vapaa-ajattelijat","isPartOf":{"@id":"https:\/\/vapaa-ajattelijat.fi\/tampere\/#website"},"datePublished":"2020-11-02T04:33:02+00:00","dateModified":"2021-12-05T10:35:48+00:00","breadcrumb":{"@id":"https:\/\/vapaa-ajattelijat.fi\/tampere\/historia\/1980-1989\/#breadcrumb"},"inLanguage":"fi","potentialAction":[{"@type":"ReadAction","target":["https:\/\/vapaa-ajattelijat.fi\/tampere\/historia\/1980-1989\/"]}]},{"@type":"BreadcrumbList","@id":"https:\/\/vapaa-ajattelijat.fi\/tampere\/historia\/1980-1989\/#breadcrumb","itemListElement":[{"@type":"ListItem","position":1,"name":"Etusivu","item":"https:\/\/vapaa-ajattelijat.fi\/tampere\/"},{"@type":"ListItem","position":2,"name":"Yli 80 vuotta historiaa","item":"https:\/\/vapaa-ajattelijat.fi\/tampere\/historia\/"},{"@type":"ListItem","position":3,"name":"1980-1989: Omaan toimistoon"}]},{"@type":"WebSite","@id":"https:\/\/vapaa-ajattelijat.fi\/tampere\/#website","url":"https:\/\/vapaa-ajattelijat.fi\/tampere\/","name":"Tampereen vapaa-ajattelijat","description":"","publisher":{"@id":"https:\/\/vapaa-ajattelijat.fi\/tampere\/#organization"},"potentialAction":[{"@type":"SearchAction","target":{"@type":"EntryPoint","urlTemplate":"https:\/\/vapaa-ajattelijat.fi\/tampere\/?s={search_term_string}"},"query-input":{"@type":"PropertyValueSpecification","valueRequired":true,"valueName":"search_term_string"}}],"inLanguage":"fi"},{"@type":"Organization","@id":"https:\/\/vapaa-ajattelijat.fi\/tampere\/#organization","name":"Tampereen vapaa-ajattelijat","url":"https:\/\/vapaa-ajattelijat.fi\/tampere\/","logo":{"@type":"ImageObject","inLanguage":"fi","@id":"https:\/\/vapaa-ajattelijat.fi\/tampere\/#\/schema\/logo\/image\/","url":"https:\/\/vapaa-ajattelijat.fi\/tampere\/wp-content\/uploads\/sites\/16\/2020\/10\/tava_logo2.jpg","contentUrl":"https:\/\/vapaa-ajattelijat.fi\/tampere\/wp-content\/uploads\/sites\/16\/2020\/10\/tava_logo2.jpg","width":965,"height":180,"caption":"Tampereen vapaa-ajattelijat"},"image":{"@id":"https:\/\/vapaa-ajattelijat.fi\/tampere\/#\/schema\/logo\/image\/"}}]}},"_links":{"self":[{"href":"https:\/\/vapaa-ajattelijat.fi\/tampere\/wp-json\/wp\/v2\/pages\/375","targetHints":{"allow":["GET"]}}],"collection":[{"href":"https:\/\/vapaa-ajattelijat.fi\/tampere\/wp-json\/wp\/v2\/pages"}],"about":[{"href":"https:\/\/vapaa-ajattelijat.fi\/tampere\/wp-json\/wp\/v2\/types\/page"}],"author":[{"embeddable":true,"href":"https:\/\/vapaa-ajattelijat.fi\/tampere\/wp-json\/wp\/v2\/users\/13"}],"replies":[{"embeddable":true,"href":"https:\/\/vapaa-ajattelijat.fi\/tampere\/wp-json\/wp\/v2\/comments?post=375"}],"version-history":[{"count":6,"href":"https:\/\/vapaa-ajattelijat.fi\/tampere\/wp-json\/wp\/v2\/pages\/375\/revisions"}],"predecessor-version":[{"id":614,"href":"https:\/\/vapaa-ajattelijat.fi\/tampere\/wp-json\/wp\/v2\/pages\/375\/revisions\/614"}],"up":[{"embeddable":true,"href":"https:\/\/vapaa-ajattelijat.fi\/tampere\/wp-json\/wp\/v2\/pages\/100"}],"wp:attachment":[{"href":"https:\/\/vapaa-ajattelijat.fi\/tampere\/wp-json\/wp\/v2\/media?parent=375"}],"curies":[{"name":"wp","href":"https:\/\/api.w.org\/{rel}","templated":true}]}}