{"id":342,"date":"2020-10-26T21:28:31","date_gmt":"2020-10-26T19:28:31","guid":{"rendered":"http:\/\/vapaa-ajattelijat.fi\/tampere\/?page_id=342"},"modified":"2021-12-05T12:33:15","modified_gmt":"2021-12-05T10:33:15","slug":"1990-1999","status":"publish","type":"page","link":"https:\/\/vapaa-ajattelijat.fi\/tampere\/historia\/1990-1999\/","title":{"rendered":"1990-1999: Radioaalloilta www-sivuihin"},"content":{"rendered":"<p>1990-luku alkoi Taina Hollon valitsemisella ensin yhdistyksen puheenjohtajaksi ja sitten my\u00f6s liiton johtoon, ensimm\u00e4isen\u00e4 tamperelaisena sitten aivan ensimm\u00e4isen puheenjohtajan. Nuori ja ilmeisen energinen nainen saikin toimintaa piristym\u00e4\u00e4n ja esimerkiksi Pakanasanomat julkaistiin j\u00e4lleen kolmen vuoden tauon j\u00e4lkeen. Toisaalta toiveita her\u00e4tt\u00e4v\u00e4sti alkanut toiminta yliopistolla l\u00e4ss\u00e4hti heti alun j\u00e4lkeen.<\/p>\n<p>Yhdistyksell\u00e4 oli oma pieni toimistonsa ja siell\u00e4 p\u00e4ivystettiin s\u00e4\u00e4nn\u00f6llisesti joko vapaaehtoisen j\u00e4senten voimin tai ty\u00f6voimatuella palkattujen toimesta. Johtokunta kokoontui\u00a0 my\u00f6s omalla toimistolla, mutta vuosikokouksille tila ei riitt\u00e4nyt. Vuosikokoukset nimitt\u00e4in olivat kaikille avoimia ja ne toimivat samalla er\u00e4\u00e4nlaisina esittelytilaisuuksina my\u00f6s potentiaalisille uusille j\u00e4senille.<\/p>\n<p>Lehtien yleis\u00f6nosastot olivat t\u00e4rke\u00e4 media ennen internetin aikaa. Erityisesti yleis\u00f6nosastokirjoittajana kunnostautui Teuvo Kantola, joka toimi my\u00f6s yhdistyksen puheenjohtajana. Tamperelainen erikoisuus oli yliopiston harjoitustoimituksen Radio Moreeni, johon yhdistys sai s\u00e4\u00e4nn\u00f6llisestikin ohjelmia 1990-luvun alkupuolella.<\/p>\n<p>Perinteen\u00e4 l\u00e4hinn\u00e4 omalle v\u00e4elle oli k\u00e4yd\u00e4 kes\u00e4isin Viikinsaaressa yhdess\u00e4 Nokian yhdistyksen kanssa. Opintokerhojakin pidettiin, osin menestyksellisesti mutta toisinaan my\u00f6s todettiin paikalle tulleen vain yhden kuuntelijan.<\/p>\n<p>El\u00e4m\u00e4nkatsomustiedon opetus oli alkanut vasta 1985 ja uutta oppiainetta pyrittiin tukemaan. Yhdistys jakoi pieni\u00e4 stipendej\u00e4 ET-oppilaille, ja j\u00e4rjesti useamman keskustelutilaisuuden el\u00e4m\u00e4nkatsomustiedosta. Muita yleis\u00f6tilaisuuksien aiheita olivat mm. eutanasia ja valtionkirkon asema. Eduskuntavaalien yhteydess\u00e4 1995 j\u00e4rjestettiin vaalipaneeli.<\/p>\n<p>EU-j\u00e4senyyden my\u00f6t\u00e4 Suomeen tuli my\u00f6s EU:n ruoka-apua, jota jaettiin j\u00e4rjest\u00f6jen kautta. Yhdistys oli t\u00e4ss\u00e4 mukana vuodesta 1996 alkaen kymmenkunta vuotta.<\/p>\n<p>Tasaisesti rullaavassa toiminnassa tapahtui \u00e4killinen k\u00e4\u00e4nne yl\u00f6sp\u00e4in vuodesta 1997 alkaen. Hervannan seurakunnan &#8221;ansiosta&#8221; yhdistys sai uuden tehopariskunnan, Liisan ja kohta puheenjohtaksikin tulleen Simon. Seuraavana vuonna yhdistys sai www-sivut, jakoi esitteit\u00e4 ymp\u00e4ri kaupunkia ja uusia j\u00e4seni\u00e4kin alkoi tulla.<\/p>\n<p>Pakanasanomat julkaistiin kahdesti vuonna 1998, ja seuraavana vuonna jo nelj\u00e4sti &#8212; tahti joka tuli s\u00e4ilym\u00e4\u00e4n monia vuosia. Siin\u00e4 miss\u00e4 1995 oli tullut 8 j\u00e4senhakemusta, tuli 1999 jo 22, suurelta osin nuoria. Toisaalta j\u00e4senten keski-ik\u00e4 oli p\u00e4\u00e4ssyt nousemaan ja lamavuodet olivat verottaneet j\u00e4senm\u00e4\u00e4r\u00e4\u00e4.<\/p>\n<p>Internetist\u00e4 ensimm\u00e4inen maininta p\u00f6yt\u00e4kirjoissa on vuodelta 1997: pohdittiin s\u00e4hk\u00f6postiosoitteen hankintaa. Seuraavana vuonna tehtiin omat www-sivut. Internetin koko merkityst\u00e4 ei viel\u00e4 kukaan kunnolla ymm\u00e4rt\u00e4nyt, vaikka kotien nettiliittym\u00e4t yleistyiv\u00e4tkin nopeasti.<\/p>\n<p>Juuri\u00a0 90-luvun viimeisin\u00e4 vuosina er\u00e4s yhdistyksen pitk\u00e4aikainen j\u00e4sen kuoli, j\u00e4tt\u00e4en yhdistykselle testamentissaan omaisuutta, jolla tuli olemaan suuri vaikutus vuosituhannen vaihtuessa.<\/p>\n<p><a href=\"https:\/\/vapaa-ajattelijat.fi\/tampere\/historia\/2000-2009\/\">&gt;&gt; Vuodet 2000-2009<\/a><\/p>\n","protected":false},"excerpt":{"rendered":"<p>1990-luku alkoi Taina Hollon valitsemisella ensin yhdistyksen puheenjohtajaksi ja sitten my\u00f6s liiton johtoon, ensimm\u00e4isen\u00e4 tamperelaisena sitten aivan ensimm\u00e4isen puheenjohtajan. Nuori ja ilmeisen energinen nainen saikin toimintaa piristym\u00e4\u00e4n ja esimerkiksi Pakanasanomat &#8230; <a title=\"1990-1999: Radioaalloilta www-sivuihin\" class=\"read-more\" href=\"https:\/\/vapaa-ajattelijat.fi\/tampere\/historia\/1990-1999\/\" aria-label=\"Lue lis\u00e4\u00e4 aiheesta 1990-1999: Radioaalloilta www-sivuihin\">Lue lis\u00e4\u00e4<\/a><\/p>\n","protected":false},"author":13,"featured_media":0,"parent":100,"menu_order":0,"comment_status":"closed","ping_status":"closed","template":"","meta":{"footnotes":""},"class_list":["post-342","page","type-page","status-publish"],"yoast_head":"<!-- This site is optimized with the Yoast SEO plugin v27.3 - https:\/\/yoast.com\/product\/yoast-seo-wordpress\/ -->\n<title>1990-1999: Radioaalloilta www-sivuihin - Tampereen vapaa-ajattelijat<\/title>\n<meta name=\"robots\" content=\"index, follow, max-snippet:-1, max-image-preview:large, max-video-preview:-1\" \/>\n<link rel=\"canonical\" href=\"https:\/\/vapaa-ajattelijat.fi\/tampere\/historia\/1990-1999\/\" \/>\n<meta property=\"og:locale\" content=\"fi_FI\" \/>\n<meta property=\"og:type\" content=\"article\" \/>\n<meta property=\"og:title\" content=\"1990-1999: Radioaalloilta www-sivuihin - Tampereen vapaa-ajattelijat\" \/>\n<meta property=\"og:description\" content=\"1990-luku alkoi Taina Hollon valitsemisella ensin yhdistyksen puheenjohtajaksi ja sitten my\u00f6s liiton johtoon, ensimm\u00e4isen\u00e4 tamperelaisena sitten aivan ensimm\u00e4isen puheenjohtajan. Nuori ja ilmeisen energinen nainen saikin toimintaa piristym\u00e4\u00e4n ja esimerkiksi Pakanasanomat ... Lue lis\u00e4\u00e4\" \/>\n<meta property=\"og:url\" content=\"https:\/\/vapaa-ajattelijat.fi\/tampere\/historia\/1990-1999\/\" \/>\n<meta property=\"og:site_name\" content=\"Tampereen vapaa-ajattelijat\" \/>\n<meta property=\"article:modified_time\" content=\"2021-12-05T10:33:15+00:00\" \/>\n<meta property=\"og:image\" content=\"https:\/\/vapaa-ajattelijat.fi\/tampere\/wp-content\/uploads\/sites\/16\/2020\/10\/tampereen-vaparit.png\" \/>\n\t<meta property=\"og:image:width\" content=\"600\" \/>\n\t<meta property=\"og:image:height\" content=\"600\" \/>\n\t<meta property=\"og:image:type\" content=\"image\/png\" \/>\n<meta name=\"twitter:card\" content=\"summary_large_image\" \/>\n<meta name=\"twitter:label1\" content=\"Arvioitu lukuaika\" \/>\n\t<meta name=\"twitter:data1\" content=\"2 minuuttia\" \/>\n<script type=\"application\/ld+json\" class=\"yoast-schema-graph\">{\"@context\":\"https:\\\/\\\/schema.org\",\"@graph\":[{\"@type\":\"WebPage\",\"@id\":\"https:\\\/\\\/vapaa-ajattelijat.fi\\\/tampere\\\/historia\\\/1990-1999\\\/\",\"url\":\"https:\\\/\\\/vapaa-ajattelijat.fi\\\/tampere\\\/historia\\\/1990-1999\\\/\",\"name\":\"1990-1999: Radioaalloilta www-sivuihin - Tampereen vapaa-ajattelijat\",\"isPartOf\":{\"@id\":\"https:\\\/\\\/vapaa-ajattelijat.fi\\\/tampere\\\/#website\"},\"datePublished\":\"2020-10-26T19:28:31+00:00\",\"dateModified\":\"2021-12-05T10:33:15+00:00\",\"breadcrumb\":{\"@id\":\"https:\\\/\\\/vapaa-ajattelijat.fi\\\/tampere\\\/historia\\\/1990-1999\\\/#breadcrumb\"},\"inLanguage\":\"fi\",\"potentialAction\":[{\"@type\":\"ReadAction\",\"target\":[\"https:\\\/\\\/vapaa-ajattelijat.fi\\\/tampere\\\/historia\\\/1990-1999\\\/\"]}]},{\"@type\":\"BreadcrumbList\",\"@id\":\"https:\\\/\\\/vapaa-ajattelijat.fi\\\/tampere\\\/historia\\\/1990-1999\\\/#breadcrumb\",\"itemListElement\":[{\"@type\":\"ListItem\",\"position\":1,\"name\":\"Etusivu\",\"item\":\"https:\\\/\\\/vapaa-ajattelijat.fi\\\/tampere\\\/\"},{\"@type\":\"ListItem\",\"position\":2,\"name\":\"Yli 80 vuotta historiaa\",\"item\":\"https:\\\/\\\/vapaa-ajattelijat.fi\\\/tampere\\\/historia\\\/\"},{\"@type\":\"ListItem\",\"position\":3,\"name\":\"1990-1999: Radioaalloilta www-sivuihin\"}]},{\"@type\":\"WebSite\",\"@id\":\"https:\\\/\\\/vapaa-ajattelijat.fi\\\/tampere\\\/#website\",\"url\":\"https:\\\/\\\/vapaa-ajattelijat.fi\\\/tampere\\\/\",\"name\":\"Tampereen vapaa-ajattelijat\",\"description\":\"\",\"publisher\":{\"@id\":\"https:\\\/\\\/vapaa-ajattelijat.fi\\\/tampere\\\/#organization\"},\"potentialAction\":[{\"@type\":\"SearchAction\",\"target\":{\"@type\":\"EntryPoint\",\"urlTemplate\":\"https:\\\/\\\/vapaa-ajattelijat.fi\\\/tampere\\\/?s={search_term_string}\"},\"query-input\":{\"@type\":\"PropertyValueSpecification\",\"valueRequired\":true,\"valueName\":\"search_term_string\"}}],\"inLanguage\":\"fi\"},{\"@type\":\"Organization\",\"@id\":\"https:\\\/\\\/vapaa-ajattelijat.fi\\\/tampere\\\/#organization\",\"name\":\"Tampereen vapaa-ajattelijat\",\"url\":\"https:\\\/\\\/vapaa-ajattelijat.fi\\\/tampere\\\/\",\"logo\":{\"@type\":\"ImageObject\",\"inLanguage\":\"fi\",\"@id\":\"https:\\\/\\\/vapaa-ajattelijat.fi\\\/tampere\\\/#\\\/schema\\\/logo\\\/image\\\/\",\"url\":\"https:\\\/\\\/vapaa-ajattelijat.fi\\\/tampere\\\/wp-content\\\/uploads\\\/sites\\\/16\\\/2020\\\/10\\\/tava_logo2.jpg\",\"contentUrl\":\"https:\\\/\\\/vapaa-ajattelijat.fi\\\/tampere\\\/wp-content\\\/uploads\\\/sites\\\/16\\\/2020\\\/10\\\/tava_logo2.jpg\",\"width\":965,\"height\":180,\"caption\":\"Tampereen vapaa-ajattelijat\"},\"image\":{\"@id\":\"https:\\\/\\\/vapaa-ajattelijat.fi\\\/tampere\\\/#\\\/schema\\\/logo\\\/image\\\/\"}}]}<\/script>\n<!-- \/ Yoast SEO plugin. -->","yoast_head_json":{"title":"1990-1999: Radioaalloilta www-sivuihin - Tampereen vapaa-ajattelijat","robots":{"index":"index","follow":"follow","max-snippet":"max-snippet:-1","max-image-preview":"max-image-preview:large","max-video-preview":"max-video-preview:-1"},"canonical":"https:\/\/vapaa-ajattelijat.fi\/tampere\/historia\/1990-1999\/","og_locale":"fi_FI","og_type":"article","og_title":"1990-1999: Radioaalloilta www-sivuihin - Tampereen vapaa-ajattelijat","og_description":"1990-luku alkoi Taina Hollon valitsemisella ensin yhdistyksen puheenjohtajaksi ja sitten my\u00f6s liiton johtoon, ensimm\u00e4isen\u00e4 tamperelaisena sitten aivan ensimm\u00e4isen puheenjohtajan. Nuori ja ilmeisen energinen nainen saikin toimintaa piristym\u00e4\u00e4n ja esimerkiksi Pakanasanomat ... Lue lis\u00e4\u00e4","og_url":"https:\/\/vapaa-ajattelijat.fi\/tampere\/historia\/1990-1999\/","og_site_name":"Tampereen vapaa-ajattelijat","article_modified_time":"2021-12-05T10:33:15+00:00","og_image":[{"width":600,"height":600,"url":"https:\/\/vapaa-ajattelijat.fi\/tampere\/wp-content\/uploads\/sites\/16\/2020\/10\/tampereen-vaparit.png","type":"image\/png"}],"twitter_card":"summary_large_image","twitter_misc":{"Arvioitu lukuaika":"2 minuuttia"},"schema":{"@context":"https:\/\/schema.org","@graph":[{"@type":"WebPage","@id":"https:\/\/vapaa-ajattelijat.fi\/tampere\/historia\/1990-1999\/","url":"https:\/\/vapaa-ajattelijat.fi\/tampere\/historia\/1990-1999\/","name":"1990-1999: Radioaalloilta www-sivuihin - Tampereen vapaa-ajattelijat","isPartOf":{"@id":"https:\/\/vapaa-ajattelijat.fi\/tampere\/#website"},"datePublished":"2020-10-26T19:28:31+00:00","dateModified":"2021-12-05T10:33:15+00:00","breadcrumb":{"@id":"https:\/\/vapaa-ajattelijat.fi\/tampere\/historia\/1990-1999\/#breadcrumb"},"inLanguage":"fi","potentialAction":[{"@type":"ReadAction","target":["https:\/\/vapaa-ajattelijat.fi\/tampere\/historia\/1990-1999\/"]}]},{"@type":"BreadcrumbList","@id":"https:\/\/vapaa-ajattelijat.fi\/tampere\/historia\/1990-1999\/#breadcrumb","itemListElement":[{"@type":"ListItem","position":1,"name":"Etusivu","item":"https:\/\/vapaa-ajattelijat.fi\/tampere\/"},{"@type":"ListItem","position":2,"name":"Yli 80 vuotta historiaa","item":"https:\/\/vapaa-ajattelijat.fi\/tampere\/historia\/"},{"@type":"ListItem","position":3,"name":"1990-1999: Radioaalloilta www-sivuihin"}]},{"@type":"WebSite","@id":"https:\/\/vapaa-ajattelijat.fi\/tampere\/#website","url":"https:\/\/vapaa-ajattelijat.fi\/tampere\/","name":"Tampereen vapaa-ajattelijat","description":"","publisher":{"@id":"https:\/\/vapaa-ajattelijat.fi\/tampere\/#organization"},"potentialAction":[{"@type":"SearchAction","target":{"@type":"EntryPoint","urlTemplate":"https:\/\/vapaa-ajattelijat.fi\/tampere\/?s={search_term_string}"},"query-input":{"@type":"PropertyValueSpecification","valueRequired":true,"valueName":"search_term_string"}}],"inLanguage":"fi"},{"@type":"Organization","@id":"https:\/\/vapaa-ajattelijat.fi\/tampere\/#organization","name":"Tampereen vapaa-ajattelijat","url":"https:\/\/vapaa-ajattelijat.fi\/tampere\/","logo":{"@type":"ImageObject","inLanguage":"fi","@id":"https:\/\/vapaa-ajattelijat.fi\/tampere\/#\/schema\/logo\/image\/","url":"https:\/\/vapaa-ajattelijat.fi\/tampere\/wp-content\/uploads\/sites\/16\/2020\/10\/tava_logo2.jpg","contentUrl":"https:\/\/vapaa-ajattelijat.fi\/tampere\/wp-content\/uploads\/sites\/16\/2020\/10\/tava_logo2.jpg","width":965,"height":180,"caption":"Tampereen vapaa-ajattelijat"},"image":{"@id":"https:\/\/vapaa-ajattelijat.fi\/tampere\/#\/schema\/logo\/image\/"}}]}},"_links":{"self":[{"href":"https:\/\/vapaa-ajattelijat.fi\/tampere\/wp-json\/wp\/v2\/pages\/342","targetHints":{"allow":["GET"]}}],"collection":[{"href":"https:\/\/vapaa-ajattelijat.fi\/tampere\/wp-json\/wp\/v2\/pages"}],"about":[{"href":"https:\/\/vapaa-ajattelijat.fi\/tampere\/wp-json\/wp\/v2\/types\/page"}],"author":[{"embeddable":true,"href":"https:\/\/vapaa-ajattelijat.fi\/tampere\/wp-json\/wp\/v2\/users\/13"}],"replies":[{"embeddable":true,"href":"https:\/\/vapaa-ajattelijat.fi\/tampere\/wp-json\/wp\/v2\/comments?post=342"}],"version-history":[{"count":18,"href":"https:\/\/vapaa-ajattelijat.fi\/tampere\/wp-json\/wp\/v2\/pages\/342\/revisions"}],"predecessor-version":[{"id":613,"href":"https:\/\/vapaa-ajattelijat.fi\/tampere\/wp-json\/wp\/v2\/pages\/342\/revisions\/613"}],"up":[{"embeddable":true,"href":"https:\/\/vapaa-ajattelijat.fi\/tampere\/wp-json\/wp\/v2\/pages\/100"}],"wp:attachment":[{"href":"https:\/\/vapaa-ajattelijat.fi\/tampere\/wp-json\/wp\/v2\/media?parent=342"}],"curies":[{"name":"wp","href":"https:\/\/api.w.org\/{rel}","templated":true}]}}