{"id":326,"date":"2020-10-23T20:29:36","date_gmt":"2020-10-23T18:29:36","guid":{"rendered":"http:\/\/vapaa-ajattelijat.fi\/tampere\/?page_id=326"},"modified":"2022-11-29T09:34:56","modified_gmt":"2022-11-29T07:34:56","slug":"saannot","status":"publish","type":"page","link":"https:\/\/vapaa-ajattelijat.fi\/tampere\/yleista\/saannot\/","title":{"rendered":"S\u00e4\u00e4nn\u00f6t"},"content":{"rendered":"<p>Tampereen vapaa-ajattelijat ry:n<\/p>\n<p>S\u00c4\u00c4NN\u00d6T<\/p>\n<p><strong>1 \u00a7 Yhdistyksen nimi ja kotipaikka<\/strong><\/p>\n<p>Yhdistyksen nimi on Tampereen vapaa-ajattelijat ry ja kotipaikka Tampere.<\/p>\n<p><strong>2 \u00a7 Yhdistyksen tarkoitus<\/strong><\/p>\n<p>Yhdistyksen tarkoituksena ja tavoitteena on<\/p>\n<p>a) edist\u00e4\u00e4 kaikkien lain ja hyvien tapojen mukaisten katsomusten ja vakaumusten tasa-arvoa, jossa valtio ei ota mit\u00e4\u00e4n virallista kantaa katsomuksiin eik\u00e4 anna millek\u00e4\u00e4n katsomusryhm\u00e4lle tai aatteelle erityisoikeuksia<\/p>\n<p>b) edist\u00e4\u00e4 valtion ja kirkon erottamista sek\u00e4 lains\u00e4\u00e4d\u00e4nn\u00f6ss\u00e4 ett\u00e4 k\u00e4yt\u00e4nn\u00f6n toiminnassa<\/p>\n<p>c) ajaa uskonnottomien etuja, oikeuksia ja oikeusturvaa<\/p>\n<p>d) edist\u00e4\u00e4 uskonnoista vapaata tapakulttuuria<\/p>\n<p>e) kannattaa tieteellist\u00e4 maailmankatsomusta.<\/p>\n<p><strong>3 \u00a7 Yhdistyksen toimintamuodot<\/strong><\/p>\n<p>Toteuttaakseen tarkoitustaan yhdistys yll\u00e4pit\u00e4\u00e4 ja kehitt\u00e4\u00e4 internet-sivustoja, sosiaalisen median tilej\u00e4 ja muita s\u00e4hk\u00f6isi\u00e4 toimintamuotoja, sek\u00e4 j\u00e4rjest\u00e4\u00e4 kokouksia, juhlia, puhe- ja esitelm\u00e4tilaisuuksia, sek\u00e4 levitt\u00e4\u00e4 lehti\u00e4 ja muita julkaisuja. Yhdistys tekee valistus-, neuvonta- ja kasvatusty\u00f6t\u00e4, tuo esille uskonnottomien oikeudellisia ongelmia sek\u00e4 puolustaa uskonnottomia heihin kohdistuvia katsomusvapauden loukkauksia vastaan. Yhdistys tekee aloitteita eri viranomaisille ja poliittisille p\u00e4\u00e4tt\u00e4jille.<\/p>\n<p>Yhdistys voi tarkoitustaan varten omistaa toimintahuoneistoja ja kiinteist\u00f6j\u00e4, harjoittaa yhdistyslain 5 \u00a7:n tarkoittamaa elinkeinoa tai ansiotoimintaa, vastaanottaa lahjoituksia ja testamentteja sek\u00e4 toimeenpanna arpajaisia, myyj\u00e4isi\u00e4 ja rahanker\u00e4yksi\u00e4 asianmukaisen luvan saatuaan. Yhdistys voi my\u00f6s hankkia, omistaa ja hoitaa hautausmaan.<\/p>\n<p>Yhdistys voi kuulua toimintaansa tukeviin yhdistyksiin. P\u00e4\u00e4t\u00f6ksen yhdistyksiin liittymisest\u00e4 tai niist\u00e4 eroamisesta tekee yhdistyksen kokous.<\/p>\n<p>Yhdistys on puoluepoliittisesti sitoutumaton.<\/p>\n<p><strong>4 \u00a7 J\u00e4seneksi p\u00e4\u00e4seminen<\/strong><\/p>\n<p>Yhdistyksen j\u00e4seneksi voi hallitus hyv\u00e4ksy\u00e4 uskonnollisiin j\u00e4rjest\u00f6ihin kuulumattoman ja mit\u00e4\u00e4n uskontoa tunnustamattoman viisitoista (15) vuotta t\u00e4ytt\u00e4neen henkil\u00f6n.<\/p>\n<p><strong>5 \u00a7 J\u00e4senmaksut<\/strong><\/p>\n<p>J\u00e4seniksi hyv\u00e4ksytyt maksavat yhdistykselle vuosittain j\u00e4senmaksun, jonka suuruuden vahvistaa yhdistyksen syyskokous.<\/p>\n<p>J\u00e4senmaksu jakaantuu kahteen luokkaan, A- ja B-j\u00e4senmaksuun. B- eli perhej\u00e4senmaksuun ovat oikeutettuja vain ne henkil\u00f6t, joiden taloudessa on v\u00e4hint\u00e4\u00e4n yksi A-j\u00e4sen. A- ja B-j\u00e4senmaksuluokkaan kuuluvien oikeudet ja velvollisuudet ovat yhtenev\u00e4t, poikkeuksena yhdistyksen julkaisut, jotka l\u00e4hetet\u00e4\u00e4n ainoastaan A-j\u00e4senmaksuluokkaan kuuluville.<\/p>\n<p>Hallitus on oikeutettu hakemuksesta my\u00f6nt\u00e4m\u00e4\u00e4n vapautuksen kyseisen vuoden j\u00e4senmaksusta, joko pienituloiselle j\u00e4senelle tai jostain muusta perustellusta syyst\u00e4.<\/p>\n<p>Yhdistys ei my\u00f6nn\u00e4 vapaaj\u00e4senyyksi\u00e4, eli pysyvi\u00e4 vapautuksia j\u00e4senmaksusta.<\/p>\n<p><strong>6 \u00a7 J\u00e4senen eroaminen ja erottaminen<\/strong><\/p>\n<p>J\u00e4senell\u00e4 on aina oikeus erota j\u00e4senyydest\u00e4 yhdistyslain mukaisesti.<\/p>\n<p>J\u00e4sen voidaan erottaa yhdistyksest\u00e4<\/p>\n<p>a) jos h\u00e4n on j\u00e4tt\u00e4nyt er\u00e4\u00e4ntyneen j\u00e4senmaksunsa maksamatta, eik\u00e4 maksa maksumuistutuksen j\u00e4lkeenk\u00e4\u00e4n er\u00e4p\u00e4iv\u00e4\u00e4n menness\u00e4<\/p>\n<p>b) jos h\u00e4n tahallisesti rikkoo yhdistyksen s\u00e4\u00e4nt\u00f6j\u00e4, tai kielt\u00e4ytyy noudattamasta yhdistyksen hallituksen tai muun vastaavan p\u00e4\u00e4tt\u00e4v\u00e4n elimen antamia s\u00e4\u00e4nt\u00f6ihin ja p\u00e4\u00e4t\u00f6ksiin perustuvia ohjeita, tai ei t\u00e4yt\u00e4 s\u00e4\u00e4nn\u00f6iss\u00e4 mainittuja j\u00e4senyyden ehtoja, tai toimii muuten yhdistyksen tarkoitusta vastaan<\/p>\n<p>c) jos h\u00e4n aiheuttaa yhdistyksen toiminnalle tai maineelle vahinkoa k\u00e4ytt\u00e4ytym\u00e4ll\u00e4 asiattomasti, tai toimimalla omavaltaisesti yhdistyksen nimiss\u00e4 tai edustajana.<\/p>\n<p>Kohdassa a) mainitussa tapauksessa erottamisoikeus on hallituksella. Kohdissa b) ja c) mainituissa tapauksissa p\u00e4\u00e4t\u00f6ksen j\u00e4senen erottamisesta tekee yhdistyksen kokous hallituksen ehdotuksesta.<\/p>\n<p>Eronneella tai erotetulla j\u00e4senell\u00e4 ei ole oikeutta saada suorittamiaan maksuja takaisin.<\/p>\n<p><strong>7 \u00a7 Hallitus<\/strong><\/p>\n<p>Yhdistyksen lakim\u00e4\u00e4r\u00e4isen\u00e4 edustajana on syyskokouksen kalenterivuodeksi kerrallaan valitsema hallitus.<\/p>\n<p>Hallitukseen kuuluu hallituksen puheenjohtaja ja v\u00e4hint\u00e4\u00e4n nelj\u00e4 (4) tai enint\u00e4\u00e4n kahdeksan (8) varsinaista, sek\u00e4 v\u00e4hint\u00e4\u00e4n ei yht\u00e4\u00e4n (0) tai enint\u00e4\u00e4n nelj\u00e4 (4) varaj\u00e4sent\u00e4. My\u00f6s varaj\u00e4senille on aina l\u00e4hetett\u00e4v\u00e4 kokouskutsu ja heill\u00e4 on l\u00e4sn\u00e4olo- ja puheoikeus hallituksen kokouksissa.<\/p>\n<p>Hallitus valitsee keskuudestaan varapuheenjohtajan sek\u00e4 ottaa keskuudestaan tai ulkopuoleltaan sihteerin, taloudenhoitajan ja muut tarvittavat toimihenkil\u00f6t.<\/p>\n<p>Toimihenkil\u00f6t, jotka eiv\u00e4t ole hallituksen j\u00e4seni\u00e4, valitaan hallituksen p\u00e4\u00e4t\u00f6ksell\u00e4 hoitamaan tietty\u00e4 teht\u00e4v\u00e4\u00e4. Toimihenkil\u00f6t toimivat hallituksen alaisena ja valvonnassa. Tarpeen mukaan hallitus on oikeutettu vaihtamaan henkil\u00f6it\u00e4.<\/p>\n<p>Hallitus kokoontuu puheenjohtajan tai varapuheenjohtajan kutsusta, kun he katsovat siihen olevan aihetta tai kun v\u00e4hint\u00e4\u00e4n puolet hallituksen j\u00e4senist\u00e4 sit\u00e4 vaatii.<\/p>\n<p>Hallitus on p\u00e4\u00e4t\u00f6svaltainen, kun v\u00e4hint\u00e4\u00e4n puolet sen j\u00e4senist\u00e4, puheenjohtaja tai varapuheenjohtaja mukaan luettuna on l\u00e4sn\u00e4. \u00c4\u00e4nten menness\u00e4 tasan voittaa se mielipide johon kokouksen puheenjohtaja on yhtynyt, vaaleissa kuitenkin arpa.<\/p>\n<p><strong>8 \u00a7 Yhdistyksen nimen kirjoittaminen<\/strong><\/p>\n<p>Yhdistyksen nimen kirjoittavat puheenjohtaja ja varapuheenjohtaja yhdess\u00e4, tai jompikumpi heist\u00e4 yhdess\u00e4 sihteerin tai taloudenhoitajan kanssa.<\/p>\n<p><strong>9 \u00a7 Tilikausi ja toiminnantarkastus<\/strong><\/p>\n<p>Yhdistyksen tilikausi on kalenterivuosi.<\/p>\n<p>Tilinp\u00e4\u00e4t\u00f6s tarvittavine asiakirjoineen ja hallituksen vuosikertomus on annettava toiminnantarkastajille viimeist\u00e4\u00e4n kolme (3) viikkoa ennen kev\u00e4tkokousta. Toiminnantarkastajien tulee antaa kirjallinen lausuntonsa viimeist\u00e4\u00e4n kaksi (2) viikkoa ennen kev\u00e4tkokousta hallitukselle.<\/p>\n<p><strong>10 \u00a7 Yhdistyksen kokoukset<\/strong><\/p>\n<p>Yhdistys kokoontuu vuosittain kahteen (2) varsinaiseen kokoukseen ja ylim\u00e4\u00e4r\u00e4isiin kokouksiin niin usein kuin asiat sit\u00e4 vaativat, tai milloin sellainen on lain mukaan pidett\u00e4v\u00e4.<\/p>\n<p>Kokoukset kutsutaan koolle j\u00e4senille l\u00e4hetetyiss\u00e4 j\u00e4senkirjeiss\u00e4, jotka l\u00e4hetet\u00e4\u00e4n heid\u00e4n ilmoittamaansa osoitteeseen. Kokouskutsu voidaan vaihtoehtoisesti l\u00e4hett\u00e4\u00e4 s\u00e4hk\u00f6postina niille j\u00e4senille, jotka ovat ilmoittaneet s\u00e4hk\u00f6postiosoitteensa yhdistykselle.<\/p>\n<p>Sek\u00e4 varsinaisista ett\u00e4 ylim\u00e4\u00e4r\u00e4isist\u00e4 kokouksista on ilmoitettava v\u00e4hint\u00e4\u00e4n seitsem\u00e4n (7) p\u00e4iv\u00e4\u00e4 ennen kokousta.<\/p>\n<p>Kokouskutsussa on mainittava k\u00e4sitelt\u00e4v\u00e4ksi tulevat asiat.<\/p>\n<p>Yhdistyksen kokouksen p\u00e4\u00e4t\u00f6kseksi tulee, ellei s\u00e4\u00e4nn\u00f6iss\u00e4 ole toisin m\u00e4\u00e4r\u00e4tty, se mielipide, jota on kannattanut yli puolet annetuista \u00e4\u00e4nist\u00e4. \u00c4\u00e4nten menness\u00e4 tasan ratkaisee kokouksen puheenjohtajan \u00e4\u00e4ni, vaaleissa kuitenkin arpa.<\/p>\n<p>Yhdistyksen kokoukseen voidaan osallistua hallituksen tai yhdistyksen kokouksen niin p\u00e4\u00e4tt\u00e4ess\u00e4 my\u00f6s tietoliikenneyhteyden tai muun teknisen apuv\u00e4lineen avulla kokouksen aikana.<\/p>\n<p><strong>11 \u00a7 Vuosikokoukset<\/strong><\/p>\n<p>Toukokuun loppuun menness\u00e4 pidett\u00e4v\u00e4ss\u00e4 kev\u00e4tkokouksessa k\u00e4sitell\u00e4\u00e4n seuraavat asiat:<\/p>\n<p>a) hallituksen toimintakertomus kuluneelta kalenterivuodelta<\/p>\n<p>b) esitet\u00e4\u00e4n tuloslaskelma, tase ja toiminnantarkastuskertomus kuluneelta tilikaudelta<\/p>\n<p>c) p\u00e4\u00e4tet\u00e4\u00e4n tilinp\u00e4\u00e4t\u00f6ksen vahvistamisesta ja tili- ja vastuuvapauden my\u00f6nt\u00e4misest\u00e4 hallitukselle<\/p>\n<p>d) keskustellaan ja p\u00e4\u00e4tet\u00e4\u00e4n muista mahdollisesti esille tulevista asioista huomioonottaen yhdistyslain m\u00e4\u00e4r\u00e4ykset.<\/p>\n<p>Loka-marras-joulukuussa pidett\u00e4v\u00e4ss\u00e4, tulevan vuoden toimintaa valmistavassa syyskokouksessa k\u00e4sitell\u00e4\u00e4n seuraavat asiat:<\/p>\n<p>a) p\u00e4\u00e4tet\u00e4\u00e4n j\u00e4senmaksun suuruudesta seuraavaksi vuodeksi<\/p>\n<p>b) hyv\u00e4ksyt\u00e4\u00e4n toimintasuunnitelma sek\u00e4 tulo- ja menoarvio seuraavaksi vuodeksi<\/p>\n<p>c) p\u00e4\u00e4tet\u00e4\u00e4n toimihenkil\u00f6iden palkkioista<\/p>\n<p>d) toimitetaan hallituksen puheenjohtajan vaali<\/p>\n<p>e) toimitetaan hallituksen varsinaisten ja varaj\u00e4senten vaali<\/p>\n<p>f) toimitetaan kahden (2) varsinaisen toiminnantarkastajan ja kahden (2) varatoiminnantarkastajan vaali<\/p>\n<p>g) keskustellaan ja p\u00e4\u00e4tet\u00e4\u00e4n muista mahdollisesti esille tulevista asioista huomioonottaen yhdistyslain m\u00e4\u00e4r\u00e4ykset.<\/p>\n<p><strong>12 \u00a7 S\u00e4\u00e4nt\u00f6jen muutokset<\/strong><\/p>\n<p>Muutoksia n\u00e4ihin s\u00e4\u00e4nt\u00f6ihin voidaan tehd\u00e4 yhdistyksen kokouksessa, jos kaksi kolmasosaa (2\/3) annetuista \u00e4\u00e4nist\u00e4 sit\u00e4 puoltaa.<\/p>\n<p><strong>13 \u00a7 Yhdistyksen purkaminen<\/strong><\/p>\n<p>Yhdistyksen purkaminen on k\u00e4sitelt\u00e4v\u00e4 kahdessa (2) seuraavassa v\u00e4hint\u00e4\u00e4n kahden (2) viikon v\u00e4liajoin pidett\u00e4v\u00e4ss\u00e4 yhdistyksen kokouksessa. P\u00e4\u00e4t\u00f6s yhdistyksen purkamisesta pannaan t\u00e4yt\u00e4nt\u00f6\u00f6n ainoastaan silloin, kun v\u00e4hint\u00e4\u00e4n kolme nelj\u00e4sosaa (3\/4) annetuista \u00e4\u00e4nist\u00e4 sit\u00e4 kannattaa kummassakin kokouksessa.<\/p>\n<p>Jos yhdistys on edellisess\u00e4 kohdassa sanotulla tavalla p\u00e4\u00e4tetty purkaa, joutuu sen omaisuus jollekin sen tarkoitusperi\u00e4 toteuttavalle vastaavalle rekister\u00f6idylle j\u00e4rjest\u00f6lle k\u00e4ytett\u00e4v\u00e4ksi n\u00e4iden s\u00e4\u00e4nt\u00f6jen toisessa (2) \u00a7:ss\u00e4 mainitun tarkoituksen edist\u00e4miseksi. P\u00e4\u00e4t\u00f6ksen mainitunlaisesta yhdistyksest\u00e4 tekee purkamisp\u00e4\u00e4t\u00f6ksen tekev\u00e4 kokous.<\/p>\n<p>Yhdistyksen tullessa lakkautetuksi joutuu sen omaisuus samaan tarkoitukseen kuin yhdistyksen purkamisessa.<\/p>\n<p>[ S\u00e4\u00e4nn\u00f6t hyv\u00e4ksyttiin syyskokouksessa 2020 ja yhdistysrekisteri hyv\u00e4ksyi ne 19.3.2021. ]<\/p>\n","protected":false},"excerpt":{"rendered":"<p>Tampereen vapaa-ajattelijat ry:n S\u00c4\u00c4NN\u00d6T 1 \u00a7 Yhdistyksen nimi ja kotipaikka Yhdistyksen nimi on Tampereen vapaa-ajattelijat ry ja kotipaikka Tampere. 2 \u00a7 Yhdistyksen tarkoitus Yhdistyksen tarkoituksena ja tavoitteena on a) edist\u00e4\u00e4 &#8230; <a title=\"S\u00e4\u00e4nn\u00f6t\" class=\"read-more\" href=\"https:\/\/vapaa-ajattelijat.fi\/tampere\/yleista\/saannot\/\" aria-label=\"Lue lis\u00e4\u00e4 aiheesta S\u00e4\u00e4nn\u00f6t\">Lue lis\u00e4\u00e4<\/a><\/p>\n","protected":false},"author":13,"featured_media":0,"parent":5,"menu_order":0,"comment_status":"closed","ping_status":"closed","template":"","meta":{"footnotes":""},"class_list":["post-326","page","type-page","status-publish"],"yoast_head":"<!-- This site is optimized with the Yoast SEO plugin v27.3 - https:\/\/yoast.com\/product\/yoast-seo-wordpress\/ -->\n<title>S\u00e4\u00e4nn\u00f6t - Tampereen vapaa-ajattelijat<\/title>\n<meta name=\"robots\" content=\"index, follow, max-snippet:-1, max-image-preview:large, max-video-preview:-1\" \/>\n<link rel=\"canonical\" href=\"https:\/\/vapaa-ajattelijat.fi\/tampere\/yleista\/saannot\/\" \/>\n<meta property=\"og:locale\" content=\"fi_FI\" \/>\n<meta property=\"og:type\" content=\"article\" \/>\n<meta property=\"og:title\" content=\"S\u00e4\u00e4nn\u00f6t - Tampereen vapaa-ajattelijat\" \/>\n<meta property=\"og:description\" content=\"Tampereen vapaa-ajattelijat ry:n S\u00c4\u00c4NN\u00d6T 1 \u00a7 Yhdistyksen nimi ja kotipaikka Yhdistyksen nimi on Tampereen vapaa-ajattelijat ry ja kotipaikka Tampere. 2 \u00a7 Yhdistyksen tarkoitus Yhdistyksen tarkoituksena ja tavoitteena on a) edist\u00e4\u00e4 ... Lue lis\u00e4\u00e4\" \/>\n<meta property=\"og:url\" content=\"https:\/\/vapaa-ajattelijat.fi\/tampere\/yleista\/saannot\/\" \/>\n<meta property=\"og:site_name\" content=\"Tampereen vapaa-ajattelijat\" \/>\n<meta property=\"article:modified_time\" content=\"2022-11-29T07:34:56+00:00\" \/>\n<meta property=\"og:image\" content=\"https:\/\/vapaa-ajattelijat.fi\/tampere\/wp-content\/uploads\/sites\/16\/2020\/10\/tampereen-vaparit.png\" \/>\n\t<meta property=\"og:image:width\" content=\"600\" \/>\n\t<meta property=\"og:image:height\" content=\"600\" \/>\n\t<meta property=\"og:image:type\" content=\"image\/png\" \/>\n<meta name=\"twitter:card\" content=\"summary_large_image\" \/>\n<meta name=\"twitter:label1\" content=\"Arvioitu lukuaika\" \/>\n\t<meta name=\"twitter:data1\" content=\"6 minuuttia\" \/>\n<script type=\"application\/ld+json\" class=\"yoast-schema-graph\">{\"@context\":\"https:\\\/\\\/schema.org\",\"@graph\":[{\"@type\":\"WebPage\",\"@id\":\"https:\\\/\\\/vapaa-ajattelijat.fi\\\/tampere\\\/yleista\\\/saannot\\\/\",\"url\":\"https:\\\/\\\/vapaa-ajattelijat.fi\\\/tampere\\\/yleista\\\/saannot\\\/\",\"name\":\"S\u00e4\u00e4nn\u00f6t - Tampereen vapaa-ajattelijat\",\"isPartOf\":{\"@id\":\"https:\\\/\\\/vapaa-ajattelijat.fi\\\/tampere\\\/#website\"},\"datePublished\":\"2020-10-23T18:29:36+00:00\",\"dateModified\":\"2022-11-29T07:34:56+00:00\",\"breadcrumb\":{\"@id\":\"https:\\\/\\\/vapaa-ajattelijat.fi\\\/tampere\\\/yleista\\\/saannot\\\/#breadcrumb\"},\"inLanguage\":\"fi\",\"potentialAction\":[{\"@type\":\"ReadAction\",\"target\":[\"https:\\\/\\\/vapaa-ajattelijat.fi\\\/tampere\\\/yleista\\\/saannot\\\/\"]}]},{\"@type\":\"BreadcrumbList\",\"@id\":\"https:\\\/\\\/vapaa-ajattelijat.fi\\\/tampere\\\/yleista\\\/saannot\\\/#breadcrumb\",\"itemListElement\":[{\"@type\":\"ListItem\",\"position\":1,\"name\":\"Etusivu\",\"item\":\"https:\\\/\\\/vapaa-ajattelijat.fi\\\/tampere\\\/\"},{\"@type\":\"ListItem\",\"position\":2,\"name\":\"Yleist\u00e4\",\"item\":\"https:\\\/\\\/vapaa-ajattelijat.fi\\\/tampere\\\/\"},{\"@type\":\"ListItem\",\"position\":3,\"name\":\"S\u00e4\u00e4nn\u00f6t\"}]},{\"@type\":\"WebSite\",\"@id\":\"https:\\\/\\\/vapaa-ajattelijat.fi\\\/tampere\\\/#website\",\"url\":\"https:\\\/\\\/vapaa-ajattelijat.fi\\\/tampere\\\/\",\"name\":\"Tampereen vapaa-ajattelijat\",\"description\":\"\",\"publisher\":{\"@id\":\"https:\\\/\\\/vapaa-ajattelijat.fi\\\/tampere\\\/#organization\"},\"potentialAction\":[{\"@type\":\"SearchAction\",\"target\":{\"@type\":\"EntryPoint\",\"urlTemplate\":\"https:\\\/\\\/vapaa-ajattelijat.fi\\\/tampere\\\/?s={search_term_string}\"},\"query-input\":{\"@type\":\"PropertyValueSpecification\",\"valueRequired\":true,\"valueName\":\"search_term_string\"}}],\"inLanguage\":\"fi\"},{\"@type\":\"Organization\",\"@id\":\"https:\\\/\\\/vapaa-ajattelijat.fi\\\/tampere\\\/#organization\",\"name\":\"Tampereen vapaa-ajattelijat\",\"url\":\"https:\\\/\\\/vapaa-ajattelijat.fi\\\/tampere\\\/\",\"logo\":{\"@type\":\"ImageObject\",\"inLanguage\":\"fi\",\"@id\":\"https:\\\/\\\/vapaa-ajattelijat.fi\\\/tampere\\\/#\\\/schema\\\/logo\\\/image\\\/\",\"url\":\"https:\\\/\\\/vapaa-ajattelijat.fi\\\/tampere\\\/wp-content\\\/uploads\\\/sites\\\/16\\\/2020\\\/10\\\/tava_logo2.jpg\",\"contentUrl\":\"https:\\\/\\\/vapaa-ajattelijat.fi\\\/tampere\\\/wp-content\\\/uploads\\\/sites\\\/16\\\/2020\\\/10\\\/tava_logo2.jpg\",\"width\":965,\"height\":180,\"caption\":\"Tampereen vapaa-ajattelijat\"},\"image\":{\"@id\":\"https:\\\/\\\/vapaa-ajattelijat.fi\\\/tampere\\\/#\\\/schema\\\/logo\\\/image\\\/\"}}]}<\/script>\n<!-- \/ Yoast SEO plugin. -->","yoast_head_json":{"title":"S\u00e4\u00e4nn\u00f6t - Tampereen vapaa-ajattelijat","robots":{"index":"index","follow":"follow","max-snippet":"max-snippet:-1","max-image-preview":"max-image-preview:large","max-video-preview":"max-video-preview:-1"},"canonical":"https:\/\/vapaa-ajattelijat.fi\/tampere\/yleista\/saannot\/","og_locale":"fi_FI","og_type":"article","og_title":"S\u00e4\u00e4nn\u00f6t - Tampereen vapaa-ajattelijat","og_description":"Tampereen vapaa-ajattelijat ry:n S\u00c4\u00c4NN\u00d6T 1 \u00a7 Yhdistyksen nimi ja kotipaikka Yhdistyksen nimi on Tampereen vapaa-ajattelijat ry ja kotipaikka Tampere. 2 \u00a7 Yhdistyksen tarkoitus Yhdistyksen tarkoituksena ja tavoitteena on a) edist\u00e4\u00e4 ... Lue lis\u00e4\u00e4","og_url":"https:\/\/vapaa-ajattelijat.fi\/tampere\/yleista\/saannot\/","og_site_name":"Tampereen vapaa-ajattelijat","article_modified_time":"2022-11-29T07:34:56+00:00","og_image":[{"width":600,"height":600,"url":"https:\/\/vapaa-ajattelijat.fi\/tampere\/wp-content\/uploads\/sites\/16\/2020\/10\/tampereen-vaparit.png","type":"image\/png"}],"twitter_card":"summary_large_image","twitter_misc":{"Arvioitu lukuaika":"6 minuuttia"},"schema":{"@context":"https:\/\/schema.org","@graph":[{"@type":"WebPage","@id":"https:\/\/vapaa-ajattelijat.fi\/tampere\/yleista\/saannot\/","url":"https:\/\/vapaa-ajattelijat.fi\/tampere\/yleista\/saannot\/","name":"S\u00e4\u00e4nn\u00f6t - Tampereen vapaa-ajattelijat","isPartOf":{"@id":"https:\/\/vapaa-ajattelijat.fi\/tampere\/#website"},"datePublished":"2020-10-23T18:29:36+00:00","dateModified":"2022-11-29T07:34:56+00:00","breadcrumb":{"@id":"https:\/\/vapaa-ajattelijat.fi\/tampere\/yleista\/saannot\/#breadcrumb"},"inLanguage":"fi","potentialAction":[{"@type":"ReadAction","target":["https:\/\/vapaa-ajattelijat.fi\/tampere\/yleista\/saannot\/"]}]},{"@type":"BreadcrumbList","@id":"https:\/\/vapaa-ajattelijat.fi\/tampere\/yleista\/saannot\/#breadcrumb","itemListElement":[{"@type":"ListItem","position":1,"name":"Etusivu","item":"https:\/\/vapaa-ajattelijat.fi\/tampere\/"},{"@type":"ListItem","position":2,"name":"Yleist\u00e4","item":"https:\/\/vapaa-ajattelijat.fi\/tampere\/"},{"@type":"ListItem","position":3,"name":"S\u00e4\u00e4nn\u00f6t"}]},{"@type":"WebSite","@id":"https:\/\/vapaa-ajattelijat.fi\/tampere\/#website","url":"https:\/\/vapaa-ajattelijat.fi\/tampere\/","name":"Tampereen vapaa-ajattelijat","description":"","publisher":{"@id":"https:\/\/vapaa-ajattelijat.fi\/tampere\/#organization"},"potentialAction":[{"@type":"SearchAction","target":{"@type":"EntryPoint","urlTemplate":"https:\/\/vapaa-ajattelijat.fi\/tampere\/?s={search_term_string}"},"query-input":{"@type":"PropertyValueSpecification","valueRequired":true,"valueName":"search_term_string"}}],"inLanguage":"fi"},{"@type":"Organization","@id":"https:\/\/vapaa-ajattelijat.fi\/tampere\/#organization","name":"Tampereen vapaa-ajattelijat","url":"https:\/\/vapaa-ajattelijat.fi\/tampere\/","logo":{"@type":"ImageObject","inLanguage":"fi","@id":"https:\/\/vapaa-ajattelijat.fi\/tampere\/#\/schema\/logo\/image\/","url":"https:\/\/vapaa-ajattelijat.fi\/tampere\/wp-content\/uploads\/sites\/16\/2020\/10\/tava_logo2.jpg","contentUrl":"https:\/\/vapaa-ajattelijat.fi\/tampere\/wp-content\/uploads\/sites\/16\/2020\/10\/tava_logo2.jpg","width":965,"height":180,"caption":"Tampereen vapaa-ajattelijat"},"image":{"@id":"https:\/\/vapaa-ajattelijat.fi\/tampere\/#\/schema\/logo\/image\/"}}]}},"_links":{"self":[{"href":"https:\/\/vapaa-ajattelijat.fi\/tampere\/wp-json\/wp\/v2\/pages\/326","targetHints":{"allow":["GET"]}}],"collection":[{"href":"https:\/\/vapaa-ajattelijat.fi\/tampere\/wp-json\/wp\/v2\/pages"}],"about":[{"href":"https:\/\/vapaa-ajattelijat.fi\/tampere\/wp-json\/wp\/v2\/types\/page"}],"author":[{"embeddable":true,"href":"https:\/\/vapaa-ajattelijat.fi\/tampere\/wp-json\/wp\/v2\/users\/13"}],"replies":[{"embeddable":true,"href":"https:\/\/vapaa-ajattelijat.fi\/tampere\/wp-json\/wp\/v2\/comments?post=326"}],"version-history":[{"count":6,"href":"https:\/\/vapaa-ajattelijat.fi\/tampere\/wp-json\/wp\/v2\/pages\/326\/revisions"}],"predecessor-version":[{"id":793,"href":"https:\/\/vapaa-ajattelijat.fi\/tampere\/wp-json\/wp\/v2\/pages\/326\/revisions\/793"}],"up":[{"embeddable":true,"href":"https:\/\/vapaa-ajattelijat.fi\/tampere\/wp-json\/wp\/v2\/pages\/5"}],"wp:attachment":[{"href":"https:\/\/vapaa-ajattelijat.fi\/tampere\/wp-json\/wp\/v2\/media?parent=326"}],"curies":[{"name":"wp","href":"https:\/\/api.w.org\/{rel}","templated":true}]}}