{"id":323,"date":"2020-10-23T20:14:42","date_gmt":"2020-10-23T18:14:42","guid":{"rendered":"http:\/\/vapaa-ajattelijat.fi\/tampere\/?page_id=323"},"modified":"2020-10-23T20:14:42","modified_gmt":"2020-10-23T18:14:42","slug":"yleista-2","status":"publish","type":"page","link":"https:\/\/vapaa-ajattelijat.fi\/tampere\/yleista-2\/","title":{"rendered":"yleist\u00e4"},"content":{"rendered":"<div id=\"primary\" class=\"content-area grid-parent mobile-grid-100 grid-75 tablet-grid-75\">\n<p>Olemme <a href=\"http:\/\/vapaa-ajattelijat.fi\">Vapaa-ajattelijain liiton<\/a> Pirkanmaalla toimiva j\u00e4senyhdistys. Tavoitteemme on maallisempi yhteiskunta, jossa valtio ei anna etuoikeuksia uskonnoille.<\/p>\n<article id=\"post-5\" class=\"post-5 page type-page status-publish\">\n<div class=\"inside-article\">\n<div class=\"entry-content\">\n<h2>Tavoitteet<\/h2>\n<p>Valtio ei saisi suosia uskontoja. Evankelis-luterilaisen ja Ortodoksisen valtionkirkon verotusoikeus ja muu erityisasema tulee purkaa.<\/p>\n<p>Pienempi\u00e4 korjauskohteita on paljon, esimerkiksi:<\/p>\n<ul>\n<li>el\u00e4m\u00e4nkatsomustiedon opiskelu pit\u00e4\u00e4 sallia my\u00f6s kirkkoon kuuluville lapsille<\/li>\n<li>koulun ei pid\u00e4 vied\u00e4 lapsia jumalanpalveuksiin<\/li>\n<li>jumalanpilkkalaki on kumottava<\/li>\n<li>uskonnollinen vala ei kuulu valtion laitoksiin<\/li>\n<li>j\u00e4ljelle olevat uskontokuntia koskevat poikkeukset verotuksessa on poistettava.<\/li>\n<\/ul>\n<p>Uskonnonvapaus tarkoittaa toisaalta, ett\u00e4 jokaisella on vapaus uskoa ja lupa omilla rahoillaan rakentaa kirkkoja, painaa Koraaneja ja niin edelleen.<\/p>\n<p>Itse emme usko jumaliin ja pid\u00e4mme aina j\u00e4rke\u00e4 parempana oppaana el\u00e4m\u00e4ss\u00e4 kuin uskoa. Toivomme uskontokuntien j\u00e4senm\u00e4\u00e4rien v\u00e4henev\u00e4n nykyist\u00e4kin nopeammin.<\/p>\n<h2>Toiminta<\/h2>\n<ul>\n<li>Paikallisesti kokoonnumme kerran kuussa baari-iltaan, alustusten aiheina ovat olleet esimerkisi\n<ul>\n<li>eutanasia ja Exitus ry<\/li>\n<li>median etiikka<\/li>\n<li>partion suhde uskontoon.<\/li>\n<\/ul>\n<\/li>\n<li>Luontoretki\u00e4 ja k\u00e4velyit\u00e4 j\u00e4rjest\u00e4mme muutaman kerran vuodessa.<\/li>\n<li>Satunnaisesti k\u00e4ymme aihetta sivuavissa n\u00e4yttelyiss\u00e4 tai katsomassa jonkin n\u00e4ytelm\u00e4n.<\/li>\n<li><a href=\"https:\/\/eroakirkosta.fi\">Eroakirkosta.fi-palvelu<\/a> syntyi alkuaan tamperelaisten voimin.<\/li>\n<li>Olemme olleet mukana muutamia <a href=\"http:\/\/vapaa-ajattelijat.fi\/tampere\/www\/\">muita www-sivuja<\/a> tekem\u00e4ss\u00e4.<\/li>\n<\/ul>\n<p>Yhdistyksell\u00e4 on oma toimisto, josta l\u00f6ytyy satakunta aiheitamme sivuavaa kirjaa.<\/p>\n<h2>Yhdistys lyhyesti<\/h2>\n<ul>\n<li>Perustettu 1945. <a href=\"http:\/\/vapaa-ajattelijat.fi\/tampere\/historia\/\">Lis\u00e4\u00e4 historiasta<\/a>.<\/li>\n<li>J\u00e4seni\u00e4 noin 200.<\/li>\n<li>Poliittisesti sitoutumaton.<\/li>\n<li>Avoin niille jotka kiitt\u00e4v\u00e4t ruuasta mieluummin kokkia kuin Jeesusta. <a href=\"http:\/\/vapaa-ajattelijat.fi\/tampere\/liity\/\">Liity j\u00e4seneksi!<\/a><\/li>\n<\/ul>\n<\/div>\n<\/div>\n<\/article>\n<p>&nbsp;<\/p>\n<\/div>\n","protected":false},"excerpt":{"rendered":"<p>Olemme Vapaa-ajattelijain liiton Pirkanmaalla toimiva j\u00e4senyhdistys. Tavoitteemme on maallisempi yhteiskunta, jossa valtio ei anna etuoikeuksia uskonnoille. Tavoitteet Valtio ei saisi suosia uskontoja. Evankelis-luterilaisen ja Ortodoksisen valtionkirkon verotusoikeus ja muu erityisasema &#8230; <a title=\"yleist\u00e4\" class=\"read-more\" href=\"https:\/\/vapaa-ajattelijat.fi\/tampere\/yleista-2\/\" aria-label=\"Lue lis\u00e4\u00e4 aiheesta yleist\u00e4\">Lue lis\u00e4\u00e4<\/a><\/p>\n","protected":false},"author":13,"featured_media":0,"parent":0,"menu_order":0,"comment_status":"closed","ping_status":"closed","template":"","meta":{"footnotes":""},"class_list":["post-323","page","type-page","status-publish"],"yoast_head":"<!-- This site is optimized with the Yoast SEO plugin v27.3 - https:\/\/yoast.com\/product\/yoast-seo-wordpress\/ -->\n<title>yleist\u00e4 - Tampereen vapaa-ajattelijat<\/title>\n<meta name=\"robots\" content=\"index, follow, max-snippet:-1, max-image-preview:large, max-video-preview:-1\" \/>\n<link rel=\"canonical\" href=\"https:\/\/vapaa-ajattelijat.fi\/tampere\/yleista-2\/\" \/>\n<meta property=\"og:locale\" content=\"fi_FI\" \/>\n<meta property=\"og:type\" content=\"article\" \/>\n<meta property=\"og:title\" content=\"yleist\u00e4 - Tampereen vapaa-ajattelijat\" \/>\n<meta property=\"og:description\" content=\"Olemme Vapaa-ajattelijain liiton Pirkanmaalla toimiva j\u00e4senyhdistys. Tavoitteemme on maallisempi yhteiskunta, jossa valtio ei anna etuoikeuksia uskonnoille. Tavoitteet Valtio ei saisi suosia uskontoja. Evankelis-luterilaisen ja Ortodoksisen valtionkirkon verotusoikeus ja muu erityisasema ... Lue lis\u00e4\u00e4\" \/>\n<meta property=\"og:url\" content=\"https:\/\/vapaa-ajattelijat.fi\/tampere\/yleista-2\/\" \/>\n<meta property=\"og:site_name\" content=\"Tampereen vapaa-ajattelijat\" \/>\n<meta property=\"og:image\" content=\"https:\/\/vapaa-ajattelijat.fi\/tampere\/wp-content\/uploads\/sites\/16\/2020\/10\/tampereen-vaparit.png\" \/>\n\t<meta property=\"og:image:width\" content=\"600\" \/>\n\t<meta property=\"og:image:height\" content=\"600\" \/>\n\t<meta property=\"og:image:type\" content=\"image\/png\" \/>\n<meta name=\"twitter:card\" content=\"summary_large_image\" \/>\n<meta name=\"twitter:label1\" content=\"Arvioitu lukuaika\" \/>\n\t<meta name=\"twitter:data1\" content=\"1 minuutti\" \/>\n<script type=\"application\/ld+json\" class=\"yoast-schema-graph\">{\"@context\":\"https:\\\/\\\/schema.org\",\"@graph\":[{\"@type\":\"WebPage\",\"@id\":\"https:\\\/\\\/vapaa-ajattelijat.fi\\\/tampere\\\/yleista-2\\\/\",\"url\":\"https:\\\/\\\/vapaa-ajattelijat.fi\\\/tampere\\\/yleista-2\\\/\",\"name\":\"yleist\u00e4 - Tampereen vapaa-ajattelijat\",\"isPartOf\":{\"@id\":\"https:\\\/\\\/vapaa-ajattelijat.fi\\\/tampere\\\/#website\"},\"datePublished\":\"2020-10-23T18:14:42+00:00\",\"breadcrumb\":{\"@id\":\"https:\\\/\\\/vapaa-ajattelijat.fi\\\/tampere\\\/yleista-2\\\/#breadcrumb\"},\"inLanguage\":\"fi\",\"potentialAction\":[{\"@type\":\"ReadAction\",\"target\":[\"https:\\\/\\\/vapaa-ajattelijat.fi\\\/tampere\\\/yleista-2\\\/\"]}]},{\"@type\":\"BreadcrumbList\",\"@id\":\"https:\\\/\\\/vapaa-ajattelijat.fi\\\/tampere\\\/yleista-2\\\/#breadcrumb\",\"itemListElement\":[{\"@type\":\"ListItem\",\"position\":1,\"name\":\"Etusivu\",\"item\":\"https:\\\/\\\/vapaa-ajattelijat.fi\\\/tampere\\\/\"},{\"@type\":\"ListItem\",\"position\":2,\"name\":\"yleist\u00e4\"}]},{\"@type\":\"WebSite\",\"@id\":\"https:\\\/\\\/vapaa-ajattelijat.fi\\\/tampere\\\/#website\",\"url\":\"https:\\\/\\\/vapaa-ajattelijat.fi\\\/tampere\\\/\",\"name\":\"Tampereen vapaa-ajattelijat\",\"description\":\"\",\"publisher\":{\"@id\":\"https:\\\/\\\/vapaa-ajattelijat.fi\\\/tampere\\\/#organization\"},\"potentialAction\":[{\"@type\":\"SearchAction\",\"target\":{\"@type\":\"EntryPoint\",\"urlTemplate\":\"https:\\\/\\\/vapaa-ajattelijat.fi\\\/tampere\\\/?s={search_term_string}\"},\"query-input\":{\"@type\":\"PropertyValueSpecification\",\"valueRequired\":true,\"valueName\":\"search_term_string\"}}],\"inLanguage\":\"fi\"},{\"@type\":\"Organization\",\"@id\":\"https:\\\/\\\/vapaa-ajattelijat.fi\\\/tampere\\\/#organization\",\"name\":\"Tampereen vapaa-ajattelijat\",\"url\":\"https:\\\/\\\/vapaa-ajattelijat.fi\\\/tampere\\\/\",\"logo\":{\"@type\":\"ImageObject\",\"inLanguage\":\"fi\",\"@id\":\"https:\\\/\\\/vapaa-ajattelijat.fi\\\/tampere\\\/#\\\/schema\\\/logo\\\/image\\\/\",\"url\":\"https:\\\/\\\/vapaa-ajattelijat.fi\\\/tampere\\\/wp-content\\\/uploads\\\/sites\\\/16\\\/2020\\\/10\\\/tava_logo2.jpg\",\"contentUrl\":\"https:\\\/\\\/vapaa-ajattelijat.fi\\\/tampere\\\/wp-content\\\/uploads\\\/sites\\\/16\\\/2020\\\/10\\\/tava_logo2.jpg\",\"width\":965,\"height\":180,\"caption\":\"Tampereen vapaa-ajattelijat\"},\"image\":{\"@id\":\"https:\\\/\\\/vapaa-ajattelijat.fi\\\/tampere\\\/#\\\/schema\\\/logo\\\/image\\\/\"}}]}<\/script>\n<!-- \/ Yoast SEO plugin. -->","yoast_head_json":{"title":"yleist\u00e4 - Tampereen vapaa-ajattelijat","robots":{"index":"index","follow":"follow","max-snippet":"max-snippet:-1","max-image-preview":"max-image-preview:large","max-video-preview":"max-video-preview:-1"},"canonical":"https:\/\/vapaa-ajattelijat.fi\/tampere\/yleista-2\/","og_locale":"fi_FI","og_type":"article","og_title":"yleist\u00e4 - Tampereen vapaa-ajattelijat","og_description":"Olemme Vapaa-ajattelijain liiton Pirkanmaalla toimiva j\u00e4senyhdistys. Tavoitteemme on maallisempi yhteiskunta, jossa valtio ei anna etuoikeuksia uskonnoille. Tavoitteet Valtio ei saisi suosia uskontoja. Evankelis-luterilaisen ja Ortodoksisen valtionkirkon verotusoikeus ja muu erityisasema ... Lue lis\u00e4\u00e4","og_url":"https:\/\/vapaa-ajattelijat.fi\/tampere\/yleista-2\/","og_site_name":"Tampereen vapaa-ajattelijat","og_image":[{"width":600,"height":600,"url":"https:\/\/vapaa-ajattelijat.fi\/tampere\/wp-content\/uploads\/sites\/16\/2020\/10\/tampereen-vaparit.png","type":"image\/png"}],"twitter_card":"summary_large_image","twitter_misc":{"Arvioitu lukuaika":"1 minuutti"},"schema":{"@context":"https:\/\/schema.org","@graph":[{"@type":"WebPage","@id":"https:\/\/vapaa-ajattelijat.fi\/tampere\/yleista-2\/","url":"https:\/\/vapaa-ajattelijat.fi\/tampere\/yleista-2\/","name":"yleist\u00e4 - Tampereen vapaa-ajattelijat","isPartOf":{"@id":"https:\/\/vapaa-ajattelijat.fi\/tampere\/#website"},"datePublished":"2020-10-23T18:14:42+00:00","breadcrumb":{"@id":"https:\/\/vapaa-ajattelijat.fi\/tampere\/yleista-2\/#breadcrumb"},"inLanguage":"fi","potentialAction":[{"@type":"ReadAction","target":["https:\/\/vapaa-ajattelijat.fi\/tampere\/yleista-2\/"]}]},{"@type":"BreadcrumbList","@id":"https:\/\/vapaa-ajattelijat.fi\/tampere\/yleista-2\/#breadcrumb","itemListElement":[{"@type":"ListItem","position":1,"name":"Etusivu","item":"https:\/\/vapaa-ajattelijat.fi\/tampere\/"},{"@type":"ListItem","position":2,"name":"yleist\u00e4"}]},{"@type":"WebSite","@id":"https:\/\/vapaa-ajattelijat.fi\/tampere\/#website","url":"https:\/\/vapaa-ajattelijat.fi\/tampere\/","name":"Tampereen vapaa-ajattelijat","description":"","publisher":{"@id":"https:\/\/vapaa-ajattelijat.fi\/tampere\/#organization"},"potentialAction":[{"@type":"SearchAction","target":{"@type":"EntryPoint","urlTemplate":"https:\/\/vapaa-ajattelijat.fi\/tampere\/?s={search_term_string}"},"query-input":{"@type":"PropertyValueSpecification","valueRequired":true,"valueName":"search_term_string"}}],"inLanguage":"fi"},{"@type":"Organization","@id":"https:\/\/vapaa-ajattelijat.fi\/tampere\/#organization","name":"Tampereen vapaa-ajattelijat","url":"https:\/\/vapaa-ajattelijat.fi\/tampere\/","logo":{"@type":"ImageObject","inLanguage":"fi","@id":"https:\/\/vapaa-ajattelijat.fi\/tampere\/#\/schema\/logo\/image\/","url":"https:\/\/vapaa-ajattelijat.fi\/tampere\/wp-content\/uploads\/sites\/16\/2020\/10\/tava_logo2.jpg","contentUrl":"https:\/\/vapaa-ajattelijat.fi\/tampere\/wp-content\/uploads\/sites\/16\/2020\/10\/tava_logo2.jpg","width":965,"height":180,"caption":"Tampereen vapaa-ajattelijat"},"image":{"@id":"https:\/\/vapaa-ajattelijat.fi\/tampere\/#\/schema\/logo\/image\/"}}]}},"_links":{"self":[{"href":"https:\/\/vapaa-ajattelijat.fi\/tampere\/wp-json\/wp\/v2\/pages\/323","targetHints":{"allow":["GET"]}}],"collection":[{"href":"https:\/\/vapaa-ajattelijat.fi\/tampere\/wp-json\/wp\/v2\/pages"}],"about":[{"href":"https:\/\/vapaa-ajattelijat.fi\/tampere\/wp-json\/wp\/v2\/types\/page"}],"author":[{"embeddable":true,"href":"https:\/\/vapaa-ajattelijat.fi\/tampere\/wp-json\/wp\/v2\/users\/13"}],"replies":[{"embeddable":true,"href":"https:\/\/vapaa-ajattelijat.fi\/tampere\/wp-json\/wp\/v2\/comments?post=323"}],"version-history":[{"count":2,"href":"https:\/\/vapaa-ajattelijat.fi\/tampere\/wp-json\/wp\/v2\/pages\/323\/revisions"}],"predecessor-version":[{"id":325,"href":"https:\/\/vapaa-ajattelijat.fi\/tampere\/wp-json\/wp\/v2\/pages\/323\/revisions\/325"}],"wp:attachment":[{"href":"https:\/\/vapaa-ajattelijat.fi\/tampere\/wp-json\/wp\/v2\/media?parent=323"}],"curies":[{"name":"wp","href":"https:\/\/api.w.org\/{rel}","templated":true}]}}