{"id":171,"date":"2020-10-18T07:22:22","date_gmt":"2020-10-18T05:22:22","guid":{"rendered":"http:\/\/vapaa-ajattelijat.fi\/tampere\/?page_id=171"},"modified":"2023-10-23T14:10:58","modified_gmt":"2023-10-23T11:10:58","slug":"1940-1949","status":"publish","type":"page","link":"https:\/\/vapaa-ajattelijat.fi\/tampere\/historia\/1940-1949\/","title":{"rendered":"1940-1949: Yhdistys perustetaan"},"content":{"rendered":"<p>Yhdistyksen edelt\u00e4j\u00e4 oli lakkautettu 1939, ja pian Talvisodan j\u00e4lkeen hovioikeus vahvisti p\u00e4\u00e4t\u00f6ksen. Liittoa ei koskaan lakkautettu, vaan sen p\u00e4\u00e4paikka siirtyi Turun kautta Helsinkiin &#8212; p\u00e4\u00e4t\u00f6ksen t\u00e4st\u00e4 tehnyt liittokokous pidettiin Tampereella 12.1.1941. K\u00e4yt\u00e4nn\u00f6llisesti katsoen vapaa-ajattelijoiden toimintaa ei ilmeisesti Jatkosodan aikana ollut paljon miss\u00e4\u00e4n.<\/p>\n<h2>Perustaminen<\/h2>\n<p>Sunnuntaina, lokakuun 28. p\u00e4iv\u00e4 1945 kokoontui ravintola H\u00e4meen pieness\u00e4 sivuhuoneessa noin 30 hengen joukko joka perusti yhdistyksemme.<\/p>\n<p>K\u00e4yt\u00e4nn\u00f6ss\u00e4 heti ensimm\u00e4isen johtokunnan j\u00e4senist\u00e4 yksi oli ollut jo lakkautetun edelt\u00e4j\u00e4nkin johtokunnassa, samoin tilintarkastaja. On siten v\u00e4h\u00e4n makuasia sanotaanko yhdistyksen perustamisvuodeksi 1936 vai 1945.<\/p>\n<p>Ensimm\u00e4isen vuoden aikana todellista toimintaa oli vain kolme hautapuhetta. Johtokunta kyll\u00e4 kokousti ja yritti etsi\u00e4 toimitilaa, mutta toistaiseksi turhaan. J\u00e4senm\u00e4\u00e4r\u00e4 vuoden 1945 lopussa oli noin 170.<\/p>\n<h2>Aktiiviaika 1946-1948<\/h2>\n<p>&#8221;Niiss\u00e4 oloissa, joissa nykyisin el\u00e4mme, on ep\u00e4kiitollista laatia toimintasuunnitelmia edes l\u00e4himm\u00e4n ajan toimintaa ajatellen.&#8221; Vuoden 1947 toimintasuunnitelman aloittava lause kuvaa hyvin sotia v\u00e4litt\u00f6m\u00e4sti seuranneita vuosia.<\/p>\n<p>Julkinen esiinmarssi tapahtui 17.2.1946, jolloin kaupungintalon juhlasalissa oli yleinen kokous. Juhlapaikkakin kertoo aikojen muutoksesta: ennen sotia tuskin olisi julkista tilaa tarkoitukseen saatu. T\u00e4st\u00e4 toiminta jatkui tasaisesti, j\u00e4senist\u00f6n sis\u00e4isi\u00e4 kokouksia oli vuosittain useita, samoin erilaisia yleis\u00f6tilaisuuksia. Juhlapuheita h\u00e4iss\u00e4 ja hautajaisissa pidettiin vuosien 1946-48 aikana yhteens\u00e4 30. J\u00e4senm\u00e4\u00e4r\u00e4kin kasvoi ja vuonna 1947 j\u00e4seni\u00e4 oli jo 400. Toimitilaakin oli saatu vuokrattua kahdesti kuukaudessa.<\/p>\n<p>Eritt\u00e4in suosittuja olivat keskustelut vastapuolen kanssa: vuonna 1947 nelj\u00e4 vapaa-ajattelijaa v\u00e4itteli nelj\u00e4\u00e4 pappia vastaan ja keskustelua kuunteli 450 ihmist\u00e4; seuraavana vuonna adventistin kanssa v\u00e4ittely ker\u00e4si per\u00e4ti yli 750 ihmist\u00e4 ja kaikki eiv\u00e4t mahtuneet tilaisuutta varten varattuun tilaan. Yhdistyksen kokouksiinkin osallistui keskim\u00e4\u00e4rin 50-60 henke\u00e4. Toki t\u00e4m\u00e4 kertoo paitsi kiinnostuksesta vapaa-ajatteluun, my\u00f6s ajasta ennen televisioita yleens\u00e4kin.<\/p>\n<p>Aktiivisin henkil\u00f6 vaikuttaa ehdottomasti olleen Paavo Lehtel\u00e4, joka oli puheenjohtajana vuoden 1948 loppuun ja piti esimerkiksi yksin\u00e4\u00e4n enemm\u00e4n juhlapuheita kuin muut yhteens\u00e4. Toinen ydinhenkil\u00f6 on ilmeisesti ollut sihteeri Heikki M\u00e4kinen. Puheenjohtaja sai jatkaa yksimielisesti, mutta johtokunnasta ollaan joka kerta \u00e4\u00e4nestetty, tosin nimet eiv\u00e4t kovin paljon vaihtuneet. Valitettavasti ei ole tietoa siit\u00e4, mist\u00e4 asioista oikeastaan on \u00e4\u00e4nestetty kun johtokuntaa on valittu.<\/p>\n<p>Talous pohjautui paitsi j\u00e4senmaksuihin my\u00f6s tilaisuuksien voittoon. Kun yhdistys piti keskustelutilaisuuksia, oli niiss\u00e4 p\u00e4\u00e4symaksu ja 1948 t\u00e4m\u00e4 tuotti jo enemm\u00e4n kuin j\u00e4senmaksut.<\/p>\n<h2>Taantuma 1949<\/h2>\n<p>&#8221;Kun Tampereen Vapaa-ajattelijain puolesta ei ole kuluvan vuoden kuluessa tullut &#8211; &#8211; edes tavanmukaista ilmoitusta toimihenkil\u00f6ist\u00e4 vuosikokouksen j\u00e4lkeen, niin rohkenemme tiedustella, onko yhdistyksell\u00e4mme ollut kuluvan vuoden aikana toimintaa?&#8221; Liiton sihteerin kirje loppuvuodelta 1950 kertoo toiminnan lopahtamisesta vuosina 1949 ja 1950.<\/p>\n<p>Kirkosta eroaminen oli huippulukemissa ja vapaa-ajattelijat muualla toimivat. Selitykseksi taantumalle j\u00e4\u00e4 se, ett\u00e4 puheenjohtaja Lehtel\u00e4 joutui muuttamaan ty\u00f6n per\u00e4ss\u00e4. Kuten niin monta kertaa muuallakin, oli t\u00e4ss\u00e4kin yhdistyksess\u00e4 toiminta pitk\u00e4lle yhden ihmisen varassa. Vuoden 1949 puheenjohtaja toimi teht\u00e4v\u00e4ss\u00e4\u00e4n vain yhden vuoden. Viralliset kokoukset pidettiin, mutta mit\u00e4\u00e4n n\u00e4kyv\u00e4\u00e4 ei saatu aikaan.<\/p>\n<h2>L\u00e4hteit\u00e4 ja lis\u00e4tietoa<\/h2>\n<ul>\n<li>Pakanasanomat-lehden historiasarja v. 2003-2004, osat <a href=\"https:\/\/vapaa-ajattelijat.fi\/tampere\/pakanasanomat\/2004-2\/historia.htm\">4<\/a> ja <a href=\"https:\/\/vapaa-ajattelijat.fi\/tampere\/pakanasanomat\/2004-3\/historiaa.htm\">5<\/a>.<\/li>\n<li>Vapaa-ajattelijaliikkeen organisoituminen ja sen her\u00e4tt\u00e4m\u00e4 kiista Suomessa 1936-1946: Juha Seppo, Suomen kirkkohistoriallinen seura 1992.<\/li>\n<li>Tampereen vapaa-ajattelijoiden 50-vuotishistoriikki.<\/li>\n<\/ul>\n","protected":false},"excerpt":{"rendered":"<p>Yhdistyksen edelt\u00e4j\u00e4 oli lakkautettu 1939, ja pian Talvisodan j\u00e4lkeen hovioikeus vahvisti p\u00e4\u00e4t\u00f6ksen. Liittoa ei koskaan lakkautettu, vaan sen p\u00e4\u00e4paikka siirtyi Turun kautta Helsinkiin &#8212; p\u00e4\u00e4t\u00f6ksen t\u00e4st\u00e4 tehnyt liittokokous pidettiin Tampereella &#8230; <a title=\"1940-1949: Yhdistys perustetaan\" class=\"read-more\" href=\"https:\/\/vapaa-ajattelijat.fi\/tampere\/historia\/1940-1949\/\" aria-label=\"Lue lis\u00e4\u00e4 aiheesta 1940-1949: Yhdistys perustetaan\">Lue lis\u00e4\u00e4<\/a><\/p>\n","protected":false},"author":13,"featured_media":0,"parent":100,"menu_order":0,"comment_status":"closed","ping_status":"closed","template":"","meta":{"footnotes":""},"class_list":["post-171","page","type-page","status-publish"],"yoast_head":"<!-- This site is optimized with the Yoast SEO plugin v27.3 - https:\/\/yoast.com\/product\/yoast-seo-wordpress\/ -->\n<title>1940-1949: Yhdistys perustetaan - Tampereen vapaa-ajattelijat<\/title>\n<meta name=\"robots\" content=\"index, follow, max-snippet:-1, max-image-preview:large, max-video-preview:-1\" \/>\n<link rel=\"canonical\" href=\"https:\/\/vapaa-ajattelijat.fi\/tampere\/historia\/1940-1949\/\" \/>\n<meta property=\"og:locale\" content=\"fi_FI\" \/>\n<meta property=\"og:type\" content=\"article\" \/>\n<meta property=\"og:title\" content=\"1940-1949: Yhdistys perustetaan - Tampereen vapaa-ajattelijat\" \/>\n<meta property=\"og:description\" content=\"Yhdistyksen edelt\u00e4j\u00e4 oli lakkautettu 1939, ja pian Talvisodan j\u00e4lkeen hovioikeus vahvisti p\u00e4\u00e4t\u00f6ksen. Liittoa ei koskaan lakkautettu, vaan sen p\u00e4\u00e4paikka siirtyi Turun kautta Helsinkiin &#8212; p\u00e4\u00e4t\u00f6ksen t\u00e4st\u00e4 tehnyt liittokokous pidettiin Tampereella ... Lue lis\u00e4\u00e4\" \/>\n<meta property=\"og:url\" content=\"https:\/\/vapaa-ajattelijat.fi\/tampere\/historia\/1940-1949\/\" \/>\n<meta property=\"og:site_name\" content=\"Tampereen vapaa-ajattelijat\" \/>\n<meta property=\"article:modified_time\" content=\"2023-10-23T11:10:58+00:00\" \/>\n<meta property=\"og:image\" content=\"https:\/\/vapaa-ajattelijat.fi\/tampere\/wp-content\/uploads\/sites\/16\/2020\/10\/tampereen-vaparit.png\" \/>\n\t<meta property=\"og:image:width\" content=\"600\" \/>\n\t<meta property=\"og:image:height\" content=\"600\" \/>\n\t<meta property=\"og:image:type\" content=\"image\/png\" \/>\n<meta name=\"twitter:card\" content=\"summary_large_image\" \/>\n<meta name=\"twitter:label1\" content=\"Arvioitu lukuaika\" \/>\n\t<meta name=\"twitter:data1\" content=\"3 minuuttia\" \/>\n<script type=\"application\/ld+json\" class=\"yoast-schema-graph\">{\"@context\":\"https:\\\/\\\/schema.org\",\"@graph\":[{\"@type\":\"WebPage\",\"@id\":\"https:\\\/\\\/vapaa-ajattelijat.fi\\\/tampere\\\/historia\\\/1940-1949\\\/\",\"url\":\"https:\\\/\\\/vapaa-ajattelijat.fi\\\/tampere\\\/historia\\\/1940-1949\\\/\",\"name\":\"1940-1949: Yhdistys perustetaan - Tampereen vapaa-ajattelijat\",\"isPartOf\":{\"@id\":\"https:\\\/\\\/vapaa-ajattelijat.fi\\\/tampere\\\/#website\"},\"datePublished\":\"2020-10-18T05:22:22+00:00\",\"dateModified\":\"2023-10-23T11:10:58+00:00\",\"breadcrumb\":{\"@id\":\"https:\\\/\\\/vapaa-ajattelijat.fi\\\/tampere\\\/historia\\\/1940-1949\\\/#breadcrumb\"},\"inLanguage\":\"fi\",\"potentialAction\":[{\"@type\":\"ReadAction\",\"target\":[\"https:\\\/\\\/vapaa-ajattelijat.fi\\\/tampere\\\/historia\\\/1940-1949\\\/\"]}]},{\"@type\":\"BreadcrumbList\",\"@id\":\"https:\\\/\\\/vapaa-ajattelijat.fi\\\/tampere\\\/historia\\\/1940-1949\\\/#breadcrumb\",\"itemListElement\":[{\"@type\":\"ListItem\",\"position\":1,\"name\":\"Etusivu\",\"item\":\"https:\\\/\\\/vapaa-ajattelijat.fi\\\/tampere\\\/\"},{\"@type\":\"ListItem\",\"position\":2,\"name\":\"Yli 80 vuotta historiaa\",\"item\":\"https:\\\/\\\/vapaa-ajattelijat.fi\\\/tampere\\\/historia\\\/\"},{\"@type\":\"ListItem\",\"position\":3,\"name\":\"1940-1949: Yhdistys perustetaan\"}]},{\"@type\":\"WebSite\",\"@id\":\"https:\\\/\\\/vapaa-ajattelijat.fi\\\/tampere\\\/#website\",\"url\":\"https:\\\/\\\/vapaa-ajattelijat.fi\\\/tampere\\\/\",\"name\":\"Tampereen vapaa-ajattelijat\",\"description\":\"\",\"publisher\":{\"@id\":\"https:\\\/\\\/vapaa-ajattelijat.fi\\\/tampere\\\/#organization\"},\"potentialAction\":[{\"@type\":\"SearchAction\",\"target\":{\"@type\":\"EntryPoint\",\"urlTemplate\":\"https:\\\/\\\/vapaa-ajattelijat.fi\\\/tampere\\\/?s={search_term_string}\"},\"query-input\":{\"@type\":\"PropertyValueSpecification\",\"valueRequired\":true,\"valueName\":\"search_term_string\"}}],\"inLanguage\":\"fi\"},{\"@type\":\"Organization\",\"@id\":\"https:\\\/\\\/vapaa-ajattelijat.fi\\\/tampere\\\/#organization\",\"name\":\"Tampereen vapaa-ajattelijat\",\"url\":\"https:\\\/\\\/vapaa-ajattelijat.fi\\\/tampere\\\/\",\"logo\":{\"@type\":\"ImageObject\",\"inLanguage\":\"fi\",\"@id\":\"https:\\\/\\\/vapaa-ajattelijat.fi\\\/tampere\\\/#\\\/schema\\\/logo\\\/image\\\/\",\"url\":\"https:\\\/\\\/vapaa-ajattelijat.fi\\\/tampere\\\/wp-content\\\/uploads\\\/sites\\\/16\\\/2020\\\/10\\\/tava_logo2.jpg\",\"contentUrl\":\"https:\\\/\\\/vapaa-ajattelijat.fi\\\/tampere\\\/wp-content\\\/uploads\\\/sites\\\/16\\\/2020\\\/10\\\/tava_logo2.jpg\",\"width\":965,\"height\":180,\"caption\":\"Tampereen vapaa-ajattelijat\"},\"image\":{\"@id\":\"https:\\\/\\\/vapaa-ajattelijat.fi\\\/tampere\\\/#\\\/schema\\\/logo\\\/image\\\/\"}}]}<\/script>\n<!-- \/ Yoast SEO plugin. -->","yoast_head_json":{"title":"1940-1949: Yhdistys perustetaan - Tampereen vapaa-ajattelijat","robots":{"index":"index","follow":"follow","max-snippet":"max-snippet:-1","max-image-preview":"max-image-preview:large","max-video-preview":"max-video-preview:-1"},"canonical":"https:\/\/vapaa-ajattelijat.fi\/tampere\/historia\/1940-1949\/","og_locale":"fi_FI","og_type":"article","og_title":"1940-1949: Yhdistys perustetaan - Tampereen vapaa-ajattelijat","og_description":"Yhdistyksen edelt\u00e4j\u00e4 oli lakkautettu 1939, ja pian Talvisodan j\u00e4lkeen hovioikeus vahvisti p\u00e4\u00e4t\u00f6ksen. Liittoa ei koskaan lakkautettu, vaan sen p\u00e4\u00e4paikka siirtyi Turun kautta Helsinkiin &#8212; p\u00e4\u00e4t\u00f6ksen t\u00e4st\u00e4 tehnyt liittokokous pidettiin Tampereella ... Lue lis\u00e4\u00e4","og_url":"https:\/\/vapaa-ajattelijat.fi\/tampere\/historia\/1940-1949\/","og_site_name":"Tampereen vapaa-ajattelijat","article_modified_time":"2023-10-23T11:10:58+00:00","og_image":[{"width":600,"height":600,"url":"https:\/\/vapaa-ajattelijat.fi\/tampere\/wp-content\/uploads\/sites\/16\/2020\/10\/tampereen-vaparit.png","type":"image\/png"}],"twitter_card":"summary_large_image","twitter_misc":{"Arvioitu lukuaika":"3 minuuttia"},"schema":{"@context":"https:\/\/schema.org","@graph":[{"@type":"WebPage","@id":"https:\/\/vapaa-ajattelijat.fi\/tampere\/historia\/1940-1949\/","url":"https:\/\/vapaa-ajattelijat.fi\/tampere\/historia\/1940-1949\/","name":"1940-1949: Yhdistys perustetaan - Tampereen vapaa-ajattelijat","isPartOf":{"@id":"https:\/\/vapaa-ajattelijat.fi\/tampere\/#website"},"datePublished":"2020-10-18T05:22:22+00:00","dateModified":"2023-10-23T11:10:58+00:00","breadcrumb":{"@id":"https:\/\/vapaa-ajattelijat.fi\/tampere\/historia\/1940-1949\/#breadcrumb"},"inLanguage":"fi","potentialAction":[{"@type":"ReadAction","target":["https:\/\/vapaa-ajattelijat.fi\/tampere\/historia\/1940-1949\/"]}]},{"@type":"BreadcrumbList","@id":"https:\/\/vapaa-ajattelijat.fi\/tampere\/historia\/1940-1949\/#breadcrumb","itemListElement":[{"@type":"ListItem","position":1,"name":"Etusivu","item":"https:\/\/vapaa-ajattelijat.fi\/tampere\/"},{"@type":"ListItem","position":2,"name":"Yli 80 vuotta historiaa","item":"https:\/\/vapaa-ajattelijat.fi\/tampere\/historia\/"},{"@type":"ListItem","position":3,"name":"1940-1949: Yhdistys perustetaan"}]},{"@type":"WebSite","@id":"https:\/\/vapaa-ajattelijat.fi\/tampere\/#website","url":"https:\/\/vapaa-ajattelijat.fi\/tampere\/","name":"Tampereen vapaa-ajattelijat","description":"","publisher":{"@id":"https:\/\/vapaa-ajattelijat.fi\/tampere\/#organization"},"potentialAction":[{"@type":"SearchAction","target":{"@type":"EntryPoint","urlTemplate":"https:\/\/vapaa-ajattelijat.fi\/tampere\/?s={search_term_string}"},"query-input":{"@type":"PropertyValueSpecification","valueRequired":true,"valueName":"search_term_string"}}],"inLanguage":"fi"},{"@type":"Organization","@id":"https:\/\/vapaa-ajattelijat.fi\/tampere\/#organization","name":"Tampereen vapaa-ajattelijat","url":"https:\/\/vapaa-ajattelijat.fi\/tampere\/","logo":{"@type":"ImageObject","inLanguage":"fi","@id":"https:\/\/vapaa-ajattelijat.fi\/tampere\/#\/schema\/logo\/image\/","url":"https:\/\/vapaa-ajattelijat.fi\/tampere\/wp-content\/uploads\/sites\/16\/2020\/10\/tava_logo2.jpg","contentUrl":"https:\/\/vapaa-ajattelijat.fi\/tampere\/wp-content\/uploads\/sites\/16\/2020\/10\/tava_logo2.jpg","width":965,"height":180,"caption":"Tampereen vapaa-ajattelijat"},"image":{"@id":"https:\/\/vapaa-ajattelijat.fi\/tampere\/#\/schema\/logo\/image\/"}}]}},"_links":{"self":[{"href":"https:\/\/vapaa-ajattelijat.fi\/tampere\/wp-json\/wp\/v2\/pages\/171","targetHints":{"allow":["GET"]}}],"collection":[{"href":"https:\/\/vapaa-ajattelijat.fi\/tampere\/wp-json\/wp\/v2\/pages"}],"about":[{"href":"https:\/\/vapaa-ajattelijat.fi\/tampere\/wp-json\/wp\/v2\/types\/page"}],"author":[{"embeddable":true,"href":"https:\/\/vapaa-ajattelijat.fi\/tampere\/wp-json\/wp\/v2\/users\/13"}],"replies":[{"embeddable":true,"href":"https:\/\/vapaa-ajattelijat.fi\/tampere\/wp-json\/wp\/v2\/comments?post=171"}],"version-history":[{"count":6,"href":"https:\/\/vapaa-ajattelijat.fi\/tampere\/wp-json\/wp\/v2\/pages\/171\/revisions"}],"predecessor-version":[{"id":1004,"href":"https:\/\/vapaa-ajattelijat.fi\/tampere\/wp-json\/wp\/v2\/pages\/171\/revisions\/1004"}],"up":[{"embeddable":true,"href":"https:\/\/vapaa-ajattelijat.fi\/tampere\/wp-json\/wp\/v2\/pages\/100"}],"wp:attachment":[{"href":"https:\/\/vapaa-ajattelijat.fi\/tampere\/wp-json\/wp\/v2\/media?parent=171"}],"curies":[{"name":"wp","href":"https:\/\/api.w.org\/{rel}","templated":true}]}}