{"id":1230,"date":"2025-01-17T16:01:54","date_gmt":"2025-01-17T14:01:54","guid":{"rendered":"https:\/\/vapaa-ajattelijat.fi\/tampere\/?page_id=1230"},"modified":"2025-01-17T16:01:54","modified_gmt":"2025-01-17T14:01:54","slug":"verkkokaupan-myynti-ja-toimitusehdot","status":"publish","type":"page","link":"https:\/\/vapaa-ajattelijat.fi\/tampere\/verkkokaupan-myynti-ja-toimitusehdot\/","title":{"rendered":"Verkkokaupan myynti- ja toimitusehdot"},"content":{"rendered":"<h1 id=\"myyntijatoimitusehdot\">Myynti- ja toimitusehdot<\/h1>\n<h2 id=\"1tilausprosessisopimuksensolmiminen\">1. Tilausprosessi \u2013 Sopimuksen solmiminen<\/h2>\n<p>1.1 Tilaus tehd\u00e4\u00e4n t\u00e4ll\u00e4 nettisivustolla. Tekem\u00e4ll\u00e4 tilauksen asiakas hyv\u00e4ksyy samalla, ett\u00e4 Toimittaja saa aloittaa toimituksen annettujen tilaustietojen perusteella.<\/p>\n<p>1.2 Sitova ostosopimus katsotaan solmituksi, kun asiakas on antanut maksutietonsa tai maksanut tilisiirron ja maksu on selv\u00e4.<\/p>\n<p>1.3 Toimittaja l\u00e4hett\u00e4\u00e4 mahdollisimman pikaisesti s\u00e4hk\u00f6postilla tilausvahvistuksen, joka sis\u00e4lt\u00e4\u00e4 tilausnumeron, asiakkaan nimen ja osoitteen, maksutavan ja yhteenvedon tilatuista tuotteista.<\/p>\n<h2 id=\"2hinnatjamaksaminen\">2. Hinnat ja maksaminen<\/h2>\n<p>2.1 Tuotteiden hintaan ei sis\u00e4lly arvonlis\u00e4veroa<\/p>\n<p>2.2 Maksu voidaan suorittaa verkkokaupassa ilmoitetuilla maksutavoilla<\/p>\n<p>2.3 M\u00e4\u00e4r\u00e4 veloitetaan asiakkaan tililt\u00e4, kun Toimittaja l\u00e4hett\u00e4\u00e4 tuotteet.<\/p>\n<p>2.4 Yst\u00e4v\u00e4llisesti huomioithan ett\u00e4 mik\u00e4li valitset maksuvaihtoehdoksi Mobile Pay\u2019n tilauksesi tullaan varaamaan heti ja maksu v\u00e4littyy tunnin sis\u00e4ll\u00e4.<\/p>\n<p>2.5 Toimittaja k\u00e4ytt\u00e4\u00e4 SSL-suojattua Internet -yhteytt\u00e4, mik\u00e4 tarkoittaa, ett\u00e4 maksun yhteydess\u00e4 annettavat tiedot muutetaan salattuun muotoon.<\/p>\n<p>2.6 \u00c4l\u00e4 anna maksukorttisi tietoja kenellek\u00e4\u00e4n, my\u00f6sk\u00e4\u00e4n meille, s\u00e4hk\u00f6postin tai keskustelun kautta. Emme vastaa mahdollisista menetyksist\u00e4si, jos l\u00e4het\u00e4t tietoja meille Internet-linkin, s\u00e4hk\u00f6postin tai keskustelun kautta. Kyseiset menetykset ovat t\u00e4ysin omalla vastuullasi.<\/p>\n<h2 id=\"3toimittaminen\">3. Toimittaminen<\/h2>\n<p>3.1 Tuote katsotaan toimitetuksi, kun asiakas on vastaanottanut paketin. Paketin vastaanottamisen j\u00e4lkeen asiakas vastaa tuotteen mahdollisesta katoamisesta tai vahingoittumisesta.<\/p>\n<p>3.2 Normaali l\u00e4hetysaika on 1-2 viikkoa tilausvahvistuksen l\u00e4hetysp\u00e4iv\u00e4m\u00e4\u00e4r\u00e4st\u00e4 laskettuna. Aikaa saattaa kuitenkin menn\u00e4 enemm\u00e4n, jos jokin tuote on loppu varastosta.<\/p>\n<p>3.4 L\u00e4hetykset toimitetaan postitse. Postikulut tulevat asiakkaan maksettaviksi, ja ne on ilmoitettu tilausvahvistuksessa.<\/p>\n<p>3.5 Toimitamme tilauksessasi ilmoitettuun osoitteeseen. Et voi muuttaa toimitusosoitettasi tilauksen j\u00e4lkeen.<\/p>\n<h2 id=\"4palautusoikeusbr\">4. Palautusoikeus<\/h2>\n<p>4.1 Tuotteillla on 30 p\u00e4iv\u00e4n palautusoikeus. Asiakkaalla on oikeus avata pakkaus tarkistaakseen tuotteen toimivuus kohtuuden rajoissa, mutta tuotetta ei saa k\u00e4ytt\u00e4\u00e4 huolimattomasti. Jos tuote on vaurioitunut, meill\u00e4 on oikeus arvioida, kuinka paljon myyntiarvo on laskenut ja v\u00e4hent\u00e4\u00e4 t\u00e4m\u00e4 summa palautusrahoista.<\/p>\n<p>4.2 Palauttaaksesi verkkokaupan tilauksen, ota yhteytt\u00e4 meihin s\u00e4hk\u00f6postilla tampere@vapaa-ajattelijat.fi. Ilmoitamme palautusosoitteen ja palautamme rahat 14 p\u00e4iv\u00e4n kuluessa siit\u00e4, kun olemme vastaanottaneet ja tarkistaneet tilauksen.<\/p>\n<h2 id=\"5reklamaatio\">5. Reklamaatio<\/h2>\n<p>5.1 Tuotteilla on 6kk takuu. Asiakas ei voi tehd\u00e4 reklamaatiota viasta, joka on ilmennyt yli 6 kuukautta tuotteen toimittamisen j\u00e4lkeen.<\/p>\n<p>5.2 Reklamaatio-oikeus ei koske tuotteen normaalista kulumisesta, virheellisest\u00e4 k\u00e4yt\u00f6st\u00e4 tai toiminnasta, kosteusvaurioista tai muusta tuotteen mukana toimitettujen ohjeiden vastaisesta k\u00e4yt\u00f6st\u00e4 aiheutuvia vikoja.<\/p>\n<p>5.3 Vastaanotetun tuotteen mahdollisista vioista ja puutteista on reklamoitava kohtuullisen ajan kuluessa siit\u00e4, kun ne huomataan tai olisi pit\u00e4nyt huomata.<\/p>\n<p>5.4 Jos tuotteen takuu on voimassa kohdan 5.1 mukaisesti, ja tuote osoittautuu vialliseksi, Toimittaja sitoutuu korjaamaan ko. vian kohtuullisen ajan kuluessa. Sopivaksi katsoessaan Toimittaja voi vian korjauksen sijasta vaihtaa tuotteen uuteen vastaavaan maksutta.<\/p>\n<h2 id=\"6vastuubr\">6. Vastuu<\/h2>\n<p>6.1 Toimittajan vastuu rajoittuu yll\u00e4 olevissa kohdissa ilmoitettuun.<\/p>\n<p>6.2 Toimittajan vastuu rajoittuu pelkk\u00e4\u00e4n laitteeseen eik\u00e4 kata lis\u00e4varusteiden vahinkoja tai ep\u00e4suoria tappioita, kuten palkka-, kuljetus- tai asennuskuluja.<\/p>\n<h2 id=\"7tekijnoikeudetbr\">7. Tekij\u00e4noikeudet<\/h2>\n<p>7.1 Tekij\u00e4noikeuslaki ja muut lain m\u00e4\u00e4r\u00e4ykset suojaavat ohjelmisto- sek\u00e4 \u00e4\u00e4ni- ja kuvatallennetoimituksia.<\/p>\n<p>7.2 Ko. toimituksiin sis\u00e4ltyv\u00e4n materiaalin luvaton kopiointi, jakelu tai esitt\u00e4minen on tekij\u00e4noikeuslain vastaista ja voi johtaa siviili- ja rikosoikeudellisiin seuraamuksiin.<\/p>\n<p>7.3 Yll\u00e4 ilmoitetuista m\u00e4\u00e4r\u00e4yksist\u00e4 huolimatta ko. materiaalista on sallittua tehd\u00e4 yksitt\u00e4isi\u00e4 kopioita yksityiseen k\u00e4ytt\u00f6\u00f6n tekij\u00e4noikeuslain m\u00e4\u00e4r\u00e4ysten mukaisesti.<\/p>\n<h2 id=\"8muuta\">8. Muuta<\/h2>\n<p>8.1 Toimitusta, maksua jne. koskevissa kysymyksiss\u00e4 voi ottaa yhteytt\u00e4\u00a0<a href=\"https:\/\/vapaa-ajattelijat.fi\/tampere\/yhteys\/\">Yhteystiedot<\/a>-sivun kautta<\/p>\n<p>8.2 Toimittaja pid\u00e4tt\u00e4\u00e4 oikeuden painovirheisiin, loppuunmyytyihin\/poistuneisiin tuotteisiin ja alv- ja muihin veromuutoksiin sek\u00e4 toimitusten viiv\u00e4stymiseen tai puutteellisuuteen force majeure -tilanteen perusteella.<\/p>\n<p>8.3 Kaikki ko. ostoehtojen perusteella syntyv\u00e4t kysymykset tai riita-asiat k\u00e4sitell\u00e4\u00e4n Suomen lain mukaisesti.<\/p>\n<p>8.4 Kaikki Internet -sivuston k\u00e4ytt\u00f6\u00f6n liittyv\u00e4t riita-asiat k\u00e4sitell\u00e4\u00e4n Suomen oikeusistuimissa.<\/p>\n","protected":false},"excerpt":{"rendered":"<p>Myynti- ja toimitusehdot 1. Tilausprosessi \u2013 Sopimuksen solmiminen 1.1 Tilaus tehd\u00e4\u00e4n t\u00e4ll\u00e4 nettisivustolla. Tekem\u00e4ll\u00e4 tilauksen asiakas hyv\u00e4ksyy samalla, ett\u00e4 Toimittaja saa aloittaa toimituksen annettujen tilaustietojen perusteella. 1.2 Sitova ostosopimus katsotaan &#8230; <a title=\"Verkkokaupan myynti- ja toimitusehdot\" class=\"read-more\" href=\"https:\/\/vapaa-ajattelijat.fi\/tampere\/verkkokaupan-myynti-ja-toimitusehdot\/\" aria-label=\"Lue lis\u00e4\u00e4 aiheesta Verkkokaupan myynti- ja toimitusehdot\">Lue lis\u00e4\u00e4<\/a><\/p>\n","protected":false},"author":26,"featured_media":0,"parent":0,"menu_order":0,"comment_status":"closed","ping_status":"closed","template":"","meta":{"footnotes":""},"class_list":["post-1230","page","type-page","status-publish"],"yoast_head":"<!-- This site is optimized with the Yoast SEO plugin v27.4 - https:\/\/yoast.com\/product\/yoast-seo-wordpress\/ -->\n<title>Verkkokaupan myynti- ja toimitusehdot - Tampereen vapaa-ajattelijat<\/title>\n<meta name=\"robots\" content=\"index, follow, max-snippet:-1, max-image-preview:large, max-video-preview:-1\" \/>\n<link rel=\"canonical\" href=\"https:\/\/vapaa-ajattelijat.fi\/tampere\/verkkokaupan-myynti-ja-toimitusehdot\/\" \/>\n<meta property=\"og:locale\" content=\"fi_FI\" \/>\n<meta property=\"og:type\" content=\"article\" \/>\n<meta property=\"og:title\" content=\"Verkkokaupan myynti- ja toimitusehdot - Tampereen vapaa-ajattelijat\" \/>\n<meta property=\"og:description\" content=\"Myynti- ja toimitusehdot 1. Tilausprosessi \u2013 Sopimuksen solmiminen 1.1 Tilaus tehd\u00e4\u00e4n t\u00e4ll\u00e4 nettisivustolla. Tekem\u00e4ll\u00e4 tilauksen asiakas hyv\u00e4ksyy samalla, ett\u00e4 Toimittaja saa aloittaa toimituksen annettujen tilaustietojen perusteella. 1.2 Sitova ostosopimus katsotaan ... Lue lis\u00e4\u00e4\" \/>\n<meta property=\"og:url\" content=\"https:\/\/vapaa-ajattelijat.fi\/tampere\/verkkokaupan-myynti-ja-toimitusehdot\/\" \/>\n<meta property=\"og:site_name\" content=\"Tampereen vapaa-ajattelijat\" \/>\n<meta property=\"og:image\" content=\"https:\/\/vapaa-ajattelijat.fi\/tampere\/wp-content\/uploads\/sites\/16\/2020\/10\/tampereen-vaparit.png\" \/>\n\t<meta property=\"og:image:width\" content=\"600\" \/>\n\t<meta property=\"og:image:height\" content=\"600\" \/>\n\t<meta property=\"og:image:type\" content=\"image\/png\" \/>\n<meta name=\"twitter:card\" content=\"summary_large_image\" \/>\n<meta name=\"twitter:label1\" content=\"Arvioitu lukuaika\" \/>\n\t<meta name=\"twitter:data1\" content=\"4 minuuttia\" \/>\n<script type=\"application\/ld+json\" class=\"yoast-schema-graph\">{\"@context\":\"https:\\\/\\\/schema.org\",\"@graph\":[{\"@type\":\"WebPage\",\"@id\":\"https:\\\/\\\/vapaa-ajattelijat.fi\\\/tampere\\\/verkkokaupan-myynti-ja-toimitusehdot\\\/\",\"url\":\"https:\\\/\\\/vapaa-ajattelijat.fi\\\/tampere\\\/verkkokaupan-myynti-ja-toimitusehdot\\\/\",\"name\":\"Verkkokaupan myynti- ja toimitusehdot - Tampereen vapaa-ajattelijat\",\"isPartOf\":{\"@id\":\"https:\\\/\\\/vapaa-ajattelijat.fi\\\/tampere\\\/#website\"},\"datePublished\":\"2025-01-17T14:01:54+00:00\",\"breadcrumb\":{\"@id\":\"https:\\\/\\\/vapaa-ajattelijat.fi\\\/tampere\\\/verkkokaupan-myynti-ja-toimitusehdot\\\/#breadcrumb\"},\"inLanguage\":\"fi\",\"potentialAction\":[{\"@type\":\"ReadAction\",\"target\":[\"https:\\\/\\\/vapaa-ajattelijat.fi\\\/tampere\\\/verkkokaupan-myynti-ja-toimitusehdot\\\/\"]}]},{\"@type\":\"BreadcrumbList\",\"@id\":\"https:\\\/\\\/vapaa-ajattelijat.fi\\\/tampere\\\/verkkokaupan-myynti-ja-toimitusehdot\\\/#breadcrumb\",\"itemListElement\":[{\"@type\":\"ListItem\",\"position\":1,\"name\":\"Etusivu\",\"item\":\"https:\\\/\\\/vapaa-ajattelijat.fi\\\/tampere\\\/\"},{\"@type\":\"ListItem\",\"position\":2,\"name\":\"Verkkokaupan myynti- ja toimitusehdot\"}]},{\"@type\":\"WebSite\",\"@id\":\"https:\\\/\\\/vapaa-ajattelijat.fi\\\/tampere\\\/#website\",\"url\":\"https:\\\/\\\/vapaa-ajattelijat.fi\\\/tampere\\\/\",\"name\":\"Tampereen vapaa-ajattelijat\",\"description\":\"\",\"publisher\":{\"@id\":\"https:\\\/\\\/vapaa-ajattelijat.fi\\\/tampere\\\/#organization\"},\"potentialAction\":[{\"@type\":\"SearchAction\",\"target\":{\"@type\":\"EntryPoint\",\"urlTemplate\":\"https:\\\/\\\/vapaa-ajattelijat.fi\\\/tampere\\\/?s={search_term_string}\"},\"query-input\":{\"@type\":\"PropertyValueSpecification\",\"valueRequired\":true,\"valueName\":\"search_term_string\"}}],\"inLanguage\":\"fi\"},{\"@type\":\"Organization\",\"@id\":\"https:\\\/\\\/vapaa-ajattelijat.fi\\\/tampere\\\/#organization\",\"name\":\"Tampereen vapaa-ajattelijat\",\"url\":\"https:\\\/\\\/vapaa-ajattelijat.fi\\\/tampere\\\/\",\"logo\":{\"@type\":\"ImageObject\",\"inLanguage\":\"fi\",\"@id\":\"https:\\\/\\\/vapaa-ajattelijat.fi\\\/tampere\\\/#\\\/schema\\\/logo\\\/image\\\/\",\"url\":\"https:\\\/\\\/vapaa-ajattelijat.fi\\\/tampere\\\/wp-content\\\/uploads\\\/sites\\\/16\\\/2020\\\/10\\\/tava_logo2.jpg\",\"contentUrl\":\"https:\\\/\\\/vapaa-ajattelijat.fi\\\/tampere\\\/wp-content\\\/uploads\\\/sites\\\/16\\\/2020\\\/10\\\/tava_logo2.jpg\",\"width\":965,\"height\":180,\"caption\":\"Tampereen vapaa-ajattelijat\"},\"image\":{\"@id\":\"https:\\\/\\\/vapaa-ajattelijat.fi\\\/tampere\\\/#\\\/schema\\\/logo\\\/image\\\/\"}}]}<\/script>\n<!-- \/ Yoast SEO plugin. -->","yoast_head_json":{"title":"Verkkokaupan myynti- ja toimitusehdot - Tampereen vapaa-ajattelijat","robots":{"index":"index","follow":"follow","max-snippet":"max-snippet:-1","max-image-preview":"max-image-preview:large","max-video-preview":"max-video-preview:-1"},"canonical":"https:\/\/vapaa-ajattelijat.fi\/tampere\/verkkokaupan-myynti-ja-toimitusehdot\/","og_locale":"fi_FI","og_type":"article","og_title":"Verkkokaupan myynti- ja toimitusehdot - Tampereen vapaa-ajattelijat","og_description":"Myynti- ja toimitusehdot 1. Tilausprosessi \u2013 Sopimuksen solmiminen 1.1 Tilaus tehd\u00e4\u00e4n t\u00e4ll\u00e4 nettisivustolla. Tekem\u00e4ll\u00e4 tilauksen asiakas hyv\u00e4ksyy samalla, ett\u00e4 Toimittaja saa aloittaa toimituksen annettujen tilaustietojen perusteella. 1.2 Sitova ostosopimus katsotaan ... Lue lis\u00e4\u00e4","og_url":"https:\/\/vapaa-ajattelijat.fi\/tampere\/verkkokaupan-myynti-ja-toimitusehdot\/","og_site_name":"Tampereen vapaa-ajattelijat","og_image":[{"width":600,"height":600,"url":"https:\/\/vapaa-ajattelijat.fi\/tampere\/wp-content\/uploads\/sites\/16\/2020\/10\/tampereen-vaparit.png","type":"image\/png"}],"twitter_card":"summary_large_image","twitter_misc":{"Arvioitu lukuaika":"4 minuuttia"},"schema":{"@context":"https:\/\/schema.org","@graph":[{"@type":"WebPage","@id":"https:\/\/vapaa-ajattelijat.fi\/tampere\/verkkokaupan-myynti-ja-toimitusehdot\/","url":"https:\/\/vapaa-ajattelijat.fi\/tampere\/verkkokaupan-myynti-ja-toimitusehdot\/","name":"Verkkokaupan myynti- ja toimitusehdot - Tampereen vapaa-ajattelijat","isPartOf":{"@id":"https:\/\/vapaa-ajattelijat.fi\/tampere\/#website"},"datePublished":"2025-01-17T14:01:54+00:00","breadcrumb":{"@id":"https:\/\/vapaa-ajattelijat.fi\/tampere\/verkkokaupan-myynti-ja-toimitusehdot\/#breadcrumb"},"inLanguage":"fi","potentialAction":[{"@type":"ReadAction","target":["https:\/\/vapaa-ajattelijat.fi\/tampere\/verkkokaupan-myynti-ja-toimitusehdot\/"]}]},{"@type":"BreadcrumbList","@id":"https:\/\/vapaa-ajattelijat.fi\/tampere\/verkkokaupan-myynti-ja-toimitusehdot\/#breadcrumb","itemListElement":[{"@type":"ListItem","position":1,"name":"Etusivu","item":"https:\/\/vapaa-ajattelijat.fi\/tampere\/"},{"@type":"ListItem","position":2,"name":"Verkkokaupan myynti- ja toimitusehdot"}]},{"@type":"WebSite","@id":"https:\/\/vapaa-ajattelijat.fi\/tampere\/#website","url":"https:\/\/vapaa-ajattelijat.fi\/tampere\/","name":"Tampereen vapaa-ajattelijat","description":"","publisher":{"@id":"https:\/\/vapaa-ajattelijat.fi\/tampere\/#organization"},"potentialAction":[{"@type":"SearchAction","target":{"@type":"EntryPoint","urlTemplate":"https:\/\/vapaa-ajattelijat.fi\/tampere\/?s={search_term_string}"},"query-input":{"@type":"PropertyValueSpecification","valueRequired":true,"valueName":"search_term_string"}}],"inLanguage":"fi"},{"@type":"Organization","@id":"https:\/\/vapaa-ajattelijat.fi\/tampere\/#organization","name":"Tampereen vapaa-ajattelijat","url":"https:\/\/vapaa-ajattelijat.fi\/tampere\/","logo":{"@type":"ImageObject","inLanguage":"fi","@id":"https:\/\/vapaa-ajattelijat.fi\/tampere\/#\/schema\/logo\/image\/","url":"https:\/\/vapaa-ajattelijat.fi\/tampere\/wp-content\/uploads\/sites\/16\/2020\/10\/tava_logo2.jpg","contentUrl":"https:\/\/vapaa-ajattelijat.fi\/tampere\/wp-content\/uploads\/sites\/16\/2020\/10\/tava_logo2.jpg","width":965,"height":180,"caption":"Tampereen vapaa-ajattelijat"},"image":{"@id":"https:\/\/vapaa-ajattelijat.fi\/tampere\/#\/schema\/logo\/image\/"}}]}},"_links":{"self":[{"href":"https:\/\/vapaa-ajattelijat.fi\/tampere\/wp-json\/wp\/v2\/pages\/1230","targetHints":{"allow":["GET"]}}],"collection":[{"href":"https:\/\/vapaa-ajattelijat.fi\/tampere\/wp-json\/wp\/v2\/pages"}],"about":[{"href":"https:\/\/vapaa-ajattelijat.fi\/tampere\/wp-json\/wp\/v2\/types\/page"}],"author":[{"embeddable":true,"href":"https:\/\/vapaa-ajattelijat.fi\/tampere\/wp-json\/wp\/v2\/users\/26"}],"replies":[{"embeddable":true,"href":"https:\/\/vapaa-ajattelijat.fi\/tampere\/wp-json\/wp\/v2\/comments?post=1230"}],"version-history":[{"count":1,"href":"https:\/\/vapaa-ajattelijat.fi\/tampere\/wp-json\/wp\/v2\/pages\/1230\/revisions"}],"predecessor-version":[{"id":1231,"href":"https:\/\/vapaa-ajattelijat.fi\/tampere\/wp-json\/wp\/v2\/pages\/1230\/revisions\/1231"}],"wp:attachment":[{"href":"https:\/\/vapaa-ajattelijat.fi\/tampere\/wp-json\/wp\/v2\/media?parent=1230"}],"curies":[{"name":"wp","href":"https:\/\/api.w.org\/{rel}","templated":true}]}}