{"id":39,"date":"2017-12-25T18:54:56","date_gmt":"2017-12-25T16:54:56","guid":{"rendered":"http:\/\/vapaa-ajattelijat.fi\/satakunta2\/?page_id=39"},"modified":"2026-02-19T09:45:32","modified_gmt":"2026-02-19T07:45:32","slug":"yhteystiedot","status":"publish","type":"page","link":"https:\/\/vapaa-ajattelijat.fi\/satakunta\/yhteystiedot\/","title":{"rendered":"Yhteystiedot"},"content":{"rendered":"<table class=\"layout\" width=\"100%\" cellspacing=\"0\" cellpadding=\"0\">\n<tbody>\n<tr>\n<td valign=\"top\">YHTEYSTIEDOT:Jukka Kim puheenjohtaja<br \/>\n<a href=\"mailto:satakunnan@vapaa-ajattelijat.fi\">satakunnan@vapaa-ajattelijat.fi<\/a><br \/>\npuh. 046 811 9074Juho Lampikoski, varapj.<br \/>\n<a href=\"mailto:jlampikoski@gmail.com\">jlampikoski@gmail.com<\/a><\/p>\n<p>Tauno Perki\u00f6, sihteeri ja taloudenhoitaja<br \/>\n<a href=\"mailto:tauperk@gmail.com\">tauperk@gmail.com<\/a><br \/>\npuh. 044 980 2153<\/p>\n<p>SataVAPARI -lehti: Yki R\u00e4ikk\u00e4l\u00e4<br \/>\n<a href=\"mailto:yki@sekk.fi\">yki@sekk.fi<\/a><br \/>\n0400 796 926<\/p>\n<p>S\u00e4hk\u00f6posti: <a href=\"mailto:satakunta@vapaa-ajattelijat.fi\">satakunta@vapaa-ajattelijat.fi<\/a><\/p>\n<p>Yhdistyksen pankkitili: FI22 4108 0012 2364 39<br \/>\nIBAN\/SWIFT: ITELFIHH<\/p>\n<p>Y-tunnus: 2256369-9<\/p>\n<p>Hallitus v. 2026:<\/p>\n<p>Jukka Kim, Tauno Perki\u00f6, Tanja Laine, Erkki Yli-Jokipii, Jussi Tulonen, Juho Lampikoski ja Pasi Hiltunen.<br \/>\nVaraj\u00e4senet: Nico Laine ja Yki R\u00e4ikk\u00e4l\u00e4.<\/p>\n<hr \/>\n<\/td>\n<\/tr>\n<\/tbody>\n<\/table>\n","protected":false},"excerpt":{"rendered":"<p>YHTEYSTIEDOT:Jukka Kim puheenjohtaja satakunnan@vapaa-ajattelijat.fi puh. 046 811 9074Juho Lampikoski, varapj. jlampikoski@gmail.com Tauno Perki\u00f6, sihteeri ja taloudenhoitaja tauperk@gmail.com puh. 044 980 2153 SataVAPARI -lehti: Yki R\u00e4ikk\u00e4l\u00e4 yki@sekk.fi 0400 796 926 S\u00e4hk\u00f6posti: &#8230; <a title=\"Yhteystiedot\" class=\"read-more\" href=\"https:\/\/vapaa-ajattelijat.fi\/satakunta\/yhteystiedot\/\" aria-label=\"Lue lis\u00e4\u00e4 aiheesta Yhteystiedot\">Lue lis\u00e4\u00e4<\/a><\/p>\n","protected":false},"author":29,"featured_media":0,"parent":0,"menu_order":1,"comment_status":"closed","ping_status":"closed","template":"","meta":{"footnotes":""},"class_list":["post-39","page","type-page","status-publish"],"_links":{"self":[{"href":"https:\/\/vapaa-ajattelijat.fi\/satakunta\/wp-json\/wp\/v2\/pages\/39","targetHints":{"allow":["GET"]}}],"collection":[{"href":"https:\/\/vapaa-ajattelijat.fi\/satakunta\/wp-json\/wp\/v2\/pages"}],"about":[{"href":"https:\/\/vapaa-ajattelijat.fi\/satakunta\/wp-json\/wp\/v2\/types\/page"}],"author":[{"embeddable":true,"href":"https:\/\/vapaa-ajattelijat.fi\/satakunta\/wp-json\/wp\/v2\/users\/29"}],"replies":[{"embeddable":true,"href":"https:\/\/vapaa-ajattelijat.fi\/satakunta\/wp-json\/wp\/v2\/comments?post=39"}],"version-history":[{"count":40,"href":"https:\/\/vapaa-ajattelijat.fi\/satakunta\/wp-json\/wp\/v2\/pages\/39\/revisions"}],"predecessor-version":[{"id":792,"href":"https:\/\/vapaa-ajattelijat.fi\/satakunta\/wp-json\/wp\/v2\/pages\/39\/revisions\/792"}],"wp:attachment":[{"href":"https:\/\/vapaa-ajattelijat.fi\/satakunta\/wp-json\/wp\/v2\/media?parent=39"}],"curies":[{"name":"wp","href":"https:\/\/api.w.org\/{rel}","templated":true}]}}