{"id":145,"date":"2018-01-31T17:13:24","date_gmt":"2018-01-31T15:13:24","guid":{"rendered":"http:\/\/vapaa-ajattelijat.fi\/satakunta2\/?page_id=145"},"modified":"2020-12-30T21:47:12","modified_gmt":"2020-12-30T19:47:12","slug":"liitto","status":"publish","type":"page","link":"https:\/\/vapaa-ajattelijat.fi\/satakunta\/liitto\/","title":{"rendered":"Liitto"},"content":{"rendered":"<p><strong>Vapaa-ajattelijoiden liitto<\/strong> toimii uskonnottomien yhteiskunnallisen ja oikeudellisen aseman parantamiseksi tekem\u00e4ll\u00e4 aloitteita valtiovallalle ja kunnille ja toimimalla uskonnottomien puolestapuhujana julkisessa keskustelussa. Liiton tavoitteina on my\u00f6s antaa tietoa uskonnottomien ihmisten oikeuksista ja velvollisuuksista sek\u00e4 uskonnottomasta kulttuurista. Liitto my\u00f6s edist\u00e4\u00e4 tiedepohjaista maailmankuvaa, kriittist\u00e4 ja rationaalista ajattelua sek\u00e4 humanistista etiikkaa ja el\u00e4m\u00e4nkatsomusta.<\/p>\n<p>Ihmisten yhdenvertainen kohtelu on yksi keskeisist\u00e4 sivistyneen yhteiskunnan tukipilareista. Evankelis-luterilaisella kirkolla on kuitenkin merkitt\u00e4vi\u00e4 etuoikeuksia ja uskonnottomia syrjit\u00e4\u00e4n lapsuudesta hautaustoimeen.<\/p>\n<p>Valtion tulisi arvostaa kaikkia ihmisi\u00e4 yhdenvertaisesti heid\u00e4n uskonnostaan tai vakaumuksestaan riippumatta, my\u00f6s uskonnottomia. Siksi evankelis-luterilaisen kirkon julkisoikeudellisesta, valtionkirkollisesta asemasta tulisi vihdoin luopua. Kirkon julkisoikeudellinen asema tarkoittaa mm. sit\u00e4, ett\u00e4 evankelis-luterilaisen kirkon katsotaan olevan osa julkista valtaa ja sen s\u00e4\u00e4nn\u00f6ist\u00e4 p\u00e4\u00e4tet\u00e4\u00e4n lailla.<\/p>\n<p>Kirkkolain erityisyys mainitaan perustuslaissa (76 \u00a7); eduskunta ei voi muuttaa kirkolliskokouksen esityksi\u00e4 kirkkolakiin, vaan se voi vain hyv\u00e4ksy\u00e4 tai hyl\u00e4t\u00e4 ne.<\/p>\n<p>Evankelis-luterilainen kirkko perustelee valtionkirkollista asemaansa suurella j\u00e4senm\u00e4\u00e4r\u00e4ll\u00e4. Se on kuitenkin alenemassa. Ja mit\u00e4 alemmaksi j\u00e4senm\u00e4\u00e4r\u00e4 putoaa, sit\u00e4 v\u00e4hemm\u00e4n on perusteita evankelis-luterilaisen kirkon erityisoikeuksille.<\/p>\n<p>Vapaa-ajattelijat l\u00e4hett\u00e4v\u00e4t ennakoivia aloitteita ja kannanottoja sek\u00e4 lausuntoja eri lakiesityksiin pyrkien vaikuttamaan sis\u00e4lt\u00f6ihin. Eduskunta vastaa ja p\u00e4\u00e4tt\u00e4\u00e4 onko Suomessa valtionkirkko ja ovatko ihmiset yhdenvertaisia riippumatta uskonnollisista tai uskonnottomista vakaumuksista.<\/p>\n<p>Lapset ja nuoret, koulut ja p\u00e4iv\u00e4kodit ovat monella tavalla vapaa-ajattelijoiden toiminnan painopisten\u00e4.<\/p>\n<p>Liitto edist\u00e4\u00e4 maallista yhteiskuntakehityst\u00e4, sekulaaria kulttuuria ja uskonnottomiin siviiliseremonioihin liittyvi\u00e4 palveluja. Siin\u00e4 auttaa Pro-Seremoniat, jossa olemme mukana muiden j\u00e4rjest\u00f6jen kanssa yhteisty\u00f6ss\u00e4.<\/p>\n<p><a href=\"https:\/\/vapaa-ajattelijat.fi\/blog\/2020\/12\/08\/tavoitteet-ja-strategia-2020-2023\/\">Liiton strategia<\/a><\/p>\n<p><a href=\"http:\/\/vapaa-ajattelijat.fi\/\" target=\"_blank\" rel=\"noopener\">Liiton sivusto<\/a><\/p>\n","protected":false},"excerpt":{"rendered":"<p>Vapaa-ajattelijoiden liitto toimii uskonnottomien yhteiskunnallisen ja oikeudellisen aseman parantamiseksi tekem\u00e4ll\u00e4 aloitteita valtiovallalle ja kunnille ja toimimalla uskonnottomien puolestapuhujana julkisessa keskustelussa. Liiton tavoitteina on my\u00f6s antaa tietoa uskonnottomien ihmisten oikeuksista ja &#8230; <a title=\"Liitto\" class=\"read-more\" href=\"https:\/\/vapaa-ajattelijat.fi\/satakunta\/liitto\/\" aria-label=\"Lue lis\u00e4\u00e4 aiheesta Liitto\">Lue lis\u00e4\u00e4<\/a><\/p>\n","protected":false},"author":29,"featured_media":0,"parent":0,"menu_order":0,"comment_status":"closed","ping_status":"closed","template":"","meta":{"footnotes":""},"class_list":["post-145","page","type-page","status-publish"],"_links":{"self":[{"href":"https:\/\/vapaa-ajattelijat.fi\/satakunta\/wp-json\/wp\/v2\/pages\/145","targetHints":{"allow":["GET"]}}],"collection":[{"href":"https:\/\/vapaa-ajattelijat.fi\/satakunta\/wp-json\/wp\/v2\/pages"}],"about":[{"href":"https:\/\/vapaa-ajattelijat.fi\/satakunta\/wp-json\/wp\/v2\/types\/page"}],"author":[{"embeddable":true,"href":"https:\/\/vapaa-ajattelijat.fi\/satakunta\/wp-json\/wp\/v2\/users\/29"}],"replies":[{"embeddable":true,"href":"https:\/\/vapaa-ajattelijat.fi\/satakunta\/wp-json\/wp\/v2\/comments?post=145"}],"version-history":[{"count":3,"href":"https:\/\/vapaa-ajattelijat.fi\/satakunta\/wp-json\/wp\/v2\/pages\/145\/revisions"}],"predecessor-version":[{"id":496,"href":"https:\/\/vapaa-ajattelijat.fi\/satakunta\/wp-json\/wp\/v2\/pages\/145\/revisions\/496"}],"wp:attachment":[{"href":"https:\/\/vapaa-ajattelijat.fi\/satakunta\/wp-json\/wp\/v2\/media?parent=145"}],"curies":[{"name":"wp","href":"https:\/\/api.w.org\/{rel}","templated":true}]}}