{"id":126,"date":"2018-01-29T21:52:52","date_gmt":"2018-01-29T19:52:52","guid":{"rendered":"http:\/\/vapaa-ajattelijat.fi\/satakunta2\/?page_id=126"},"modified":"2026-02-19T09:49:39","modified_gmt":"2026-02-19T07:49:39","slug":"satavapari-lehti","status":"publish","type":"page","link":"https:\/\/vapaa-ajattelijat.fi\/satakunta\/satavapari-lehti\/","title":{"rendered":"SataVAPARI &#8211; yhdistyksen lehti"},"content":{"rendered":"<p>Yhdistys julkaisee Satavapari-nimist\u00e4 j\u00e4senlehte\u00e4, jonka j\u00e4senet saavat j\u00e4senetuna liiton julkaiseman Vapaa Ajattelija -lehden lis\u00e4ksi. Lehte\u00e4 toimitti pitk\u00e4\u00e4n Tauno Perki\u00f6. Vuodesta 2016 alkaen nimi on ollut SataVAPARI ja toimittajana toiminut Yki R\u00e4ikk\u00e4l\u00e4.<\/p>\n<p>Lehti ilmestyy syksyisin. Aineistoa ja juttuja saa ja sopii aina tarjota. Lehti ei ole lehti ilman sis\u00e4lt\u00f6\u00e4. T\u00e4nne: yki@sekk.fi tai yki.raikkala@gmail.com.<\/p>\n<p><a href=\"https:\/\/vapaa-ajattelijat.fi\/satakunta\/wp-content\/uploads\/sites\/13\/2025\/11\/SataVapari-syksy25.pdf\">SataVAPARI 2025<\/a><\/p>\n<p><a href=\"https:\/\/vapaa-ajattelijat.fi\/satakunta\/wp-content\/uploads\/sites\/13\/2024\/11\/Satavapari.syys24.pdf\">SataVAPARI 2024<\/a><\/p>\n<p><a href=\"https:\/\/vapaa-ajattelijat.fi\/satakunta\/wp-content\/uploads\/sites\/13\/2023\/11\/Satavapari2023.pdf\">SataVAPARI 2023<\/a><\/p>\n<p><a href=\"https:\/\/vapaa-ajattelijat.fi\/satakunta\/wp-content\/uploads\/sites\/13\/2022\/11\/Satavapari2022.pdf\">SataVAPARI 2022<\/a><\/p>\n<p><a href=\"https:\/\/vapaa-ajattelijat.fi\/satakunta\/satavapari20121\/\">SataVAPARI 2021<\/a><\/p>\n<p><a href=\"https:\/\/vapaa-ajattelijat.fi\/satakunta\/wp-content\/uploads\/sites\/13\/2020\/11\/Satavapari2020.pdf\">SataVAPARI 2020<\/a><\/p>\n<p><a href=\"https:\/\/vapaa-ajattelijat.fi\/satakunta\/wp-content\/uploads\/sites\/13\/2019\/11\/Satavapari2019.pdf\">SataVAPARI 2019<\/a><\/p>\n<p><a href=\"https:\/\/vapaa-ajattelijat.fi\/satakunta\/wp-content\/uploads\/sites\/13\/2019\/07\/Satavapari18.pdf\">SataVAPARI 2018<\/a><\/p>\n<p><a href=\"https:\/\/vapaa-ajattelijat.fi\/satakunta\/wp-content\/uploads\/sites\/13\/2020\/11\/Satavapari2017.pdf\">SataVAPARI 2017<\/a><\/p>\n<p><a href=\"https:\/\/vapaa-ajattelijat.fi\/satakunta\/wp-content\/uploads\/sites\/13\/2020\/11\/Satavapari2016.pdf\">SataVAPARI 2016<\/a><\/p>\n<p><a href=\"https:\/\/vapaa-ajattelijat.fi\/satakunta\/wp-content\/uploads\/sites\/13\/2020\/11\/Satavapari2015.pdf\">Satakunnan Vapaa-ajattelija 2015<\/a><\/p>\n<p><a href=\"https:\/\/vapaa-ajattelijat.fi\/satakunta\/wp-content\/uploads\/sites\/13\/2020\/11\/Satavapari2014.pdf\">Satakunnan Vapaa-ajattelija 2014<\/a><\/p>\n<p><a href=\"https:\/\/vapaa-ajattelijat.fi\/satakunta\/wp-content\/uploads\/sites\/13\/2020\/11\/Vapaamielinen2013.pdf\">Vapaamielinen 2013<\/a><\/p>\n<p><a href=\"https:\/\/vapaa-ajattelijat.fi\/satakunta\/wp-content\/uploads\/sites\/13\/2020\/11\/Vapaamielinen2011.pdf\">Vapaamielinen 2011<\/a><\/p>\n\n\n\n\n<div class=\"wp-block-file\">\u00a0<\/div>\r\n<div>\u00a0<\/div>\r\n<div class=\"wp-block-file\">\u00a0<\/div>\r\n<div>\u00a0<\/div>\r\n<div>\u00a0<\/div>\r\n<div>\u00a0<\/div>\n","protected":false},"excerpt":{"rendered":"<p>Yhdistys julkaisee Satavapari-nimist\u00e4 j\u00e4senlehte\u00e4, jonka j\u00e4senet saavat j\u00e4senetuna liiton julkaiseman Vapaa Ajattelija -lehden lis\u00e4ksi. Lehte\u00e4 toimitti pitk\u00e4\u00e4n Tauno Perki\u00f6. Vuodesta 2016 alkaen nimi on ollut SataVAPARI ja toimittajana toiminut Yki &#8230; <a title=\"SataVAPARI &#8211; yhdistyksen lehti\" class=\"read-more\" href=\"https:\/\/vapaa-ajattelijat.fi\/satakunta\/satavapari-lehti\/\" aria-label=\"Lue lis\u00e4\u00e4 aiheesta SataVAPARI &#8211; yhdistyksen lehti\">Lue lis\u00e4\u00e4<\/a><\/p>\n","protected":false},"author":29,"featured_media":0,"parent":0,"menu_order":0,"comment_status":"closed","ping_status":"closed","template":"","meta":{"footnotes":""},"class_list":["post-126","page","type-page","status-publish"],"_links":{"self":[{"href":"https:\/\/vapaa-ajattelijat.fi\/satakunta\/wp-json\/wp\/v2\/pages\/126","targetHints":{"allow":["GET"]}}],"collection":[{"href":"https:\/\/vapaa-ajattelijat.fi\/satakunta\/wp-json\/wp\/v2\/pages"}],"about":[{"href":"https:\/\/vapaa-ajattelijat.fi\/satakunta\/wp-json\/wp\/v2\/types\/page"}],"author":[{"embeddable":true,"href":"https:\/\/vapaa-ajattelijat.fi\/satakunta\/wp-json\/wp\/v2\/users\/29"}],"replies":[{"embeddable":true,"href":"https:\/\/vapaa-ajattelijat.fi\/satakunta\/wp-json\/wp\/v2\/comments?post=126"}],"version-history":[{"count":44,"href":"https:\/\/vapaa-ajattelijat.fi\/satakunta\/wp-json\/wp\/v2\/pages\/126\/revisions"}],"predecessor-version":[{"id":796,"href":"https:\/\/vapaa-ajattelijat.fi\/satakunta\/wp-json\/wp\/v2\/pages\/126\/revisions\/796"}],"wp:attachment":[{"href":"https:\/\/vapaa-ajattelijat.fi\/satakunta\/wp-json\/wp\/v2\/media?parent=126"}],"curies":[{"name":"wp","href":"https:\/\/api.w.org\/{rel}","templated":true}]}}