{"id":66,"date":"2023-12-06T21:51:22","date_gmt":"2023-12-06T19:51:22","guid":{"rendered":"https:\/\/vapaa-ajattelijat.fi\/oulu\/?page_id=66"},"modified":"2026-01-13T15:57:39","modified_gmt":"2026-01-13T13:57:39","slug":"yhteystiedot","status":"publish","type":"page","link":"https:\/\/vapaa-ajattelijat.fi\/oulu\/yhdistys\/yhteystiedot\/","title":{"rendered":"Yhteystiedot"},"content":{"rendered":"<p>Yhdistys on Oulun seudulla toimiva <a href=\"http:\/\/vapaa-ajattelijat.fi\/\" target=\"_blank\" rel=\"noopener noreferrer\">Vapaa-ajattelijain liiton<\/a> j\u00e4senj\u00e4rjest\u00f6.<\/p>\n<h5>S\u00e4hk\u00f6posti:<\/h5>\n<p>oulu@vapaa-ajattelijat.fi<\/p>\n<h5>Postiosoite:<\/h5>\n<p>Oulunseudun Vapaa-ajattelijat ry<br \/>\nc\/o Timo Karjalainen<br \/>\nKastellinkaari 22<br \/>\n90230 Oulu<\/p>\n<h5>Tilinumero:<\/h5>\n<p>FI55 5741 3620 6695 12<\/p>\n<h5>Juhlapuhuja uskonnottomiin juhliin<\/h5>\n<p>Yhdistyksell\u00e4mme on t\u00e4ll\u00e4 hetkell\u00e4 yksi juhlapuhuja. H\u00e4net voi kutsua tekem\u00e4\u00e4n tilaisuudesta (esim. h\u00e4\u00e4t, nimi\u00e4iset tai muistotilaisuus) arvokkaamman ja mieliin j\u00e4\u00e4v\u00e4n.<\/p>\n<p>Jouko Saksio, puh. 040 5360 345<br \/>\nJalohaukantie 1E 90250 Oulu<\/p>\n","protected":false},"excerpt":{"rendered":"<p>Yhdistys on Oulun seudulla toimiva Vapaa-ajattelijain liiton j\u00e4senj\u00e4rjest\u00f6. S\u00e4hk\u00f6posti: oulu@vapaa-ajattelijat.fi Postiosoite: Oulunseudun Vapaa-ajattelijat ry c\/o Timo Karjalainen Kastellinkaari 22 90230 Oulu Tilinumero: FI55 5741 3620 6695 12 Juhlapuhuja uskonnottomiin juhliin &#8230; <a title=\"Yhteystiedot\" class=\"read-more\" href=\"https:\/\/vapaa-ajattelijat.fi\/oulu\/yhdistys\/yhteystiedot\/\" aria-label=\"Lue lis\u00e4\u00e4 aiheesta Yhteystiedot\">Lue lis\u00e4\u00e4<\/a><\/p>\n","protected":false},"author":55,"featured_media":0,"parent":44,"menu_order":0,"comment_status":"closed","ping_status":"closed","template":"","meta":{"footnotes":""},"class_list":["post-66","page","type-page","status-publish"],"_links":{"self":[{"href":"https:\/\/vapaa-ajattelijat.fi\/oulu\/wp-json\/wp\/v2\/pages\/66","targetHints":{"allow":["GET"]}}],"collection":[{"href":"https:\/\/vapaa-ajattelijat.fi\/oulu\/wp-json\/wp\/v2\/pages"}],"about":[{"href":"https:\/\/vapaa-ajattelijat.fi\/oulu\/wp-json\/wp\/v2\/types\/page"}],"author":[{"embeddable":true,"href":"https:\/\/vapaa-ajattelijat.fi\/oulu\/wp-json\/wp\/v2\/users\/55"}],"replies":[{"embeddable":true,"href":"https:\/\/vapaa-ajattelijat.fi\/oulu\/wp-json\/wp\/v2\/comments?post=66"}],"version-history":[{"count":7,"href":"https:\/\/vapaa-ajattelijat.fi\/oulu\/wp-json\/wp\/v2\/pages\/66\/revisions"}],"predecessor-version":[{"id":115,"href":"https:\/\/vapaa-ajattelijat.fi\/oulu\/wp-json\/wp\/v2\/pages\/66\/revisions\/115"}],"up":[{"embeddable":true,"href":"https:\/\/vapaa-ajattelijat.fi\/oulu\/wp-json\/wp\/v2\/pages\/44"}],"wp:attachment":[{"href":"https:\/\/vapaa-ajattelijat.fi\/oulu\/wp-json\/wp\/v2\/media?parent=66"}],"curies":[{"name":"wp","href":"https:\/\/api.w.org\/{rel}","templated":true}]}}