{"id":2,"date":"2015-04-26T15:17:34","date_gmt":"2015-04-26T12:17:34","guid":{"rendered":"http:\/\/vapaa-ajattelijat.fi\/lappeenranta\/?page_id=2"},"modified":"2020-10-27T22:03:25","modified_gmt":"2020-10-27T20:03:25","slug":"esimerkkisivu","status":"publish","type":"page","link":"https:\/\/vapaa-ajattelijat.fi\/lappeenranta\/","title":{"rendered":"ETUSIVU"},"content":{"rendered":"<p class=\"p1\"><a title=\"\" href=\"http:\/\/vapaa-ajattelijat.fi\/lappeenranta\/wp-content\/uploads\/sites\/7\/2015\/04\/p\u00f6ll\u00f6.jpg\"><img loading=\"lazy\" decoding=\"async\" class=\"wp-image-7 size-medium aligncenter\" src=\"http:\/\/vapaa-ajattelijat.fi\/lappeenranta\/wp-content\/uploads\/sites\/7\/2015\/04\/p\u00f6ll\u00f6-300x218.jpg\" alt=\"\" width=\"300\" height=\"218\" srcset=\"https:\/\/vapaa-ajattelijat.fi\/lappeenranta\/wp-content\/uploads\/sites\/7\/2015\/04\/p\u00f6ll\u00f6-300x218.jpg 300w, https:\/\/vapaa-ajattelijat.fi\/lappeenranta\/wp-content\/uploads\/sites\/7\/2015\/04\/p\u00f6ll\u00f6-1024x744.jpg 1024w\" sizes=\"auto, (max-width: 300px) 100vw, 300px\" \/><\/a><\/p>\n<p class=\"p1\"><span class=\"s1\">Olemme valtakunnallisen uskonnottomien etu-, oikeusturva- ja kultuurij\u00e4rjest\u00f6n Vapaa-ajattelijain liiton Lappeenrannan seudun paikallisyhdistys. Pyrkimyksen\u00e4mme on saattaa kaikki uskonnot ja vakaumukset tasa-arvoiseen asemaan, sek\u00e4 edist\u00e4\u00e4 naturalistista maailmankatsomusta ja uskonnotonta kulttuuria.<\/span><\/p>\n<p class=\"p1\"><span class=\"s1\">Yhdistyksen tarkoituksena on koota Lappeenrannan alueella asuvat vapaa-ajattelijamaailmankatsomuksen omaavat yhteen toimimaan yhteiskunnallisen aseman parantamiseksi sek\u00e4 uskonnottoman kulttuurin levitt\u00e4miseksi. Vapaa-ajattelijat pyrkiv\u00e4t tarjoamaan uskonnotonta tapakulttuuria koko el\u00e4m\u00e4n ajaksi, kehdosta hautaan. Vapaa-ajattelijoiden kautta saat tietoa ja opastusta niin nimi\u00e4isiin, h\u00e4ihin kuin hautajaisiinkin. Koululaisia kannustamme opiskelemaan el\u00e4m\u00e4nkatsomustietoa. Uskonnonvapauden loukkauksissa saat apua ja tukea. Tutustut samalla tavoin ajatteleviin ja saat vaikutuskanavan uskonnottomien oikeuksien ajamiseen.<\/span><\/p>\n<p class=\"p2\"><span class=\"s1\">Kirjoitamme paikallislehtiin mielipidekirjoituksia ja j\u00e4rjest\u00e4mme esimerkiksi luonnontieteellisi\u00e4 tapahtumia. K\u00e4ymme pyydett\u00e4ess\u00e4 lukioiden filosofian- ja el\u00e4m\u00e4nkatsomustiedon tunneilla keskustelemassa oppilaiden kanssa. Unohtamatta my\u00f6sk\u00e4\u00e4n vapaamuotoisia illanistujaisia.<\/span><\/p>\n","protected":false},"excerpt":{"rendered":"<p>Olemme valtakunnallisen uskonnottomien etu-, oikeusturva- ja kultuurij\u00e4rjest\u00f6n Vapaa-ajattelijain liiton Lappeenrannan seudun paikallisyhdistys. Pyrkimyksen\u00e4mme on saattaa kaikki uskonnot ja vakaumukset tasa-arvoiseen asemaan, sek\u00e4 edist\u00e4\u00e4 naturalistista maailmankatsomusta ja uskonnotonta kulttuuria. Yhdistyksen tarkoituksena [&hellip;]<\/p>\n","protected":false},"author":14,"featured_media":0,"parent":0,"menu_order":0,"comment_status":"open","ping_status":"open","template":"","meta":{"footnotes":""},"class_list":["post-2","page","type-page","status-publish","hentry"],"_links":{"self":[{"href":"https:\/\/vapaa-ajattelijat.fi\/lappeenranta\/wp-json\/wp\/v2\/pages\/2","targetHints":{"allow":["GET"]}}],"collection":[{"href":"https:\/\/vapaa-ajattelijat.fi\/lappeenranta\/wp-json\/wp\/v2\/pages"}],"about":[{"href":"https:\/\/vapaa-ajattelijat.fi\/lappeenranta\/wp-json\/wp\/v2\/types\/page"}],"author":[{"embeddable":true,"href":"https:\/\/vapaa-ajattelijat.fi\/lappeenranta\/wp-json\/wp\/v2\/users\/14"}],"replies":[{"embeddable":true,"href":"https:\/\/vapaa-ajattelijat.fi\/lappeenranta\/wp-json\/wp\/v2\/comments?post=2"}],"version-history":[{"count":6,"href":"https:\/\/vapaa-ajattelijat.fi\/lappeenranta\/wp-json\/wp\/v2\/pages\/2\/revisions"}],"predecessor-version":[{"id":52,"href":"https:\/\/vapaa-ajattelijat.fi\/lappeenranta\/wp-json\/wp\/v2\/pages\/2\/revisions\/52"}],"wp:attachment":[{"href":"https:\/\/vapaa-ajattelijat.fi\/lappeenranta\/wp-json\/wp\/v2\/media?parent=2"}],"curies":[{"name":"wp","href":"https:\/\/api.w.org\/{rel}","templated":true}]}}