{"id":10,"date":"2020-11-12T18:12:14","date_gmt":"2020-11-12T16:12:14","guid":{"rendered":"https:\/\/vapaa-ajattelijat.fi\/kotka0tilap\/?page_id=10"},"modified":"2026-03-29T19:12:00","modified_gmt":"2026-03-29T16:12:00","slug":"ajankohtaista","status":"publish","type":"page","link":"https:\/\/vapaa-ajattelijat.fi\/kotka\/ajankohtaista\/","title":{"rendered":"Ajankohtaista"},"content":{"rendered":"<div><\/div>\n<div>\n<p>Kotkan Vapaa-ajattelijat ry:n vuosikokous pidettiin sunnuntaina 22.3.2026 klo 15.00\u00a0 yhdistyksen toimistolla, Munsaarentie 70. S\u00e4\u00e4nt\u00f6m\u00e4\u00e4r\u00e4isten asioiden lis\u00e4ksi kokouksen alussa v\u00e4it\u00f6skirjatutkija Helena Krohn kertoi tutkimushankkeesta Merkitykselliset kuolemantilat ja omasta haastattelututkimuksestaan hautausmaahamme liittyen. K\u00e4vimme vilkasta ja monipuolista keskustelua aiheesta. Tavoitteena on j\u00e4rjest\u00e4\u00e4 syksyll\u00e4 yleis\u00f6tilaisuus aiheesta.<\/p>\n<p>Kokous valitsi puheenjohtajaksi edelleen Liisa Taskisen. Muiksi hallituksen j\u00e4seniksi valittiin Jorma Laine, Timo Jalkanen, Ulla Jalkanen ja uutena Lea Helttunen. Hallitus piti my\u00f6s j\u00e4rjest\u00e4ytymiskokouksen ja valitsi sihteeriksi Ulla Jalkasen, varapuheenjohtajaksi Lea Helttusen. Hallituksen ulkopuolisena taloudenhoitajana, toiminnanjohtajana ja hautausmaavastaavana jatkaa Ume Eerola.<\/p>\n<p>Yhdistyksemme perustettiin lokakuussa 1929 ja hautausmaan perustamissanat lausuttiin helmikuussa 1930. Yhdistys on siis jo 97-vuotias, ja ensimm\u00e4isest\u00e4 hautauksesta tulee nyt toukokuussa 95 vuotta. Osalle haudoista ei ole en\u00e4\u00e4 elossa olevia omaisiakaan huolehtimassa niist\u00e4. Osassa hautakivi oli kallistunut, jopa kaatunut. Hautakivet on nostettu ja oikaistu yhdistyksen varoin. Koska ty\u00f6 on vaativaa, se tilattiin asiaan perehtyneelt\u00e4 yritykselt\u00e4. T\u00e4m\u00e4n takia toivomme lahjoituksia hautausmaarahastoon:<\/p>\n<p><span style=\"font-size: revert\">Pankkiyhteys<\/span><\/p>\n<\/div>\n<p>Tilinumero: FI05 5172 0220 1251 58<br aria-hidden=\"true\" \/>Pankin tunniste (BIC): OKOYFIHH<br aria-hidden=\"true\" \/><br aria-hidden=\"true\" \/><\/p>\n","protected":false},"excerpt":{"rendered":"<p>Kotkan Vapaa-ajattelijat ry:n vuosikokous pidettiin sunnuntaina 22.3.2026 klo 15.00\u00a0 yhdistyksen toimistolla, Munsaarentie 70. S\u00e4\u00e4nt\u00f6m\u00e4\u00e4r\u00e4isten asioiden lis\u00e4ksi kokouksen alussa v\u00e4it\u00f6skirjatutkija Helena Krohn kertoi tutkimushankkeesta Merkitykselliset kuolemantilat ja omasta haastattelututkimuksestaan hautausmaahamme liittyen. &#8230; <a title=\"Ajankohtaista\" class=\"read-more\" href=\"https:\/\/vapaa-ajattelijat.fi\/kotka\/ajankohtaista\/\" aria-label=\"Lue lis\u00e4\u00e4 aiheesta Ajankohtaista\">Lue lis\u00e4\u00e4<\/a><\/p>\n","protected":false},"author":37,"featured_media":0,"parent":0,"menu_order":3,"comment_status":"closed","ping_status":"closed","template":"","meta":{"footnotes":""},"class_list":["post-10","page","type-page","status-publish"],"yoast_head":"<!-- This site is optimized with the Yoast SEO plugin v27.4 - https:\/\/yoast.com\/product\/yoast-seo-wordpress\/ -->\n<title>Ajankohtaista - Kotkan Vapaa-ajattelijat ry<\/title>\n<meta name=\"robots\" content=\"index, follow, max-snippet:-1, max-image-preview:large, max-video-preview:-1\" \/>\n<link rel=\"canonical\" href=\"https:\/\/vapaa-ajattelijat.fi\/kotka\/ajankohtaista\/\" \/>\n<meta property=\"og:locale\" content=\"fi_FI\" \/>\n<meta property=\"og:type\" content=\"article\" \/>\n<meta property=\"og:title\" content=\"Ajankohtaista - Kotkan Vapaa-ajattelijat ry\" \/>\n<meta property=\"og:description\" content=\"Kotkan Vapaa-ajattelijat ry:n vuosikokous pidettiin sunnuntaina 22.3.2026 klo 15.00\u00a0 yhdistyksen toimistolla, Munsaarentie 70. S\u00e4\u00e4nt\u00f6m\u00e4\u00e4r\u00e4isten asioiden lis\u00e4ksi kokouksen alussa v\u00e4it\u00f6skirjatutkija Helena Krohn kertoi tutkimushankkeesta Merkitykselliset kuolemantilat ja omasta haastattelututkimuksestaan hautausmaahamme liittyen. ... Lue lis\u00e4\u00e4\" \/>\n<meta property=\"og:url\" content=\"https:\/\/vapaa-ajattelijat.fi\/kotka\/ajankohtaista\/\" \/>\n<meta property=\"og:site_name\" content=\"Kotkan Vapaa-ajattelijat ry\" \/>\n<meta property=\"article:modified_time\" content=\"2026-03-29T16:12:00+00:00\" \/>\n<meta name=\"twitter:card\" content=\"summary_large_image\" \/>\n<meta name=\"twitter:label1\" content=\"Arvioitu lukuaika\" \/>\n\t<meta name=\"twitter:data1\" content=\"1 minuutti\" \/>\n<script type=\"application\/ld+json\" class=\"yoast-schema-graph\">{\"@context\":\"https:\\\/\\\/schema.org\",\"@graph\":[{\"@type\":\"WebPage\",\"@id\":\"https:\\\/\\\/vapaa-ajattelijat.fi\\\/kotka\\\/ajankohtaista\\\/\",\"url\":\"https:\\\/\\\/vapaa-ajattelijat.fi\\\/kotka\\\/ajankohtaista\\\/\",\"name\":\"Ajankohtaista - Kotkan Vapaa-ajattelijat ry\",\"isPartOf\":{\"@id\":\"https:\\\/\\\/vapaa-ajattelijat.fi\\\/kotka\\\/#website\"},\"datePublished\":\"2020-11-12T16:12:14+00:00\",\"dateModified\":\"2026-03-29T16:12:00+00:00\",\"breadcrumb\":{\"@id\":\"https:\\\/\\\/vapaa-ajattelijat.fi\\\/kotka\\\/ajankohtaista\\\/#breadcrumb\"},\"inLanguage\":\"fi\",\"potentialAction\":[{\"@type\":\"ReadAction\",\"target\":[\"https:\\\/\\\/vapaa-ajattelijat.fi\\\/kotka\\\/ajankohtaista\\\/\"]}]},{\"@type\":\"BreadcrumbList\",\"@id\":\"https:\\\/\\\/vapaa-ajattelijat.fi\\\/kotka\\\/ajankohtaista\\\/#breadcrumb\",\"itemListElement\":[{\"@type\":\"ListItem\",\"position\":1,\"name\":\"Home\",\"item\":\"https:\\\/\\\/vapaa-ajattelijat.fi\\\/kotka\\\/\"},{\"@type\":\"ListItem\",\"position\":2,\"name\":\"Ajankohtaista\"}]},{\"@type\":\"WebSite\",\"@id\":\"https:\\\/\\\/vapaa-ajattelijat.fi\\\/kotka\\\/#website\",\"url\":\"https:\\\/\\\/vapaa-ajattelijat.fi\\\/kotka\\\/\",\"name\":\"Kotkan Vapaa-ajattelijat ry\",\"description\":\"\",\"publisher\":{\"@id\":\"https:\\\/\\\/vapaa-ajattelijat.fi\\\/kotka\\\/#organization\"},\"potentialAction\":[{\"@type\":\"SearchAction\",\"target\":{\"@type\":\"EntryPoint\",\"urlTemplate\":\"https:\\\/\\\/vapaa-ajattelijat.fi\\\/kotka\\\/?s={search_term_string}\"},\"query-input\":{\"@type\":\"PropertyValueSpecification\",\"valueRequired\":true,\"valueName\":\"search_term_string\"}}],\"inLanguage\":\"fi\"},{\"@type\":\"Organization\",\"@id\":\"https:\\\/\\\/vapaa-ajattelijat.fi\\\/kotka\\\/#organization\",\"name\":\"Kotkan Vapaa-ajattelijat ry\",\"url\":\"https:\\\/\\\/vapaa-ajattelijat.fi\\\/kotka\\\/\",\"logo\":{\"@type\":\"ImageObject\",\"inLanguage\":\"fi\",\"@id\":\"https:\\\/\\\/vapaa-ajattelijat.fi\\\/kotka\\\/#\\\/schema\\\/logo\\\/image\\\/\",\"url\":\"https:\\\/\\\/vapaa-ajattelijat.fi\\\/kotka\\\/wp-content\\\/uploads\\\/sites\\\/18\\\/2021\\\/01\\\/cropped-vaball-300x300-1-e1610285562722.png\",\"contentUrl\":\"https:\\\/\\\/vapaa-ajattelijat.fi\\\/kotka\\\/wp-content\\\/uploads\\\/sites\\\/18\\\/2021\\\/01\\\/cropped-vaball-300x300-1-e1610285562722.png\",\"width\":75,\"height\":75,\"caption\":\"Kotkan Vapaa-ajattelijat ry\"},\"image\":{\"@id\":\"https:\\\/\\\/vapaa-ajattelijat.fi\\\/kotka\\\/#\\\/schema\\\/logo\\\/image\\\/\"}}]}<\/script>\n<!-- \/ Yoast SEO plugin. -->","yoast_head_json":{"title":"Ajankohtaista - Kotkan Vapaa-ajattelijat ry","robots":{"index":"index","follow":"follow","max-snippet":"max-snippet:-1","max-image-preview":"max-image-preview:large","max-video-preview":"max-video-preview:-1"},"canonical":"https:\/\/vapaa-ajattelijat.fi\/kotka\/ajankohtaista\/","og_locale":"fi_FI","og_type":"article","og_title":"Ajankohtaista - Kotkan Vapaa-ajattelijat ry","og_description":"Kotkan Vapaa-ajattelijat ry:n vuosikokous pidettiin sunnuntaina 22.3.2026 klo 15.00\u00a0 yhdistyksen toimistolla, Munsaarentie 70. S\u00e4\u00e4nt\u00f6m\u00e4\u00e4r\u00e4isten asioiden lis\u00e4ksi kokouksen alussa v\u00e4it\u00f6skirjatutkija Helena Krohn kertoi tutkimushankkeesta Merkitykselliset kuolemantilat ja omasta haastattelututkimuksestaan hautausmaahamme liittyen. ... Lue lis\u00e4\u00e4","og_url":"https:\/\/vapaa-ajattelijat.fi\/kotka\/ajankohtaista\/","og_site_name":"Kotkan Vapaa-ajattelijat ry","article_modified_time":"2026-03-29T16:12:00+00:00","twitter_card":"summary_large_image","twitter_misc":{"Arvioitu lukuaika":"1 minuutti"},"schema":{"@context":"https:\/\/schema.org","@graph":[{"@type":"WebPage","@id":"https:\/\/vapaa-ajattelijat.fi\/kotka\/ajankohtaista\/","url":"https:\/\/vapaa-ajattelijat.fi\/kotka\/ajankohtaista\/","name":"Ajankohtaista - Kotkan Vapaa-ajattelijat ry","isPartOf":{"@id":"https:\/\/vapaa-ajattelijat.fi\/kotka\/#website"},"datePublished":"2020-11-12T16:12:14+00:00","dateModified":"2026-03-29T16:12:00+00:00","breadcrumb":{"@id":"https:\/\/vapaa-ajattelijat.fi\/kotka\/ajankohtaista\/#breadcrumb"},"inLanguage":"fi","potentialAction":[{"@type":"ReadAction","target":["https:\/\/vapaa-ajattelijat.fi\/kotka\/ajankohtaista\/"]}]},{"@type":"BreadcrumbList","@id":"https:\/\/vapaa-ajattelijat.fi\/kotka\/ajankohtaista\/#breadcrumb","itemListElement":[{"@type":"ListItem","position":1,"name":"Home","item":"https:\/\/vapaa-ajattelijat.fi\/kotka\/"},{"@type":"ListItem","position":2,"name":"Ajankohtaista"}]},{"@type":"WebSite","@id":"https:\/\/vapaa-ajattelijat.fi\/kotka\/#website","url":"https:\/\/vapaa-ajattelijat.fi\/kotka\/","name":"Kotkan Vapaa-ajattelijat ry","description":"","publisher":{"@id":"https:\/\/vapaa-ajattelijat.fi\/kotka\/#organization"},"potentialAction":[{"@type":"SearchAction","target":{"@type":"EntryPoint","urlTemplate":"https:\/\/vapaa-ajattelijat.fi\/kotka\/?s={search_term_string}"},"query-input":{"@type":"PropertyValueSpecification","valueRequired":true,"valueName":"search_term_string"}}],"inLanguage":"fi"},{"@type":"Organization","@id":"https:\/\/vapaa-ajattelijat.fi\/kotka\/#organization","name":"Kotkan Vapaa-ajattelijat ry","url":"https:\/\/vapaa-ajattelijat.fi\/kotka\/","logo":{"@type":"ImageObject","inLanguage":"fi","@id":"https:\/\/vapaa-ajattelijat.fi\/kotka\/#\/schema\/logo\/image\/","url":"https:\/\/vapaa-ajattelijat.fi\/kotka\/wp-content\/uploads\/sites\/18\/2021\/01\/cropped-vaball-300x300-1-e1610285562722.png","contentUrl":"https:\/\/vapaa-ajattelijat.fi\/kotka\/wp-content\/uploads\/sites\/18\/2021\/01\/cropped-vaball-300x300-1-e1610285562722.png","width":75,"height":75,"caption":"Kotkan Vapaa-ajattelijat ry"},"image":{"@id":"https:\/\/vapaa-ajattelijat.fi\/kotka\/#\/schema\/logo\/image\/"}}]}},"_links":{"self":[{"href":"https:\/\/vapaa-ajattelijat.fi\/kotka\/wp-json\/wp\/v2\/pages\/10","targetHints":{"allow":["GET"]}}],"collection":[{"href":"https:\/\/vapaa-ajattelijat.fi\/kotka\/wp-json\/wp\/v2\/pages"}],"about":[{"href":"https:\/\/vapaa-ajattelijat.fi\/kotka\/wp-json\/wp\/v2\/types\/page"}],"author":[{"embeddable":true,"href":"https:\/\/vapaa-ajattelijat.fi\/kotka\/wp-json\/wp\/v2\/users\/37"}],"replies":[{"embeddable":true,"href":"https:\/\/vapaa-ajattelijat.fi\/kotka\/wp-json\/wp\/v2\/comments?post=10"}],"version-history":[{"count":65,"href":"https:\/\/vapaa-ajattelijat.fi\/kotka\/wp-json\/wp\/v2\/pages\/10\/revisions"}],"predecessor-version":[{"id":675,"href":"https:\/\/vapaa-ajattelijat.fi\/kotka\/wp-json\/wp\/v2\/pages\/10\/revisions\/675"}],"wp:attachment":[{"href":"https:\/\/vapaa-ajattelijat.fi\/kotka\/wp-json\/wp\/v2\/media?parent=10"}],"curies":[{"name":"wp","href":"https:\/\/api.w.org\/{rel}","templated":true}]}}