{"id":86,"date":"2021-12-13T20:57:34","date_gmt":"2021-12-13T18:57:34","guid":{"rendered":"https:\/\/vapaa-ajattelijat.fi\/keski-uusimaa\/?page_id=86"},"modified":"2024-03-25T20:38:16","modified_gmt":"2024-03-25T18:38:16","slug":"hautaus","status":"publish","type":"page","link":"https:\/\/vapaa-ajattelijat.fi\/keski-uusimaa\/hautaus\/","title":{"rendered":"Hautausmaat, paikalliset"},"content":{"rendered":"<p>Vapaa-ajattelijat ovat avarakatseisia hautausmaiden suhteen.\u00a0 Maallistunut, uskonnoton henkil\u00f6 voidaan haudata tunnustuksettomille tai uskonnollisille hautausmaille ja tuhkan sirotteluun on muitakin vaihtoehtoja. \u00a0Seuraavassa on kuitenkin teksti\u00e4 vain alueen tunnustuksettomista hautausmaista.\u00a0\u00a0Hausj\u00e4rven, Hyvink\u00e4\u00e4n, J\u00e4rvenp\u00e4\u00e4n, Keravan, Riihim\u00e4en, Sipoon ja Tuusulan nimill\u00e4 hakukoneet l\u00f6yt\u00e4v\u00e4t tunnustuksettomia hauta-alueita.\u00a0 Osa niist\u00e4 on yhteisi\u00e4 yli kuntarajojen.<\/p>\n<p><strong>1. J\u00e4rvenp\u00e4\u00e4n, Keravan, Sipoon ja Tuusulan tunnustukseton hauta-alue<\/strong><\/p>\n<p><strong><img fetchpriority=\"high\" decoding=\"async\" class=\"alignnone wp-image-107\" src=\"http:\/\/vapaa-ajattelijat.fi\/keski-uusimaa\/wp-content\/uploads\/sites\/17\/2021\/12\/Hautausmaa-300x180.png\" alt=\"\" width=\"521\" height=\"313\" srcset=\"https:\/\/vapaa-ajattelijat.fi\/keski-uusimaa\/wp-content\/uploads\/sites\/17\/2021\/12\/Hautausmaa-300x180.png 300w, https:\/\/vapaa-ajattelijat.fi\/keski-uusimaa\/wp-content\/uploads\/sites\/17\/2021\/12\/Hautausmaa-1024x614.png 1024w, https:\/\/vapaa-ajattelijat.fi\/keski-uusimaa\/wp-content\/uploads\/sites\/17\/2021\/12\/Hautausmaa-768x461.png 768w, https:\/\/vapaa-ajattelijat.fi\/keski-uusimaa\/wp-content\/uploads\/sites\/17\/2021\/12\/Hautausmaa.png 1174w\" sizes=\"(max-width: 521px) 100vw, 521px\" \/> \u00a0<\/strong><a href=\"https:\/\/www.openstreetmap.org\/search?query=tunnustukseton%20hauta-alue#map=18\/60.39785\/25.05399\">Katukarttalinkki hautausmaalle<\/a><\/p>\n<p>Hauta-alue on rakennettu Kulloontien varrelle Tuusulan puolelle.\u00a0 Se on yhteinen alueen seurakuntien kanssa.<\/p>\n<p>T\u00e4lle hauta-alueelle on arkkitehti Jyrki Lehikoisen suunnitteleman kaavan mukaan varattu aluksi 219 arkkuhautapaikkaa, 78 uurnahautapaikkaa sek\u00e4 sirottelualuetta 1500m2. Hauta-alue on pinta-alaltaan noin puoli hehtaaria. Alue on aidattu ja sille on varattu 25 auton pys\u00e4k\u00f6intialue.\u00a0\u00a0Tunnustukseton hauta-alue on uskonnollisesti neutraali siten, ett\u00e4 alueen seurakunnat toimivat ainoastaan alueen teknisin\u00e4 yll\u00e4pit\u00e4jin\u00e4. Tunnustuksettomalle hauta-alueelle ei rakenneta tai pystytet\u00e4 uskonnollisia tai aatteellisia tunnuskuvia. Sen sijaan omaisten hankkimissa hautakiviss\u00e4 tunnuksien k\u00e4ytt\u00f6 on sallittu.\u00a0 Tunnustuksettomalla hauta-alueella noudatetaan periaatteessa Keravan seurakunnan hautaustoimen ohjes\u00e4\u00e4nt\u00f6\u00e4.<\/p>\n<p>Tunnustukseton hauta-alue on vaihtoehto mm. niit\u00e4 varten, jotka eiv\u00e4t uskonnollisista tai maailmankatsomuksellisista syist\u00e4 halua tulla haudatuksi kristilliselle hautausmaalle. Hautasijan osoittaminen tunnustuksettomalta alueelta edellytt\u00e4\u00e4 aina nimenomaista pyynt\u00f6\u00e4<strong>. <\/strong>Kirkkoon kuulumattomat haudataan siis tunnustukselliselle evankelis-luterilaiselle hautausmaalle, ellei hautasijaa nimenomaan pyydet\u00e4 tunnustuksettomalta alueelta. Toisaalta my\u00f6s evankelis-luterilaiseen kirkkoon kuulunut vainaja voidaan pyynn\u00f6st\u00e4 haudata tunnustuksettomalle alueelle. Hautaustoimitus j\u00e4rjestet\u00e4\u00e4n aina vainajan vakaumuksen ja toivomusten mukaan.<\/p>\n<p>Miss\u00e4 hautaustilaisuus voidaan pit\u00e4\u00e4?<\/p>\n<p>Toimitukset j\u00e4rjestet\u00e4\u00e4n vainajan katsomusta ja muistoa kunnioittavalla tavalla. Tunnustuksettomat hautajaiset voidaan toimittaa haudalla tai tunnustuksettoman hauta-alueen tuloaukiolla.<\/p>\n<p>Seurakuntien tilojen k\u00e4yt\u00f6ss\u00e4 noudatetaan seuraavaa ohjeistusta:<\/p>\n<p><em>J\u00e4rvenp\u00e4\u00e4n seurakunta<\/em><em>: <\/em>Hautaustilaisuuksiin voidaan k\u00e4ytt\u00e4\u00e4 siunauskappelin ovea vastap\u00e4\u00e4t\u00e4 olevaa lasisein\u00e4ist\u00e4 odotustilaa, kappelin alakertaa tai muistolehdon edess\u00e4 olevaa kivetty\u00e4 muistelualuetta. (KN 5.11.2003)<\/p>\n<p><em>Keravan seurakunta<\/em><em>: <\/em>\u00a0Hautaustilaisuuksiin voidaan k\u00e4ytt\u00e4\u00e4 kappelin n\u00e4ytt\u00f6huonetta, lasisein\u00e4ist\u00e4 odotustilaa tai muualle haudattujen muistelualuetta. (KN 28.10.2004)<\/p>\n<p><em>Sipoon seurakuntayhtym\u00e4<\/em><em>: <\/em>Siunauskappeleita tai kirkkoja ei tarjota tunnustuksettomia hautaustilaisuuksia varten. (Kirkkoherrojen lausunto 16.11.2006)<\/p>\n<p><em>Tuusulan seurakunta<\/em><strong><em>: <\/em><\/strong>Hautaustilaisuuksiin voidaan k\u00e4ytt\u00e4\u00e4 Paijalan kappelin n\u00e4ytt\u00f6huonetta sek\u00e4 Jokelan, Kellokosken ja Paijalan hautausmailla muualle haudattujen muistelualuetta<strong>. <\/strong>(KN 7.11.2006)<\/p>\n<p>Mit\u00e4 minun tarvitsee tehd\u00e4, jos haluan tulla haudatuksi tunnustuksettomalle hautausmaalle?<\/p>\n<p>Hautasijan osoittaminen edellytt\u00e4\u00e4 aina nimenomaista pyynt\u00f6\u00e4. Omien hautajaisten j\u00e4rjest\u00e4misest\u00e4 on hyv\u00e4 kertoa l\u00e4heisille. Mik\u00e4li aiheesta on vaikea keskustella, voi asiasta laatia vapaamuotoisen kirjallisen ilmoituksen. Hautaustoimistoissa on my\u00f6s saatavilla esite &#8221;Hautajaisj\u00e4rjestelyni&#8221;. Sen avulla voi asiaa pohtia yksityiskohtaisesti.<\/p>\n<p>Hautaoikeuden haltija vastaa haudan hoidosta. Sen haltija voi my\u00f6s laatia Keravan seurakunnan kanssa hautainhoitosopimuksen 1, 5 tai 10 vuodeksi kerrallaan.<\/p>\n<p>Miten hautaus tunnustuksettomalle hautausmaalle j\u00e4rjestet\u00e4\u00e4n?<\/p>\n<p>Hautajaisissa on yleens\u00e4 oma hautaustilaisuuden toimittaja. Esimerkiksi Pro Seremoniat v\u00e4litt\u00e4v\u00e4t niihin puhujia. Omaiset voivat suunnitella hautajaisten kulun hyvin vapaamuotoisesti. Hautajaiset voivat olla my\u00f6s yksinkertainen mutta arvokas hautaan lasku kukkatervehdyksineen. Seurakunnat eiv\u00e4t haudalla tapahtuvia hautaamiseen liittyvi\u00e4 puheita tai seremonioita rajoita.\u00a0\u00a0Kirkkoon kuulumattoman henkil\u00f6n voi pappikin siunata tunnustuksettomalla hauta-alueella, jos omaiset tai muut vainajan hautauksesta huolehtivat henkil\u00f6t sit\u00e4 pyyt\u00e4v\u00e4t. Siunausta ei kuitenkaan toimiteta, jos vainaja on selv\u00e4sti ilmaissut tahtovansa toisin tai jos pappi niin katsoo.<\/p>\n<p>Omaisilla on vastuu hautajaisten j\u00e4rjestelyist\u00e4. Heid\u00e4n tulee huolehtia siit\u00e4, ett\u00e4 vainajan toivomuksia hautaustoimituksessa kunnioitetaan, vaikka se olisi omaisten tahdon vastaista. Siviilihautajaisissa omaisten lis\u00e4ksi puhujalla on vastuu siit\u00e4, ett\u00e4 hautaan toimitukset hoidetaan arvokkaalla ja ihmist\u00e4 kunnioittavalla tavalla, vainajan persoonallisuutta ja tahtoa kunnioittaen.<\/p>\n<p><strong>2. Sipoon tunnustukseton hauta-alue<\/strong><\/p>\n<p><a href=\"https:\/\/www.sipoonsuomalainenseurakunta.fi\/info-ja-asiointi\/hautapaikka-ja-hautainhoito\/hautatoimen-maksut\">Hautatoimen maksut &#8211; Sipoon suomalainen seurakunta<\/a><\/p>\n<p><strong>3. Riihim\u00e4ki, Hyvink\u00e4\u00e4, Hausj\u00e4rvi tunnustukseton hauta-alue Rauhannummella<\/strong><\/p>\n<p><img decoding=\"async\" class=\"alignnone wp-image-204\" src=\"http:\/\/vapaa-ajattelijat.fi\/keski-uusimaa\/wp-content\/uploads\/sites\/17\/2023\/12\/IMG_20231220_111541-225x300.jpg\" alt=\"\" width=\"375\" height=\"500\" srcset=\"https:\/\/vapaa-ajattelijat.fi\/keski-uusimaa\/wp-content\/uploads\/sites\/17\/2023\/12\/IMG_20231220_111541-225x300.jpg 225w, https:\/\/vapaa-ajattelijat.fi\/keski-uusimaa\/wp-content\/uploads\/sites\/17\/2023\/12\/IMG_20231220_111541-768x1024.jpg 768w, https:\/\/vapaa-ajattelijat.fi\/keski-uusimaa\/wp-content\/uploads\/sites\/17\/2023\/12\/IMG_20231220_111541-1152x1536.jpg 1152w, https:\/\/vapaa-ajattelijat.fi\/keski-uusimaa\/wp-content\/uploads\/sites\/17\/2023\/12\/IMG_20231220_111541-1536x2048.jpg 1536w, https:\/\/vapaa-ajattelijat.fi\/keski-uusimaa\/wp-content\/uploads\/sites\/17\/2023\/12\/IMG_20231220_111541-scaled.jpg 1920w\" sizes=\"(max-width: 375px) 100vw, 375px\" \/> Tunnustuksettoman alueen vieress\u00e4 on parkkipaikkoja.\u00a0 Katuosoite : Hiki\u00e4ntie 1433, 05820 Hyvink\u00e4\u00e4<\/p>\n<p><a href=\"https:\/\/www.hyvinkaanseurakunta.fi\/hautausmaat\/hautausmaat\/rauhanummen-hautausmaa-ja-krematorio\">https:\/\/www.hyvinkaanseurakunta.fi\/hautausmaat\/hautausmaat\/rauhanummen-hautausmaa-ja-krematorio<\/a><\/p>\n","protected":false},"excerpt":{"rendered":"<p>Vapaa-ajattelijat ovat avarakatseisia hautausmaiden suhteen.\u00a0 Maallistunut, uskonnoton henkil\u00f6 voidaan haudata tunnustuksettomille tai uskonnollisille hautausmaille ja tuhkan sirotteluun on muitakin vaihtoehtoja. \u00a0Seuraavassa on kuitenkin teksti\u00e4 vain alueen tunnustuksettomista hautausmaista.\u00a0\u00a0Hausj\u00e4rven, Hyvink\u00e4\u00e4n, J\u00e4rvenp\u00e4\u00e4n, &#8230; <a title=\"Hautausmaat, paikalliset\" class=\"read-more\" href=\"https:\/\/vapaa-ajattelijat.fi\/keski-uusimaa\/hautaus\/\" aria-label=\"Lue lis\u00e4\u00e4 aiheesta Hautausmaat, paikalliset\">Lue lis\u00e4\u00e4<\/a><\/p>\n","protected":false},"author":36,"featured_media":0,"parent":0,"menu_order":0,"comment_status":"closed","ping_status":"closed","template":"","meta":{"footnotes":""},"class_list":["post-86","page","type-page","status-publish"],"_links":{"self":[{"href":"https:\/\/vapaa-ajattelijat.fi\/keski-uusimaa\/wp-json\/wp\/v2\/pages\/86","targetHints":{"allow":["GET"]}}],"collection":[{"href":"https:\/\/vapaa-ajattelijat.fi\/keski-uusimaa\/wp-json\/wp\/v2\/pages"}],"about":[{"href":"https:\/\/vapaa-ajattelijat.fi\/keski-uusimaa\/wp-json\/wp\/v2\/types\/page"}],"author":[{"embeddable":true,"href":"https:\/\/vapaa-ajattelijat.fi\/keski-uusimaa\/wp-json\/wp\/v2\/users\/36"}],"replies":[{"embeddable":true,"href":"https:\/\/vapaa-ajattelijat.fi\/keski-uusimaa\/wp-json\/wp\/v2\/comments?post=86"}],"version-history":[{"count":22,"href":"https:\/\/vapaa-ajattelijat.fi\/keski-uusimaa\/wp-json\/wp\/v2\/pages\/86\/revisions"}],"predecessor-version":[{"id":223,"href":"https:\/\/vapaa-ajattelijat.fi\/keski-uusimaa\/wp-json\/wp\/v2\/pages\/86\/revisions\/223"}],"wp:attachment":[{"href":"https:\/\/vapaa-ajattelijat.fi\/keski-uusimaa\/wp-json\/wp\/v2\/media?parent=86"}],"curies":[{"name":"wp","href":"https:\/\/api.w.org\/{rel}","templated":true}]}}