{"id":1804,"date":"2018-01-19T11:59:32","date_gmt":"2018-01-19T09:59:32","guid":{"rendered":"http:\/\/vapaa-ajattelijat.fi\/helsinki\/?page_id=1804"},"modified":"2023-10-19T15:47:31","modified_gmt":"2023-10-19T12:47:31","slug":"uskomaton-2017","status":"publish","type":"page","link":"https:\/\/vapaa-ajattelijat.fi\/helsinki\/uskomaton-lehti\/uskomaton-2017\/","title":{"rendered":"Uskomaton 2017"},"content":{"rendered":"<p>Uskomaton on Helsingin seudun vapaa-ajattelijoiden Voima-lehden liitteen\u00e4 ilmestyv\u00e4 julkaisu. Vuoden 2017 ensimm\u00e4inen Uskomaton ilmestyi Voiman numeron 5\/2017 v\u00e4liss\u00e4.<\/p>\n<p><a href=\"http:\/\/vapaa-ajattelijat.fi\/helsinki\/wp-content\/uploads\/sites\/5\/2018\/01\/Uskomaton_kevat_2017.pdf\">Uskomaton kev\u00e4t 2017<\/a><\/p>\n","protected":false},"excerpt":{"rendered":"<p>Uskomaton on Helsingin seudun vapaa-ajattelijoiden Voima-lehden liitteen\u00e4 ilmestyv\u00e4 julkaisu. Vuoden 2017 ensimm\u00e4inen Uskomaton ilmestyi Voiman numeron 5\/2017 v\u00e4liss\u00e4. Uskomaton kev\u00e4t 2017<\/p>\n","protected":false},"author":24,"featured_media":0,"parent":1195,"menu_order":83,"comment_status":"closed","ping_status":"closed","template":"","meta":{"_eb_attr":"","footnotes":"","_links_to":"","_links_to_target":""},"class_list":["post-1804","page","type-page","status-publish","hentry"],"jetpack_sharing_enabled":true,"jetpack_shortlink":"https:\/\/wp.me\/PaH06I-t6","_links":{"self":[{"href":"https:\/\/vapaa-ajattelijat.fi\/helsinki\/wp-json\/wp\/v2\/pages\/1804","targetHints":{"allow":["GET"]}}],"collection":[{"href":"https:\/\/vapaa-ajattelijat.fi\/helsinki\/wp-json\/wp\/v2\/pages"}],"about":[{"href":"https:\/\/vapaa-ajattelijat.fi\/helsinki\/wp-json\/wp\/v2\/types\/page"}],"author":[{"embeddable":true,"href":"https:\/\/vapaa-ajattelijat.fi\/helsinki\/wp-json\/wp\/v2\/users\/24"}],"replies":[{"embeddable":true,"href":"https:\/\/vapaa-ajattelijat.fi\/helsinki\/wp-json\/wp\/v2\/comments?post=1804"}],"version-history":[{"count":4,"href":"https:\/\/vapaa-ajattelijat.fi\/helsinki\/wp-json\/wp\/v2\/pages\/1804\/revisions"}],"predecessor-version":[{"id":1875,"href":"https:\/\/vapaa-ajattelijat.fi\/helsinki\/wp-json\/wp\/v2\/pages\/1804\/revisions\/1875"}],"up":[{"embeddable":true,"href":"https:\/\/vapaa-ajattelijat.fi\/helsinki\/wp-json\/wp\/v2\/pages\/1195"}],"wp:attachment":[{"href":"https:\/\/vapaa-ajattelijat.fi\/helsinki\/wp-json\/wp\/v2\/media?parent=1804"}],"curies":[{"name":"wp","href":"https:\/\/api.w.org\/{rel}","templated":true}]}}