{"id":1148,"date":"2015-06-03T20:23:06","date_gmt":"2015-06-03T17:23:06","guid":{"rendered":"http:\/\/vapaa-ajattelijat.fi\/helsinkiuusi\/?page_id=1148"},"modified":"2015-06-29T15:56:46","modified_gmt":"2015-06-29T12:56:46","slug":"tapaamisia-ja-tapahtumia","status":"publish","type":"page","link":"https:\/\/vapaa-ajattelijat.fi\/helsinki\/tassa-ja-nyt\/tapaamisia-ja-tapahtumia\/","title":{"rendered":"Tapaamisia ja tapahtumia"},"content":{"rendered":"<ul class=\"lcp_catlist\" id=\"lcp_instance_0\"><li><a href=\"https:\/\/vapaa-ajattelijat.fi\/helsinki\/vapaa-ajattelijat-puolueille-aika-valmistautua-uudistuksiin-2027\/\">Vapaa-ajattelijat puolueille: aika valmistautua uudistuksiin 2027<\/a><span class=\"listdate\">  21.8.2025<\/span><div class=\"lcp_excerpt\">Valtion ja kirkon suhteen uudistamisen valmistelu tulee aloittaa tulevalla vaalikaudella. Tulee ottaa suunta siirtymiseen kirkon julkisoikeudellisesta erityisasemasta uskonnollisten ja muiden yhdyskuntien yhdenvertaiseen kohteluun.\u00a0\n<\/div><\/li><li><a href=\"https:\/\/vapaa-ajattelijat.fi\/helsinki\/helsingista-ouluun-liittokokoukseen\/\">Helsingist\u00e4 Ouluun liittokokoukseen<\/a><span class=\"listdate\">  14.5.2017<\/span><div class=\"lcp_excerpt\">Vapaa-ajattelijain liittokokous l\u00e4hestyy, t\u00e4n\u00e4 vuonna kokous pidet\u00e4\u00e4n Oulussa 10.-11.6.2017.\nHelsingin seudun vapaa-ajattelijoiden liittokokousedustajat valittiin yhdistyksen kev\u00e4tkokouksessa 20.4.2017. Varsinaisiksi edustajiksi valittiin\u00a0Jape Lov\u00e9n, Esa Ylikoski, Binar Mustafa,\u00a0Kerttu Loukola,\u00a0Emma Andersson,\u00a0Henrik Sawela ja\u00a0Kalevi H\u00f6ltt\u00e4.\nLis\u00e4tietoa:\u00a0Esitys Vapaa-ajattelijain ...<\/div><\/li><li><a href=\"https:\/\/vapaa-ajattelijat.fi\/helsinki\/eaon-ratkaisu-hvan-kanteluun-paeivaekotien-uskonnonharjoituksesta\/\">EAO:n ratkaisu HVA:n kanteluun p\u00e4iv\u00e4kotien uskonnonharjoituksesta<\/a><span class=\"listdate\">  18.3.2015<\/span><div class=\"lcp_excerpt\">\n\tHelsingin Vapaa-ajattelijat kanteli p&auml;iv&auml;kotien uskonnonharjoituksesta vuonna 2014. Eduskunnan apulaisoikeusasiamies on tehnyt kantelusta ratkaisun. Lue koko ratkaisu.\n<\/div><\/li><li><a href=\"https:\/\/vapaa-ajattelijat.fi\/helsinki\/vapauksien-vaalipaneeli2\/\">Vapauksien vaalipaneeli<\/a><span class=\"listdate\">  16.3.2015<\/span><div class=\"lcp_excerpt\">\n\t\n\n\n\tTeemana uskonnon, vakaumuksen, ajatuksen ja sanan vapaus sek&auml; ihmisten yhdenvertainen kohtelu uskonnosta tai vakaumuksesta riippumatta.\n\tTorstaina 26.3.2015 klo 18.00 -20.00\n\tMets&auml;talo, Sali 2 (B212), Unioninkatu 40, 2. krs.\n\n\n\tAnnetaan eduskunnalle ev&auml;it&auml;: Uskonto yksityisasiaksi? ...<\/div><\/li><li><a href=\"https:\/\/vapaa-ajattelijat.fi\/helsinki\/helsingin-sosiaalifoorumi\/\">Helsingin Sosiaalifoorumi<\/a><span class=\"listdate\">  26.4.2014<\/span><div class=\"lcp_excerpt\">Uskonnottomien lasten oikeudet p\u00e4iv\u00e4kodeissa ja kouluissa\nSunnuntai 27.4 Helsingin Sosiaalifoorumissa Arbiksella (ruotsinkielinen ty\u00f6v\u00e4enopisto)\nklo 11 \u2013 12.30, luokka 41\n\nJ\u00e4rjest\u00e4j\u00e4t: Helsingin vapaa-ajattelijat ja Helsingin humanistiyhdistys\nToteutuuko yhdenvertaisuus ja katsomusvapaus? Mit\u00e4 apulaisoikeuskanslerin p\u00e4\u00e4t\u00f6s merkitsee? Mit\u00e4 ...<\/div><\/li><li><a href=\"https:\/\/vapaa-ajattelijat.fi\/helsinki\/kansalaisaloite-yhdenvertainen-suomi\/\">Kansalaisaloite Yhdenvertainen Suomi<\/a><span class=\"listdate\">  15.1.2014<\/span><div class=\"lcp_excerpt\">\n\tVapaa-ajattelijain liitto tavoittelee suomalaisten yhdenvertaista kohtelua kansalaisaloitteella joka ker&auml;tess&auml;&auml;n tarvittavat 50 000 allekirjoitusta p&auml;&auml;tyy lopulta eduskunnan k&auml;sittelyyn. Allekirjoituksia ker&auml;t&auml;&auml;n kev&auml;&auml;n 2014 ajan alkaen 20.1. Allekirjoittaaksesi aloitteen s&auml;hk&ouml;isesti tarvitset verkkopankkitunnukset tai ...<\/div><\/li><li><a href=\"https:\/\/vapaa-ajattelijat.fi\/helsinki\/uskonnon-harjoittaminen-osana-koulupaeivaeae-loukkaa-ihmisoikeuksia\/\">Uskonnon harjoittaminen osana koulup\u00e4iv\u00e4\u00e4 loukkaa ihmisoikeuksia<\/a><span class=\"listdate\">  6.9.2013<\/span><div class=\"lcp_excerpt\">Helsingin Vapaa-ajattelijat ry on esitt\u00e4nyt Helsingin, Espoon ja Vantaan opetuslautakunnille, ett\u00e4 se vaatisi koulut lopettamaan uskonnon harjoittamisen osana koulup\u00e4iv\u00e4\u00e4 ja valitsemaan yhteisty\u00f6kumppanit tasapuolisesti.\nP\u00e4\u00e4kaupunkiseudun koulut j\u00e4rjest\u00e4v\u00e4t edelleen koululaisjumalanpalveluksia, ja seurakunnat saavat ...<\/div><\/li><li><a href=\"https:\/\/vapaa-ajattelijat.fi\/helsinki\/tunnustuksettomuudesta-debattia\/\">Tunnustuksettomuudesta debattia<\/a><span class=\"listdate\">  24.7.2013<\/span><div class=\"lcp_excerpt\">Vaparien Esa Ylikoski vs. Kirkkohallituksen Jukka Keskitalo\nValtion ja tuntien toiminnan tunnustuksettomuudesta syntyi hein\u00e4kuussa debattia, kun Helsingin Sanomat julkaisi (Mielipidesivu 17.7) Vapaa-ajattelijain Liiton edustajana Ihmisoikeusvaltuuskunnassa olevan ja my\u00f6s Helsingin vapaa-ajattelijoissa toimivan ...<\/div><\/li><li><a href=\"https:\/\/vapaa-ajattelijat.fi\/helsinki\/esa-ylikoski\/\">Esa Ylikosken vastaus Espoon kaupungin sivistystoimen vastineeseen<\/a><span class=\"listdate\">  12.8.2012<\/span><div class=\"lcp_excerpt\">Helsingin Vapaa-ajattelijoiden varapuheenjohtaja Esa Ylikoski teki  kes\u00e4ll\u00e4 2011 Etel\u00e4-Suomen aluehallintovirastoon kantelun Espoon  kaupungin sivistystoimen Espoon seurakuntayhtym\u00e4n kanssa tekem\u00e4st\u00e4  sopimuksesta. Kantelun teksti on julkaistu sivuillamme (ks. sivu http:\/\/www.vapaa-ajattelijat.fi\/helsinki\/index.php?option=com_content&amp;view=category&amp;layout=blog&amp;id=50&amp;Itemid=80 ...<\/div><\/li><li><a href=\"https:\/\/vapaa-ajattelijat.fi\/helsinki\/uskomaton-lehti\/\">USKOMATON-lehti<\/a><span class=\"listdate\">  2.10.2011<\/span><div class=\"lcp_excerpt\">Helsingin vapaa-ajattelijat ry:n uusi laajalevikkinen, 16-sivuinen USKOMATON-lehti on ilmestynyt lokakuun Voima-lehden liitteen\u00e4. Voima-lehte\u00e4 on jaossa useissa jakopisteiss\u00e4 p\u00e4\u00e4kaupunkiseudulla ja eri puolilla maata; lehden painos on 70 000 kpl.\nUSKOMATON-lehte\u00e4 on my\u00f6s ...<\/div><\/li><\/ul>\n","protected":false},"excerpt":{"rendered":"","protected":false},"author":19,"featured_media":0,"parent":1146,"menu_order":1,"comment_status":"open","ping_status":"open","template":"","meta":{"_eb_attr":"","footnotes":"","_links_to":"","_links_to_target":""},"class_list":["post-1148","page","type-page","status-publish","hentry"],"jetpack_sharing_enabled":true,"jetpack_shortlink":"https:\/\/wp.me\/PaH06I-iw","_links":{"self":[{"href":"https:\/\/vapaa-ajattelijat.fi\/helsinki\/wp-json\/wp\/v2\/pages\/1148","targetHints":{"allow":["GET"]}}],"collection":[{"href":"https:\/\/vapaa-ajattelijat.fi\/helsinki\/wp-json\/wp\/v2\/pages"}],"about":[{"href":"https:\/\/vapaa-ajattelijat.fi\/helsinki\/wp-json\/wp\/v2\/types\/page"}],"author":[{"embeddable":true,"href":"https:\/\/vapaa-ajattelijat.fi\/helsinki\/wp-json\/wp\/v2\/users\/19"}],"replies":[{"embeddable":true,"href":"https:\/\/vapaa-ajattelijat.fi\/helsinki\/wp-json\/wp\/v2\/comments?post=1148"}],"version-history":[{"count":2,"href":"https:\/\/vapaa-ajattelijat.fi\/helsinki\/wp-json\/wp\/v2\/pages\/1148\/revisions"}],"predecessor-version":[{"id":1458,"href":"https:\/\/vapaa-ajattelijat.fi\/helsinki\/wp-json\/wp\/v2\/pages\/1148\/revisions\/1458"}],"up":[{"embeddable":true,"href":"https:\/\/vapaa-ajattelijat.fi\/helsinki\/wp-json\/wp\/v2\/pages\/1146"}],"wp:attachment":[{"href":"https:\/\/vapaa-ajattelijat.fi\/helsinki\/wp-json\/wp\/v2\/media?parent=1148"}],"curies":[{"name":"wp","href":"https:\/\/api.w.org\/{rel}","templated":true}]}}