{"id":1135,"date":"2015-06-03T20:05:29","date_gmt":"2015-06-03T17:05:29","guid":{"rendered":"http:\/\/vapaa-ajattelijat.fi\/helsinkiuusi\/?page_id=1135"},"modified":"2015-06-03T20:08:37","modified_gmt":"2015-06-03T17:08:37","slug":"mielipiteet","status":"publish","type":"page","link":"https:\/\/vapaa-ajattelijat.fi\/helsinki\/ajatuksiamme\/mielipiteet\/","title":{"rendered":"Mielipiteet"},"content":{"rendered":"<ul class=\"lcp_catlist\" id=\"lcp_instance_0\"><li><a href=\"https:\/\/vapaa-ajattelijat.fi\/helsinki\/islamista-ja-vakivallasta\/\">Islamista ja v\u00e4kivallasta<\/a><span class=\"listdate\">  8.10.2016<\/span><div class=\"lcp_excerpt\">Lokakuun alun viiman riepotellessa Helsinki\u00e4, Vilhonkadulla sijaitsevassa HERO:n toimitilassa k\u00e4vi kuhina. Sali oli t\u00e4ynn\u00e4 kiinnostuneita kuulemassa Norjassa asuvan toimittaja, runoilija ja tietokirjailija Mariwan Halabjaeen (s. 1963) alustusta aiheesta islam ja ...<\/div><\/li><li><a href=\"https:\/\/vapaa-ajattelijat.fi\/helsinki\/arno-kotro-back-to-school-illassa\/\">Arno Kotro Back to School -illassa: ET:t\u00e4 ja uskontoa ei pid\u00e4 yhdist\u00e4\u00e4<\/a><span class=\"listdate\">  16.9.2016<\/span><div class=\"lcp_excerpt\">&#8211; Nuoria koskettavat el\u00e4m\u00e4n katsomukselliset kysymykset eiv\u00e4t enimm\u00e4kseen ole uskonnollisia. Senk\u00e4\u00e4n takia uskontojen opetuksen ja uskonnottomille tarkoitetun el\u00e4m\u00e4nkatsomustiedon sulauttaminen yhdeksi, kaikille yhteiseksi aineeksi ole hyv\u00e4 idea, sanoi filosofian ja el\u00e4m\u00e4nkatsomustiedon ...<\/div><\/li><li><a href=\"https:\/\/vapaa-ajattelijat.fi\/helsinki\/yhdenvertaisuutta-ja-omantunnon-vapautta-on-vahvistettava\/\">Yhdenvertaisuutta ja omantunnon vapautta on vahvistettava<\/a><span class=\"listdate\">  8.11.2011<\/span><div class=\"lcp_excerpt\">Esa Ylikosken (FM, p\u00e4\u00e4sihteeri, Vapaa-ajattelijain Liitto ry) puheenvuoro Oikeusministeri\u00f6n j\u00e4rjest\u00e4m\u00e4ss\u00e4 ihmisoikeustoimintaohjelman valmistelun kuulemistilaisuudessa 12.10.2011\nOmantunnon ja vakaumuksen vapaus on positiivinen oikeus\nUskonnon ja omantunnon vapauteen (PL 11 \u00a7) kuuluu omantunnon vapaus, joka ...<\/div><\/li><li><a href=\"https:\/\/vapaa-ajattelijat.fi\/helsinki\/uskonnon-harjoittaminen-ei-kuulu-koululaisten-iltapaeivaetoimintaan\/\">Uskonnon harjoittaminen ei kuulu koululaisten iltap\u00e4iv\u00e4toimintaan<\/a><span class=\"listdate\">  10.8.2011<\/span><div class=\"lcp_excerpt\">Kuntien seurakunnilta hankkimassa pienille koululaisille tarkoitetussa perusopetuksen iltap\u00e4iv\u00e4toiminnassa on tullut esiin henkil\u00f6kunnan ohjaamaa uskonnon harjoittamista mm. ruokarukouksen muodossa. Tapauksia on ilmennyt jopa Helsingiss\u00e4, jossa kirkkoon kuulumattomien lasten osuus on maan ...<\/div><\/li><li><a href=\"https:\/\/vapaa-ajattelijat.fi\/helsinki\/puolustusvoimissa-on-perusoikeusongelma\/\">Puolustusvoimissa on perusoikeusongelma<\/a><span class=\"listdate\">  14.6.2011<\/span><div class=\"lcp_excerpt\">P\u00e4\u00e4esikunnan 1.6.2011 antama vastaus Eduskunnan apulaisoikeusasiamiehen selvityspyynt\u00f6\u00f6n on surullista luettavaa. Puolustusvoimat puolustaa tiukasti pakkouskonnon harjoittamista ev.lut. kirkon j\u00e4senille, uskonnottomia ja toisuskoisia syrjivi\u00e4 k\u00e4yt\u00e4nt\u00f6j\u00e4\u00e4n mm. paraatien suhteen sek\u00e4 ylip\u00e4\u00e4t\u00e4\u00e4n kirkollisen ty\u00f6n ...<\/div><\/li><li><a href=\"https:\/\/vapaa-ajattelijat.fi\/helsinki\/seksuaalisuus-parisuhteet-terveys-ja-onnellisuus-vapaa-ajattelijat-uskonnollista-ahdasmielisyytt\/\">Seksuaalisuus, parisuhteet, terveys ja onnellisuus<\/a><span class=\"listdate\">  14.6.2011<\/span><div class=\"lcp_excerpt\">Vapaa-ajattelijat uskonnollista ahdasmielisyytt\u00e4 vastaan\nUskonnoilla, erityisesti kristinuskolla ja islamilla on pitk\u00e4t perinteet ihmisten sukupuolisen k\u00e4ytt\u00e4ytymisen s\u00e4\u00e4ntelyss\u00e4 ja rajoittamisessa. Usein ankarilla rajoituksilla on ollut ja on yh\u00e4 vahingollinen vaikutus ihmisten vapauteen, onnellisuuteen ...<\/div><\/li><li><a href=\"https:\/\/vapaa-ajattelijat.fi\/helsinki\/omantunnon-vapautta-ja-yhdenvertaisuutta-kouluissa-kohennettava\/\">Omantunnon vapautta ja yhdenvertaisuutta kouluissa kohennettava<\/a><span class=\"listdate\">  13.6.2011<\/span><div class=\"lcp_excerpt\">Vapaa-ajattelijat uskonnottomien kulttuuri- ja etuj\u00e4rjest\u00f6n\u00e4 ovat siis kannelleet Espoon kaupungin seurakuntayhtym\u00e4n kanssa solmimasta kasvatuskumppanuudesta (HS 4.6. \u201dAteistit kantelivat &#8230;\u201d). Asian voi j\u00e4sent\u00e4\u00e4 kahteen eri kysymykseen.\n    \nEnsinn\u00e4kin, miksi ...<\/div><\/li><li><a href=\"https:\/\/vapaa-ajattelijat.fi\/helsinki\/joulu-on-olemassa-ilman-uskontoakin\/\">Joulu on olemassa ilman uskontoakin<\/a><span class=\"listdate\">  17.12.2010<\/span><div class=\"lcp_excerpt\">Jyrki Turtiainen kysyy onko joulua ilman uskontoa (HS. 16.12.). Vastaus on tietysti: Kyll\u00e4 on.\nJoulua vietettiin tuhansia vuosia ennen kristinuskon synty\u00e4 ja sit\u00e4 vietett\u00e4isiin varmasti edelleen vaikka nykyinen vanhakantainen kristinusko aikanaan ...<\/div><\/li><li><a href=\"https:\/\/vapaa-ajattelijat.fi\/helsinki\/ontuvaa-omantunnon-vapautta-vahvistettava\/\">Ontuvaa omantunnon vapautta vahvistettava<\/a><span class=\"listdate\">  15.11.2010<\/span><div class=\"lcp_excerpt\">Tuputuksesta tunnustuksettomuuteen\nOmantunnon vapaus ontuu Suomessa. Valtio ja kunta ovat ottaneet uskonnollisille yhdyskunnille kuuluvia teht\u00e4vi\u00e4 ja tuputtavat uskontoa niin ett\u00e4 ihmisten omantunnon vapaus ja yhdenvertainen kohtelu k\u00e4rsiv\u00e4t.\n    \nPerustuslain ...<\/div><\/li><li><a href=\"https:\/\/vapaa-ajattelijat.fi\/helsinki\/joulu-ilman-jeesusta\/\">Joulu ilman Jeesusta<\/a><span class=\"listdate\">  17.11.2009<\/span><div class=\"lcp_excerpt\">\nOlemme vaimoni kanssa molemmat olleet nuoresta asti uskonnottomia, mutta meille jouluna vieraisille tuleva tuskin huomaisi t\u00e4t\u00e4 tosiasiaa mist\u00e4\u00e4n. Joulukuusi rehottaa nurkassa, joulukinkku paistuu uunissa ja joululaulut raikuvat.\nJa miksi eiv\u00e4t raikuisi, ...<\/div><\/li><\/ul>\n","protected":false},"excerpt":{"rendered":"","protected":false},"author":19,"featured_media":0,"parent":1143,"menu_order":0,"comment_status":"open","ping_status":"open","template":"","meta":{"_eb_attr":"","footnotes":"","_links_to":"","_links_to_target":""},"class_list":["post-1135","page","type-page","status-publish","hentry"],"jetpack_sharing_enabled":true,"jetpack_shortlink":"https:\/\/wp.me\/PaH06I-ij","_links":{"self":[{"href":"https:\/\/vapaa-ajattelijat.fi\/helsinki\/wp-json\/wp\/v2\/pages\/1135","targetHints":{"allow":["GET"]}}],"collection":[{"href":"https:\/\/vapaa-ajattelijat.fi\/helsinki\/wp-json\/wp\/v2\/pages"}],"about":[{"href":"https:\/\/vapaa-ajattelijat.fi\/helsinki\/wp-json\/wp\/v2\/types\/page"}],"author":[{"embeddable":true,"href":"https:\/\/vapaa-ajattelijat.fi\/helsinki\/wp-json\/wp\/v2\/users\/19"}],"replies":[{"embeddable":true,"href":"https:\/\/vapaa-ajattelijat.fi\/helsinki\/wp-json\/wp\/v2\/comments?post=1135"}],"version-history":[{"count":4,"href":"https:\/\/vapaa-ajattelijat.fi\/helsinki\/wp-json\/wp\/v2\/pages\/1135\/revisions"}],"predecessor-version":[{"id":1145,"href":"https:\/\/vapaa-ajattelijat.fi\/helsinki\/wp-json\/wp\/v2\/pages\/1135\/revisions\/1145"}],"up":[{"embeddable":true,"href":"https:\/\/vapaa-ajattelijat.fi\/helsinki\/wp-json\/wp\/v2\/pages\/1143"}],"wp:attachment":[{"href":"https:\/\/vapaa-ajattelijat.fi\/helsinki\/wp-json\/wp\/v2\/media?parent=1135"}],"curies":[{"name":"wp","href":"https:\/\/api.w.org\/{rel}","templated":true}]}}