{"id":5,"date":"2020-10-03T13:58:16","date_gmt":"2020-10-03T13:58:16","guid":{"rendered":"http:\/\/vapaa-ajattelijat.fi\/forssa\/?page_id=5"},"modified":"2020-11-06T11:23:16","modified_gmt":"2020-11-06T09:23:16","slug":"rauhanmaa","status":"publish","type":"page","link":"https:\/\/vapaa-ajattelijat.fi\/forssa\/rauhanmaa\/","title":{"rendered":"Rauhanmaa"},"content":{"rendered":"\t\t<div data-elementor-type=\"wp-page\" data-elementor-id=\"5\" class=\"elementor elementor-5\">\n\t\t\t\t\t\t<section class=\"elementor-section elementor-top-section elementor-element elementor-element-5ef297c7 elementor-section-boxed elementor-section-height-default elementor-section-height-default\" data-id=\"5ef297c7\" data-element_type=\"section\" data-e-type=\"section\">\n\t\t\t\t\t\t<div class=\"elementor-container elementor-column-gap-default\">\n\t\t\t\t\t<div class=\"elementor-column elementor-col-100 elementor-top-column elementor-element elementor-element-57f8d5ed\" data-id=\"57f8d5ed\" data-element_type=\"column\" data-e-type=\"column\">\n\t\t\t<div class=\"elementor-widget-wrap elementor-element-populated\">\n\t\t\t\t\t\t<div class=\"elementor-element elementor-element-8d58a7e elementor-widget elementor-widget-text-editor\" data-id=\"8d58a7e\" data-element_type=\"widget\" data-e-type=\"widget\" data-widget_type=\"text-editor.default\">\n\t\t\t\t<div class=\"elementor-widget-container\">\n\t\t\t\t\t\t\t\t\t<p>Rauhanmaa on kaikille avoin hautausmaa. Se sijaitsee 10-tien pohjoispuolella Kaikulan kaupunginosassa <a href=\"https:\/\/www.google.fi\/maps\/place\/Rauhanmaa\/@60.833724,23.6007194,17z\/data=!3m1!4b1!4m5!3m4!1s0x468e9de39fa09dc5:0xee5fff6b330954b4!8m2!3d60.8337214!4d23.6029026\">Vapaa-ajattelijainpolun p\u00e4\u00e4ss\u00e4<\/a>. Vapaa-ajattelijoiden lis\u00e4ksi se voi olla p\u00e4\u00e4tepiste my\u00f6s mink\u00e4 tahansa\u00a0 uskontokunnan vainajalle. Se on paikka, jonne ihmisen tarina p\u00e4\u00e4ttyy. Lopullisesti.<\/p><p><!-- \/wp:paragraph --><\/p>\t\t\t\t\t\t\t\t<\/div>\n\t\t\t\t<\/div>\n\t\t\t\t\t<\/div>\n\t\t<\/div>\n\t\t\t\t\t<\/div>\n\t\t<\/section>\n\t\t\t\t<section class=\"elementor-section elementor-top-section elementor-element elementor-element-74ff8f6 elementor-section-boxed elementor-section-height-default elementor-section-height-default\" data-id=\"74ff8f6\" data-element_type=\"section\" data-e-type=\"section\">\n\t\t\t\t\t\t<div class=\"elementor-container elementor-column-gap-default\">\n\t\t\t\t\t<div class=\"elementor-column elementor-col-100 elementor-top-column elementor-element elementor-element-796fb2a\" data-id=\"796fb2a\" data-element_type=\"column\" data-e-type=\"column\">\n\t\t\t<div class=\"elementor-widget-wrap elementor-element-populated\">\n\t\t\t\t\t\t<div class=\"elementor-element elementor-element-b4e1db7 elementor-widget elementor-widget-image\" data-id=\"b4e1db7\" data-element_type=\"widget\" data-e-type=\"widget\" data-widget_type=\"image.default\">\n\t\t\t\t<div class=\"elementor-widget-container\">\n\t\t\t\t\t\t\t\t\t\t\t\t<figure class=\"wp-caption\">\n\t\t\t\t\t\t\t\t\t\t<img fetchpriority=\"high\" decoding=\"async\" width=\"1024\" height=\"478\" src=\"https:\/\/vapaa-ajattelijat.fi\/forssa\/wp-content\/uploads\/sites\/15\/2020\/10\/Vapaa-ajattelijoiden_hautausmaa_cimetiere_\u043a\u043b\u0430\u0434\u0431\u0438\u0449\u0435_cemetery._-_panoramio-1024x478.jpg\" class=\"attachment-large size-large wp-image-150\" alt=\"\" srcset=\"https:\/\/vapaa-ajattelijat.fi\/forssa\/wp-content\/uploads\/sites\/15\/2020\/10\/Vapaa-ajattelijoiden_hautausmaa_cimetiere_\u043a\u043b\u0430\u0434\u0431\u0438\u0449\u0435_cemetery._-_panoramio-1024x478.jpg 1024w, https:\/\/vapaa-ajattelijat.fi\/forssa\/wp-content\/uploads\/sites\/15\/2020\/10\/Vapaa-ajattelijoiden_hautausmaa_cimetiere_\u043a\u043b\u0430\u0434\u0431\u0438\u0449\u0435_cemetery._-_panoramio-300x140.jpg 300w, https:\/\/vapaa-ajattelijat.fi\/forssa\/wp-content\/uploads\/sites\/15\/2020\/10\/Vapaa-ajattelijoiden_hautausmaa_cimetiere_\u043a\u043b\u0430\u0434\u0431\u0438\u0449\u0435_cemetery._-_panoramio-768x358.jpg 768w, https:\/\/vapaa-ajattelijat.fi\/forssa\/wp-content\/uploads\/sites\/15\/2020\/10\/Vapaa-ajattelijoiden_hautausmaa_cimetiere_\u043a\u043b\u0430\u0434\u0431\u0438\u0449\u0435_cemetery._-_panoramio.jpg 1200w\" sizes=\"(max-width: 1024px) 100vw, 1024px\" \/>\t\t\t\t\t\t\t\t\t\t\t<figcaption class=\"widget-image-caption wp-caption-text\">https:\/\/upload.wikimedia.org\/wikipedia\/commons\/9\/95\/Vapaa-ajattelijoiden_hautausmaa<\/figcaption>\n\t\t\t\t\t\t\t\t\t\t<\/figure>\n\t\t\t\t\t\t\t\t\t<\/div>\n\t\t\t\t<\/div>\n\t\t\t\t\t<\/div>\n\t\t<\/div>\n\t\t\t\t\t<\/div>\n\t\t<\/section>\n\t\t\t\t<section class=\"elementor-section elementor-top-section elementor-element elementor-element-6f9f4fa elementor-section-boxed elementor-section-height-default elementor-section-height-default\" data-id=\"6f9f4fa\" data-element_type=\"section\" data-e-type=\"section\">\n\t\t\t\t\t\t<div class=\"elementor-container elementor-column-gap-default\">\n\t\t\t\t\t<div class=\"elementor-column elementor-col-100 elementor-top-column elementor-element elementor-element-6698f15\" data-id=\"6698f15\" data-element_type=\"column\" data-e-type=\"column\">\n\t\t\t<div class=\"elementor-widget-wrap elementor-element-populated\">\n\t\t\t\t\t\t<div class=\"elementor-element elementor-element-8b23150 elementor-widget elementor-widget-text-editor\" data-id=\"8b23150\" data-element_type=\"widget\" data-e-type=\"widget\" data-widget_type=\"text-editor.default\">\n\t\t\t\t<div class=\"elementor-widget-container\">\n\t\t\t\t\t\t\t\t\t<p><a href=\"https:\/\/www.forssanlehti.fi\/lounais-hame\/kun-taivasta-ei-ole-forssan-vapaa-ajattelijoiden-hautausmaa-on-paikka-jonne-papit-eivat-ole-tervetulleita-339268\">&#8221;Kun taivasta ei ole: Forssan vapaa-ajattelijoiden hautausmaa on paikka, jonne papit eiv\u00e4t ole tervetulleita&#8221;<\/a>, (FL 21.7.2019 Lotta Saarenmaa).<\/p>\t\t\t\t\t\t\t\t<\/div>\n\t\t\t\t<\/div>\n\t\t\t\t\t<\/div>\n\t\t<\/div>\n\t\t\t\t\t<\/div>\n\t\t<\/section>\n\t\t\t\t<section class=\"elementor-section elementor-top-section elementor-element elementor-element-d52bddb elementor-section-boxed elementor-section-height-default elementor-section-height-default\" data-id=\"d52bddb\" data-element_type=\"section\" data-e-type=\"section\">\n\t\t\t\t\t\t<div class=\"elementor-container elementor-column-gap-default\">\n\t\t\t\t\t<div class=\"elementor-column elementor-col-100 elementor-top-column elementor-element elementor-element-8c66bc3\" data-id=\"8c66bc3\" data-element_type=\"column\" data-e-type=\"column\">\n\t\t\t<div class=\"elementor-widget-wrap elementor-element-populated\">\n\t\t\t\t\t\t<div class=\"elementor-element elementor-element-572db41 elementor-widget elementor-widget-text-editor\" data-id=\"572db41\" data-element_type=\"widget\" data-e-type=\"widget\" data-widget_type=\"text-editor.default\">\n\t\t\t\t<div class=\"elementor-widget-container\">\n\t\t\t\t\t\t\t\t\t<h2>Haudat ja hautakivet<\/h2><p>Hautapaikolle tehd\u00e4\u00e4n sek\u00e4 arkku- ett\u00e4 uurnahautauksia. Uurnahautauksia voi haluttaessa tehd\u00e4 samaan hautapaikkaan useampia kuin yksi. Mit\u00e4\u00e4n uskonnollisia symbooleja hautapaikkojen muistomerkeiss\u00e4 ei saa k\u00e4ytt\u00e4\u00e4.<\/p><p><span style=\"font-weight: 400\">Hautauksia on nykyisin kolmesta nelj\u00e4\u00e4n vuodessa ja h<\/span>audattujen vainajien m\u00e4\u00e4r\u00e4 on nyt 162 (1.11.2020). Vaihtoehtona uurnahautaukselle vainajien tuhka voidaan sirotella muistolehtoon.<\/p>\t\t\t\t\t\t\t\t<\/div>\n\t\t\t\t<\/div>\n\t\t\t\t\t<\/div>\n\t\t<\/div>\n\t\t\t\t\t<\/div>\n\t\t<\/section>\n\t\t\t\t<section class=\"elementor-section elementor-top-section elementor-element elementor-element-3de56ad elementor-section-boxed elementor-section-height-default elementor-section-height-default\" data-id=\"3de56ad\" data-element_type=\"section\" data-e-type=\"section\">\n\t\t\t\t\t\t<div class=\"elementor-container elementor-column-gap-default\">\n\t\t\t\t\t<div class=\"elementor-column elementor-col-100 elementor-top-column elementor-element elementor-element-4f4b88f\" data-id=\"4f4b88f\" data-element_type=\"column\" data-e-type=\"column\">\n\t\t\t<div class=\"elementor-widget-wrap elementor-element-populated\">\n\t\t\t\t\t\t<div class=\"elementor-element elementor-element-8ad283f elementor-widget elementor-widget-text-editor\" data-id=\"8ad283f\" data-element_type=\"widget\" data-e-type=\"widget\" data-widget_type=\"text-editor.default\">\n\t\t\t\t<div class=\"elementor-widget-container\">\n\t\t\t\t\t\t\t\t\t<h2>Muistolehto ja muistopaasi<\/h2><p>Muistolehto on tuhkansirottelualue, jolle ei sijoiteta mit\u00e4\u00e4n vainajien muistomerkkej\u00e4 eik\u00e4 kukkamaljakoita.<\/p><p>Muistamista varten muistolehtoon liittyy yhdistyksen pitk\u00e4aikaisen j\u00e4sen Simo Leinon suunnittelema suomalaisesta spektroliitista valmistettu muistopaasi, johon niille vainajille, joiden tuhkat sirotellaan muistolehtoon, voi kiinnitt\u00e4\u00e4 muistolaattoja. Paaden alla olevassa aluskivess\u00e4 on kukkamaljakoita varten 12 py\u00f6re\u00e4\u00e4 reik\u00e4\u00e4.<\/p>\t\t\t\t\t\t\t\t<\/div>\n\t\t\t\t<\/div>\n\t\t\t\t\t<\/div>\n\t\t<\/div>\n\t\t\t\t\t<\/div>\n\t\t<\/section>\n\t\t\t\t<section class=\"elementor-section elementor-top-section elementor-element elementor-element-cc1ecf0 elementor-section-boxed elementor-section-height-default elementor-section-height-default\" data-id=\"cc1ecf0\" data-element_type=\"section\" data-e-type=\"section\">\n\t\t\t\t\t\t<div class=\"elementor-container elementor-column-gap-default\">\n\t\t\t\t\t<div class=\"elementor-column elementor-col-100 elementor-top-column elementor-element elementor-element-436c7f8\" data-id=\"436c7f8\" data-element_type=\"column\" data-e-type=\"column\">\n\t\t\t<div class=\"elementor-widget-wrap elementor-element-populated\">\n\t\t\t\t\t\t<div class=\"elementor-element elementor-element-ad26464 elementor-widget elementor-widget-text-editor\" data-id=\"ad26464\" data-element_type=\"widget\" data-e-type=\"widget\" data-widget_type=\"text-editor.default\">\n\t\t\t\t<div class=\"elementor-widget-container\">\n\t\t\t\t\t\t\t\t\t<h2>Hautojen hoito ja maksut<\/h2><p><span style=\"font-weight: 400\">Hautausmaalla ei ole erityist\u00e4 j\u00e4rjestyss\u00e4\u00e4nt\u00f6\u00e4. <\/span><span style=\"font-weight: 400\">Hautapaikan voi ostaa etuk\u00e4teen. Forssan Vapaa-ajattelijain j\u00e4senille arkku- ja uurna-hautapaikat ovat maksuttomia. Muille ne ovat maksullisia. Tuhkauurnan hautausta varten on ostettava arkkuhautapaikka, mutta haluttaessa siihen voidaan haudata useampia uurnia. Sek\u00e4 arkkuhaudan ett\u00e4 uurnahaudan kaivuu ja peitto ovat kaikille maksullisia. Hautapaikat on luovutettu m\u00e4\u00e4r\u00e4ajaksi. Haudanhoitosopimuksia yhdistys ei ole tehnyt. Hautaukseen liittyv\u00e4t maksut on esitetty <a href=\"http:\/\/vapaa-ajattelijat.fi\/forssa\/rauhanmaa\/hinnasto\/\">Hautausmaan hinnastossa<\/a>.<\/span><\/p>\t\t\t\t\t\t\t\t<\/div>\n\t\t\t\t<\/div>\n\t\t\t\t\t<\/div>\n\t\t<\/div>\n\t\t\t\t\t<\/div>\n\t\t<\/section>\n\t\t\t\t<\/div>\n\t\t","protected":false},"excerpt":{"rendered":"<p>Rauhanmaa on kaikille avoin hautausmaa. Se sijaitsee 10-tien pohjoispuolella Kaikulan kaupunginosassa Vapaa-ajattelijainpolun p\u00e4\u00e4ss\u00e4. Vapaa-ajattelijoiden lis\u00e4ksi se voi olla p\u00e4\u00e4tepiste my\u00f6s mink\u00e4 tahansa\u00a0 uskontokunnan vainajalle. Se on paikka, jonne ihmisen tarina &#8230; <a title=\"Rauhanmaa\" class=\"read-more\" href=\"https:\/\/vapaa-ajattelijat.fi\/forssa\/rauhanmaa\/\" aria-label=\"Lue lis\u00e4\u00e4 aiheesta Rauhanmaa\">Lue lis\u00e4\u00e4<\/a><\/p>\n","protected":false},"author":13,"featured_media":0,"parent":0,"menu_order":0,"comment_status":"closed","ping_status":"closed","template":"","meta":{"footnotes":""},"class_list":["post-5","page","type-page","status-publish"],"_links":{"self":[{"href":"https:\/\/vapaa-ajattelijat.fi\/forssa\/wp-json\/wp\/v2\/pages\/5","targetHints":{"allow":["GET"]}}],"collection":[{"href":"https:\/\/vapaa-ajattelijat.fi\/forssa\/wp-json\/wp\/v2\/pages"}],"about":[{"href":"https:\/\/vapaa-ajattelijat.fi\/forssa\/wp-json\/wp\/v2\/types\/page"}],"author":[{"embeddable":true,"href":"https:\/\/vapaa-ajattelijat.fi\/forssa\/wp-json\/wp\/v2\/users\/13"}],"replies":[{"embeddable":true,"href":"https:\/\/vapaa-ajattelijat.fi\/forssa\/wp-json\/wp\/v2\/comments?post=5"}],"version-history":[{"count":34,"href":"https:\/\/vapaa-ajattelijat.fi\/forssa\/wp-json\/wp\/v2\/pages\/5\/revisions"}],"predecessor-version":[{"id":1263,"href":"https:\/\/vapaa-ajattelijat.fi\/forssa\/wp-json\/wp\/v2\/pages\/5\/revisions\/1263"}],"wp:attachment":[{"href":"https:\/\/vapaa-ajattelijat.fi\/forssa\/wp-json\/wp\/v2\/media?parent=5"}],"curies":[{"name":"wp","href":"https:\/\/api.w.org\/{rel}","templated":true}]}}