{"id":1581,"date":"2021-11-26T14:24:09","date_gmt":"2021-11-26T12:24:09","guid":{"rendered":"https:\/\/vapaa-ajattelijat.fi\/forssa\/?page_id=1581"},"modified":"2021-11-27T16:46:50","modified_gmt":"2021-11-27T14:46:50","slug":"vaikutuskanavat","status":"publish","type":"page","link":"https:\/\/vapaa-ajattelijat.fi\/forssa\/vaikutuskanavat\/","title":{"rendered":"Vaikutuskanavat"},"content":{"rendered":"\t\t<div data-elementor-type=\"wp-page\" data-elementor-id=\"1581\" class=\"elementor elementor-1581\">\n\t\t\t\t\t\t<section class=\"elementor-section elementor-top-section elementor-element elementor-element-c3defc6 elementor-section-boxed elementor-section-height-default elementor-section-height-default\" data-id=\"c3defc6\" data-element_type=\"section\" data-e-type=\"section\">\n\t\t\t\t\t\t<div class=\"elementor-container elementor-column-gap-default\">\n\t\t\t\t\t<div class=\"elementor-column elementor-col-100 elementor-top-column elementor-element elementor-element-b363815\" data-id=\"b363815\" data-element_type=\"column\" data-e-type=\"column\">\n\t\t\t<div class=\"elementor-widget-wrap elementor-element-populated\">\n\t\t\t\t\t\t<div class=\"elementor-element elementor-element-02540ee elementor-widget elementor-widget-text-editor\" data-id=\"02540ee\" data-element_type=\"widget\" data-e-type=\"widget\" data-widget_type=\"text-editor.default\">\n\t\t\t\t<div class=\"elementor-widget-container\">\n\t\t\t\t\t\t\t\t\t<div class=\"link-box-wrap\"><div class=\"link-box mb-3 left\"><h2><a href=\"https:\/\/www.demokratia.fi\/\">Demokratiapalvelut<\/a><\/h2><div class=\"link-icon\"><a href=\"https:\/\/www.kansalaisaloite.fi\/fi\" target=\"_blank\" rel=\"noopener\"><img decoding=\"async\" src=\"https:\/\/www.demokratia.fi\/assets\/themes\/demokratia\/assets\/images\/logo-kansalaisaloite.png\" alt=\"Kansalaisaloite logo\" \/> <\/a><strong><a href=\"https:\/\/www.kansalaisaloite.fi\/fi\" target=\"_blank\" rel=\"noopener\">kansalaisaloite.fi<\/a><\/strong> -verkkopalvelussa voit Suomen kansalaisena tehd\u00e4 kansalaisaloitteen sek\u00e4 kannattaa muiden tekemi\u00e4 aloitteita. Esimerkiksi palvelussa on parhaillaan k\u00e4ynniss\u00e4 <a href=\"https:\/\/www.kansalaisaloite.fi\/fi\/aloite\/8860\">ET sallittava kaikille<\/a> kansalaisaloitteen kannatusilmoitusten ker\u00e4ys.<\/div><\/div><\/div><div class=\"link-box-wrap\"><div class=\"link-box mb-3 left\"><div class=\"link-icon\"><a href=\"https:\/\/www.kuntalaisaloite.fi\/fi\" target=\"_blank\" rel=\"noopener\"><img decoding=\"async\" src=\"https:\/\/www.demokratia.fi\/assets\/themes\/demokratia\/assets\/images\/logo-kuntalaisaloite.png\" alt=\"Kuntalaisaloite logo\" \/> <\/a><a href=\"https:\/\/www.kuntalaisaloite.fi\/fi\" target=\"_blank\" rel=\"noopener\"><strong>kuntalaisaloite.fi<\/strong> <\/a>-verkkopalvelussa voit kuntasi asukkaana tehd\u00e4 kuntalaisaloitteen sen toimintaa tai palveluita koskevissa asioissa sek\u00e4 kannattaa muiden tekemi\u00e4 aloitteita. Esimerkiksi palvelussa on parhaillaan vireill\u00e4 Forssan kaupungille tehty <a href=\"https:\/\/www.kuntalaisaloite.fi\/fi\/aloite\/23663\">Kansalaisaloitteiden kannatusilmoitusten ker\u00e4ys kirjastoon<\/a> -kuntalaisaloite.<\/div><\/div><\/div><div class=\"link-box-wrap\"><div class=\"link-box mb-3 left\"><div class=\"link-icon\"><a href=\"https:\/\/www.lausuntopalvelu.fi\/FI\" target=\"_blank\" rel=\"noopener\"><img decoding=\"async\" src=\"https:\/\/www.demokratia.fi\/assets\/themes\/demokratia\/assets\/images\/logo-lausuntopalvelu.png\" alt=\"Lausuntopalvelu logo\" \/> <\/a><strong><a href=\"https:\/\/www.lausuntopalvelu.fi\/FI\" target=\"_blank\" rel=\"noopener\">lausuntopalvelu.fi<\/a><\/strong> -verkkopalvelussa voit antaa lausuntoja viranomaisten, kuten ministeri\u00f6iden, valtion virastojen tai kuntien valmisteltavana olevista asioista. Liitto seuraa aktiivisesti t\u00e4ss\u00e4 palvelussa tehtyj\u00e4 lausuntopyynt\u00f6j\u00e4 ja antaa niist\u00e4 <strong><a href=\"https:\/\/vapaa-ajattelijat.fi\/lausunnot\/\">lausuntoja<\/a><\/strong>. Lausunnonanto-oikeus t\u00e4ss\u00e4 palvelussa on kaikilla kansalaisilla.<\/div><\/div><\/div><div class=\"link-box-wrap\"><div class=\"link-box mb-3 left\"><div class=\"link-icon\"><a href=\"https:\/\/www.nuortenideat.fi\/fi\/\" target=\"_blank\" rel=\"noopener\"><img decoding=\"async\" src=\"https:\/\/www.demokratia.fi\/assets\/themes\/demokratia\/assets\/images\/logo-nuortenideat.png\" alt=\"Nuortenideat logo\" \/> <\/a><strong><a href=\"https:\/\/www.nuortenideat.fi\/fi\/\" target=\"_blank\" rel=\"noopener\">nuortenideat.fi<\/a> <\/strong>&#8211; vaikuttamispalvelussa nuoret voivat tehd\u00e4 ehdotuksia, osallistua ja vaikuttaa heit\u00e4 itse\u00e4\u00e4n koskeviin asioihin. Palveluun liittyv\u00e4t kunnat, j\u00e4rjest\u00f6t, koulut, oppilaskunnat, nuorten vaikuttajaryhm\u00e4t ja muut lasten ja nuorten parissa toimivat yhteis\u00f6t voivat tukea ja neuvoa nuoria n\u00e4iss\u00e4 asioissa. Palveluun liittyv\u00e4lt\u00e4 organisaatiolta edellytet\u00e4\u00e4n sitoutumista palvelun k\u00e4ytt\u00f6\u00f6n ja nuoria tukevaa yhteyshenkil\u00f6\u00e4.<\/div><\/div><\/div><div class=\"link-box-wrap\"><div class=\"link-box mb-3 left\"><div class=\"link-icon\"><a href=\"https:\/\/www.otakantaa.fi\/\" target=\"_blank\" rel=\"noopener\"><img decoding=\"async\" src=\"https:\/\/www.demokratia.fi\/assets\/themes\/demokratia\/assets\/images\/logo-otakantaa.png\" alt=\"Otakantaa logo\" \/> <\/a><strong><a href=\"https:\/\/www.otakantaa.fi\/\" target=\"_blank\" rel=\"noopener\">otakantaa.fi<\/a><\/strong> -verkkopalvelusta l\u00f6yd\u00e4t ajankohtaiset hankkeet, joihin kaivataan mielipidett\u00e4si. Palvelun tarkoituksena on lis\u00e4t\u00e4 keskustelua kansalaisten, p\u00e4\u00e4tt\u00e4jien ja hallinnon v\u00e4lill\u00e4. Palvelu soveltuu my\u00f6s laajojen yhteisty\u00f6hankkeiden esivalmisteluun kuten esimerkiksi <a href=\"https:\/\/vapaa-ajattelijat.fi\/blog\/2020\/03\/17\/viesti-kansanedustajille-valtion-suhde-kirkkoon-uusittava-kirkko-ja-valtio-komitea-koolle\/\">uuden kirkko ja valtio komitean ty\u00f6n k\u00e4ynnist\u00e4miseen.<\/a><\/div><div><hr \/><hr \/><br \/><p><strong>kansalaisraati.fi<\/strong> -verkkopalvelu on uusi oikeusministeri\u00f6ss\u00e4 valmistelussa oleva osallistumisen muoto, jolla edistet\u00e4\u00e4n ihmisten osallisuutta ja uudenlaista vuorovaikutusta hallinnon ja kansalaisyhteiskunnan v\u00e4lill\u00e4. Digitaalinen kansalaisraati valmistuu osaksi oikeusministeri\u00f6n yll\u00e4pit\u00e4mi\u00e4 demokratiaverkkopalveluja vuoden 2021 loppuun menness\u00e4.<\/p><\/div><\/div><\/div><h2>Kantelut<\/h2><p><a href=\"https:\/\/kantelupukki.fi\/\"><strong>Kantelupukki.fi<\/strong><\/a>&#8211; palvelu auttaa\u00a0 p\u00e4iv\u00e4kodissa, koulussa tai iltap\u00e4iv\u00e4kerhossa lasten tai oppilaiden uskonnonvapaus- ja yhdenvertaisloukkausvalitusten tekemisess\u00e4. Palvelu auttaa my\u00f6s henkil\u00f6kohtaisesti: neuvoo, v\u00e4litt\u00e4\u00e4 viestej\u00e4 ja avustaa kanteluiden tekemisess\u00e4. Kantelupukin kautta on tarvittaessa mahdollista toimia my\u00f6s anonyymisti.<\/p><p><a href=\"https:\/\/avi.fi\/web\/avi\/aluehallintovirastot#.VF-R_Mnp91c\"><strong>A<\/strong><b>luehallintovirasto<\/b><\/a> on ensisijainen paikka, johon voi kannella koulun tai p\u00e4iv\u00e4kodin ja kunnan toiminnasta. Jos teet kantelun Kantelupukin avulla, kantelusi osoitteeksi tulee koulun tai p\u00e4iv\u00e4kodin sijaintikunnan perusteella oikea aluehallintovirasto.\u00a0<b><a href=\"https:\/\/www.oikeusasiamies.fi\/fi\/\">Eduskunnan oikeusasiamies<\/a> ja <a href=\"http:\/\/www.okv.fi\/fi\/\">oikeuskansleri<\/a><\/b> ovat viranomaisten toiminnan ylimpi\u00e4 laillisuusvalvojia. Heille voi kannella, jos koulu, iltap\u00e4iv\u00e4kerho, p\u00e4iv\u00e4koti tai kunta on toiminut lainvastaisesti ja loukannut jonkun uskonnonvapautta tai yhdenvertaisuutta sellaisissa periaatteellisissa ja laajakantoisissa asioissa, joista ei aikaisemmin ole annettu ratkaisua. <a href=\"https:\/\/syrjinta.fi\/etusivu\"><strong>Yhdenvertaisuusvaltuutettu<\/strong><\/a> on itsen\u00e4inen ja riippumaton viranomainen, jolle voi my\u00f6s kannella t\u00e4llaisista tapauksista, mutta yhdest\u00e4 tapauksesta voi kannella samanaikaisesti vain yhteen paikkaan.<\/p><h2>Muita linkkej\u00e4<\/h2><ul><li><strong><a href=\"https:\/\/vapaa-ajattelijat.fi\/kysy-neuvoa\/\">Kysy neuvoa<\/a><\/strong>\u00a0\u00a0\u2013 \u00a0Vapaa-ajattelijain Liitto.<\/li><li><a href=\"http:\/\/www.eroakirkosta.fi\/\"><strong>eroakirkosta.fi<\/strong><\/a> \u2013 eroa kirkosta helposti!<\/li><li><strong><a href=\"http:\/\/www.siviilihautajaiset.fi\/\">siviilihautajaiset.fi<\/a><\/strong> \u2013 tahdon siviilihautajaiset!<\/li><li><strong><a href=\"https:\/\/www.protu.fi\/\">protu.fi<\/a> <\/strong>\u2013 katsomuksiin sitoutumattomia aikuistumisleirej\u00e4.<\/li><li><strong><a href=\"http:\/\/www.pro-seremoniat.fi\/\">pro-sere<\/a><a href=\"http:\/\/www.pro-seremoniat.fi\/\">moniat<\/a><\/strong> \u2013 tietoa ja palvelua uskonttomiin perhejuhliin (h\u00e4\u00e4t, nimi\u00e4iset, aikuistuminen, hautajaiset &#8230;)<\/li><li><strong><a href=\"http:\/\/www.et-opetus.fi\/\">Et-opetus<\/a> <\/strong>\u2013 tietoa el\u00e4m\u00e4nkatsomustiedon opetuksesta.<\/li><li><strong><a href=\"https:\/\/uskonnonvapaus.fi\/\">uskononvapaus.fi<\/a> <\/strong>\u2013 tietoa\u00a0uskonnon- ja vakaumuksenvapaudesta.<\/li><\/ul>\t\t\t\t\t\t\t\t<\/div>\n\t\t\t\t<\/div>\n\t\t\t\t\t<\/div>\n\t\t<\/div>\n\t\t\t\t\t<\/div>\n\t\t<\/section>\n\t\t\t\t<\/div>\n\t\t","protected":false},"excerpt":{"rendered":"<p>Demokratiapalvelut kansalaisaloite.fi -verkkopalvelussa voit Suomen kansalaisena tehd\u00e4 kansalaisaloitteen sek\u00e4 kannattaa muiden tekemi\u00e4 aloitteita. Esimerkiksi palvelussa on parhaillaan k\u00e4ynniss\u00e4 ET sallittava kaikille kansalaisaloitteen kannatusilmoitusten ker\u00e4ys. kuntalaisaloite.fi -verkkopalvelussa voit kuntasi asukkaana tehd\u00e4 &#8230; <a title=\"Vaikutuskanavat\" class=\"read-more\" href=\"https:\/\/vapaa-ajattelijat.fi\/forssa\/vaikutuskanavat\/\" aria-label=\"Lue lis\u00e4\u00e4 aiheesta Vaikutuskanavat\">Lue lis\u00e4\u00e4<\/a><\/p>\n","protected":false},"author":34,"featured_media":0,"parent":0,"menu_order":0,"comment_status":"closed","ping_status":"closed","template":"","meta":{"footnotes":""},"class_list":["post-1581","page","type-page","status-publish"],"_links":{"self":[{"href":"https:\/\/vapaa-ajattelijat.fi\/forssa\/wp-json\/wp\/v2\/pages\/1581","targetHints":{"allow":["GET"]}}],"collection":[{"href":"https:\/\/vapaa-ajattelijat.fi\/forssa\/wp-json\/wp\/v2\/pages"}],"about":[{"href":"https:\/\/vapaa-ajattelijat.fi\/forssa\/wp-json\/wp\/v2\/types\/page"}],"author":[{"embeddable":true,"href":"https:\/\/vapaa-ajattelijat.fi\/forssa\/wp-json\/wp\/v2\/users\/34"}],"replies":[{"embeddable":true,"href":"https:\/\/vapaa-ajattelijat.fi\/forssa\/wp-json\/wp\/v2\/comments?post=1581"}],"version-history":[{"count":40,"href":"https:\/\/vapaa-ajattelijat.fi\/forssa\/wp-json\/wp\/v2\/pages\/1581\/revisions"}],"predecessor-version":[{"id":1644,"href":"https:\/\/vapaa-ajattelijat.fi\/forssa\/wp-json\/wp\/v2\/pages\/1581\/revisions\/1644"}],"wp:attachment":[{"href":"https:\/\/vapaa-ajattelijat.fi\/forssa\/wp-json\/wp\/v2\/media?parent=1581"}],"curies":[{"name":"wp","href":"https:\/\/api.w.org\/{rel}","templated":true}]}}